000
CDUS43 KFSD 132233
CLIMHE


CLIMATE REPORT
NATIONAL WEATHER SERVICE SIOUX FALLS SD
433 PM CST THU NOV 13 2014


...................................

...THE MITCHELL SD CLIMATE SUMMARY FOR NOVEMBER 13 2014...
VALID TODAY AS OF 0400 PM LOCAL TIME.

CLIMATE NORMAL PERIOD 1981 TO 2010
CLIMATE RECORD PERIOD 1893 TO 2014


WEATHER ITEM   OBSERVED TIME   RECORD YEAR NORMAL DEPARTURE LAST
                VALUE   (LST)  VALUE       VALUE  FROM      YEAR
                                                  NORMAL
..................................................................
TEMPERATURE (F)
 TODAY
  MAXIMUM         19    151 PM  75    1999  46    -27       62
  MINIMUM          5    744 AM -13    1940  25    -20       26
  AVERAGE         12                        36    -24       44

PRECIPITATION (IN)
  TODAY            0.00          0.75 1922   0.03  -0.03     0.00
  MONTH TO DATE    0.16                      0.46  -0.30     0.34
  SINCE SEP 1      2.54                      4.40  -1.86     7.12
  SINCE JAN 1     17.64                     20.75  -3.11    25.61

SNOWFALL (IN)
  TODAY            0.0           7.0  1922  MM     MM        0.0
  MONTH TO DATE    0.4                      MM     MM        3.4
  SINCE SEP 1      0.4                      MM     MM        3.4
  SINCE JUL 1      0.4                      MM     MM        3.4
  SNOW DEPTH       T

DEGREE DAYS
 HEATING
  TODAY           53                        29     24       21
  MONTH TO DATE  368                       336     32      356
  SINCE SEP 1    896                       960    -64      916
  SINCE JUL 1    908                       977    -69      939

 COOLING
  TODAY            0                         0      0        0
  MONTH TO DATE    0                         0      0        0
  SINCE SEP 1     78                        79     -1      165
  SINCE JAN 1    724                       824   -100      946
..................................................................


WIND (MPH)
  HIGHEST WIND SPEED    21   HIGHEST WIND DIRECTION    NW (320)
  HIGHEST GUST SPEED    25   HIGHEST GUST DIRECTION    NW (320)
  AVERAGE WIND SPEED    14.3


SKY COVER
  POSSIBLE SUNSHINE  MM
  AVERAGE SKY COVER 0.1


WEATHER CONDITIONS
 THE FOLLOWING WEATHER WAS RECORDED TODAY.
  NO SIGNIFICANT WEATHER WAS OBSERVED.


RELATIVE HUMIDITY (PERCENT)
 HIGHEST    MM
 LOWEST     MM
 AVERAGE    MM

..........................................................


THE MITCHELL SD CLIMATE NORMALS FOR TOMORROW
                         NORMAL    RECORD    YEAR
 MAXIMUM TEMPERATURE (F)   45        75      1953
 MINIMUM TEMPERATURE (F)   25       -22      1959


SUNRISE AND SUNSET
NOVEMBER 13 2014......SUNRISE   724 AM CST   SUNSET   508 PM CST
NOVEMBER 14 2014......SUNRISE   725 AM CST   SUNSET   507 PM CST


-  INDICATES NEGATIVE NUMBERS.
R  INDICATES RECORD WAS SET OR TIED.
MM INDICATES DATA IS MISSING.
T  INDICATES TRACE AMOUNT.




$$
