000
CDUS43 KFSD 020626
CLIMHE


CLIMATE REPORT
NATIONAL WEATHER SERVICE SIOUX FALLS SD
126 AM CDT FRI JUN 2 2017


...................................

...THE MITCHELL SD CLIMATE SUMMARY FOR JUNE 1 2017...

CLIMATE NORMAL PERIOD 1981 TO 2010
CLIMATE RECORD PERIOD 1893 TO 2017


WEATHER ITEM   OBSERVED TIME   RECORD YEAR NORMAL DEPARTURE LAST
                VALUE   (LST)  VALUE       VALUE  FROM      YEAR
                                                  NORMAL
..................................................................
TEMPERATURE (F)
 YESTERDAY
  MAXIMUM         87    358 PM  98    1940  75     12       73
  MINIMUM         46    433 AM  31    1946  54     -8       53
  AVERAGE         67                        64      3       63

PRECIPITATION (IN)
  YESTERDAY        0.00          2.77 1920   0.15  -0.15     0.00
  MONTH TO DATE    0.00                      0.15  -0.15     0.00
  SINCE JUN 1      0.00                      0.15  -0.15     0.00
  SINCE JAN 1      7.02                      6.88   0.14    12.52

SNOWFALL (IN)
  YESTERDAY        0.0           0.0    MM  MM     MM        0.0
  MONTH TO DATE    0.0                      MM     MM        0.0
  SINCE JUN 1      0.0                      MM     MM        0.0
  SINCE JUL 1     30.6                      MM     MM       46.3
  SNOW DEPTH       0

DEGREE DAYS
 HEATING
  YESTERDAY        0                         3     -3        2
  MONTH TO DATE    0                         3     -3        2
  SINCE JUN 1      0                         3     -3        2
  SINCE JUL 1   6283                      7213   -930     6147

 COOLING
  YESTERDAY        2                         2      0        0
  MONTH TO DATE    2                         2      0        0
  SINCE JUN 1      2                         2      0        0
  SINCE JAN 1     34                        42     -8       44
..................................................................


WIND (MPH)
  HIGHEST WIND SPEED    21   HIGHEST WIND DIRECTION     S (160)
  HIGHEST GUST SPEED    26   HIGHEST GUST DIRECTION    SE (150)
  AVERAGE WIND SPEED     9.2


SKY COVER
  POSSIBLE SUNSHINE  MM
  AVERAGE SKY COVER 0.0


WEATHER CONDITIONS
 THE FOLLOWING WEATHER WAS RECORDED YESTERDAY.
  HAZE


RELATIVE HUMIDITY (PERCENT)
 HIGHEST    77           500 AM
 LOWEST     25          1000 AM
 AVERAGE    51

..........................................................


THE MITCHELL SD CLIMATE NORMALS FOR TODAY
                         NORMAL    RECORD    YEAR
 MAXIMUM TEMPERATURE (F)   76        99      1934
 MINIMUM TEMPERATURE (F)   54        31      1946


SUNRISE AND SUNSET
JUNE  2 2017..........SUNRISE   552 AM CDT   SUNSET   908 PM CDT
JUNE  3 2017..........SUNRISE   552 AM CDT   SUNSET   909 PM CDT


-  INDICATES NEGATIVE NUMBERS.
R  INDICATES RECORD WAS SET OR TIED.
MM INDICATES DATA IS MISSING.
T  INDICATES TRACE AMOUNT.




$$
