944
CDUS43 KFSD 010635
CLIMHE


CLIMATE REPORT
NATIONAL WEATHER SERVICE SIOUX FALLS SD
1232 AM CST FRI DEC 1 2017


...................................

...THE MITCHELL SD CLIMATE SUMMARY FOR NOVEMBER 30 2017...

CLIMATE NORMAL PERIOD 1981 TO 2010
CLIMATE RECORD PERIOD 1893 TO 2017


WEATHER ITEM   OBSERVED TIME   RECORD YEAR NORMAL DEPARTURE LAST
                VALUE   (LST)  VALUE       VALUE  FROM      YEAR
                                                  NORMAL
..................................................................
TEMPERATURE (F)
 YESTERDAY
  MAXIMUM         54    307 PM  64    1932  35     19       33
  MINIMUM         30    752 AM -15    1964  16     14       30
                                      1896
  AVERAGE         42                        26     16       32

PRECIPITATION (IN)
  YESTERDAY        0.00          0.36 2015   0.02  -0.02     0.03
  MONTH TO DATE    0.10                      0.78  -0.68     1.70
  SINCE SEP 1      5.78                      4.72   1.06     5.80
  SINCE JAN 1     19.60                     21.07  -1.47    25.21

SNOWFALL (IN)
  YESTERDAY        0.0           7.2  2015  MM     MM        0.3
  MONTH TO DATE    1.2                      MM     MM        5.5
  SINCE SEP 1      1.2                      MM     MM        5.5
  SINCE JUL 1      1.2                      MM     MM        5.5
  SNOW DEPTH       0

DEGREE DAYS
 HEATING
  YESTERDAY       23                        39    -16       33
  MONTH TO DATE  849                       927    -78      643
  SINCE SEP 1   1387                      1551   -164     1086
  SINCE JUL 1   1389                      1568   -179     1094

 COOLING
  YESTERDAY        0                         0      0        0
  MONTH TO DATE    0                         0      0        0
  SINCE SEP 1    120                        79     41      104
  SINCE JAN 1    890                       824     66     1036
..................................................................


WIND (MPH)
  HIGHEST WIND SPEED    20   HIGHEST WIND DIRECTION     W (260)
  HIGHEST GUST SPEED    24   HIGHEST GUST DIRECTION     W (270)
  AVERAGE WIND SPEED    11.6


SKY COVER
  POSSIBLE SUNSHINE  MM
  AVERAGE SKY COVER 0.0


WEATHER CONDITIONS
 THE FOLLOWING WEATHER WAS RECORDED YESTERDAY.
  NO SIGNIFICANT WEATHER WAS OBSERVED.


RELATIVE HUMIDITY (PERCENT)
 HIGHEST    72           600 AM
 LOWEST     24           300 PM
 AVERAGE    48

..........................................................


THE MITCHELL SD CLIMATE NORMALS FOR TODAY
                         NORMAL    RECORD    YEAR
 MAXIMUM TEMPERATURE (F)   35        62      1962
 MINIMUM TEMPERATURE (F)   16       -14      1897


SUNRISE AND SUNSET
DECEMBER  1 2017......SUNRISE   746 AM CST   SUNSET   456 PM CST
DECEMBER  2 2017......SUNRISE   747 AM CST   SUNSET   456 PM CST


-  INDICATES NEGATIVE NUMBERS.
R  INDICATES RECORD WAS SET OR TIED.
MM INDICATES DATA IS MISSING.
T  INDICATES TRACE AMOUNT.




$$
