000
CDUS43 KFSD 030642
CLIMHE


CLIMATE REPORT
NATIONAL WEATHER SERVICE SIOUX FALLS SD
1241 AM CST WED FEB 3 2016


...................................

...THE MITCHELL SD CLIMATE SUMMARY FOR FEBRUARY 2 2016...

CLIMATE NORMAL PERIOD 1981 TO 2010
CLIMATE RECORD PERIOD 1893 TO 2016


WEATHER ITEM   OBSERVED TIME   RECORD YEAR NORMAL DEPARTURE LAST
                VALUE   (LST)  VALUE       VALUE  FROM      YEAR
                                                  NORMAL
..................................................................
TEMPERATURE (F)
 YESTERDAY
  MAXIMUM         29    213 PM  64    1991  30     -1       21
                                      1924
  MINIMUM         21   1159 PM -39    1905  11     10       -7
  AVERAGE         25                        20      5        7

PRECIPITATION (IN)
  YESTERDAY        0.06          0.60 1919   0.02   0.04     0.00
  MONTH TO DATE    0.06                      0.03   0.03     0.18
  SINCE DEC 1      1.54                      0.70   0.84     1.93
  SINCE JAN 1      0.51                      0.25   0.26     0.71

SNOWFALL (IN)
  YESTERDAY        0.9           6.0  1919  MM     MM        0.0
  MONTH TO DATE    0.9                      MM     MM        2.6
  SINCE DEC 1     22.0                      MM     MM       16.1
  SINCE JUL 1     35.2                      MM     MM       21.7
  SNOW DEPTH       4

DEGREE DAYS
 HEATING
  YESTERDAY       40                        45     -5       58
  MONTH TO DATE   74                        90    -16      118
  SINCE DEC 1   2692                      2889   -197     2656
  SINCE JUL 1   3875                      4457   -582     4312

 COOLING
  YESTERDAY        0                         0      0        0
  MONTH TO DATE    0                         0      0        0
  SINCE DEC 1      0                         0      0        0
  SINCE JAN 1      0                         0      0        0
..................................................................


WIND (MPH)
  HIGHEST WIND SPEED    36   HIGHEST WIND DIRECTION    NE (30)
  HIGHEST GUST SPEED    45   HIGHEST GUST DIRECTION     N (20)
  AVERAGE WIND SPEED    21.2


SKY COVER
  POSSIBLE SUNSHINE  MM
  AVERAGE SKY COVER 0.8


WEATHER CONDITIONS
 THE FOLLOWING WEATHER WAS RECORDED YESTERDAY.
  SNOW
  LIGHT SNOW
  FOG
  FOG W/VISIBILITY <= 1/4 MILE


RELATIVE HUMIDITY (PERCENT)
 HIGHEST    92          1200 AM
 LOWEST     81           900 AM
 AVERAGE    87

..........................................................


THE MITCHELL SD CLIMATE NORMALS FOR TODAY
                         NORMAL    RECORD    YEAR
 MAXIMUM TEMPERATURE (F)   30        67      1962
 MINIMUM TEMPERATURE (F)   11       -36      1996


SUNRISE AND SUNSET
FEBRUARY  3 2016......SUNRISE   747 AM CST   SUNSET   545 PM CST
FEBRUARY  4 2016......SUNRISE   746 AM CST   SUNSET   547 PM CST


-  INDICATES NEGATIVE NUMBERS.
R  INDICATES RECORD WAS SET OR TIED.
MM INDICATES DATA IS MISSING.
T  INDICATES TRACE AMOUNT.




$$
