000
CDUS43 KFSD 310623
CLIMHE


CLIMATE REPORT
NATIONAL WEATHER SERVICE SIOUX FALLS SD
1222 AM CST SAT DEC 31 2016


...................................

...THE MITCHELL SD CLIMATE SUMMARY FOR DECEMBER 30 2016...

CLIMATE NORMAL PERIOD 1981 TO 2010
CLIMATE RECORD PERIOD 1893 TO 2016


WEATHER ITEM   OBSERVED TIME   RECORD YEAR NORMAL DEPARTURE LAST
                VALUE   (LST)  VALUE       VALUE  FROM      YEAR
                                                  NORMAL
..................................................................
TEMPERATURE (F)
 YESTERDAY
  MAXIMUM         44    257 PM  62    1904  27     17       20
  MINIMUM         19    250 AM -33    1917  10      9        5
  AVERAGE         32                        19     13       13

PRECIPITATION (IN)
  YESTERDAY        0.00          1.22 1931   0.02  -0.02     0.00
  MONTH TO DATE    1.11                      0.43   0.68     1.03
  SINCE DEC 1      1.11                      0.43   0.68     1.03
  SINCE JAN 1     26.32                     21.50   4.82    23.44

SNOWFALL (IN)
  YESTERDAY        0.0           6.0  1971  MM     MM        0.0
  MONTH TO DATE    8.1                      MM     MM       14.8
  SINCE DEC 1      8.1                      MM     MM       14.8
  SINCE JUL 1     13.6                      MM     MM       28.0
  SNOW DEPTH       0

DEGREE DAYS
 HEATING
  YESTERDAY       33                        46    -13       52
  MONTH TO DATE 1351                      1320     31     1137
  SINCE DEC 1   1351                      1320     31     1137
  SINCE JUL 1   2445                      2888   -443     2320

 COOLING
  YESTERDAY        0                         0      0        0
  MONTH TO DATE    0                         0      0        0
  SINCE DEC 1      0                         0      0        0
  SINCE JAN 1   1036                       824    212      894
..................................................................


WIND (MPH)
  HIGHEST WIND SPEED    33   HIGHEST WIND DIRECTION    NW (320)
  HIGHEST GUST SPEED    41   HIGHEST GUST DIRECTION    NW (310)
  AVERAGE WIND SPEED    10.4


SKY COVER
  POSSIBLE SUNSHINE  MM
  AVERAGE SKY COVER 0.2


WEATHER CONDITIONS
 THE FOLLOWING WEATHER WAS RECORDED YESTERDAY.
  NO SIGNIFICANT WEATHER WAS OBSERVED.


RELATIVE HUMIDITY (PERCENT)
 HIGHEST    84          1200 AM
 LOWEST     45           300 PM
 AVERAGE    65

..........................................................


THE MITCHELL SD CLIMATE NORMALS FOR TODAY
                         NORMAL    RECORD    YEAR
 MAXIMUM TEMPERATURE (F)   27        57      1904
 MINIMUM TEMPERATURE (F)   10       -24      1990


SUNRISE AND SUNSET
DECEMBER 31 2016......SUNRISE   806 AM CST   SUNSET   505 PM CST
JANUARY  1 2017.......SUNRISE   806 AM CST   SUNSET   506 PM CST


-  INDICATES NEGATIVE NUMBERS.
R  INDICATES RECORD WAS SET OR TIED.
MM INDICATES DATA IS MISSING.
T  INDICATES TRACE AMOUNT.




$$
