000
CDUS43 KFSD 170710
CLIMHE


CLIMATE REPORT
NATIONAL WEATHER SERVICE SIOUX FALLS SD
104 AM CST THU NOV 17 2016


...................................

...THE MITCHELL SD CLIMATE SUMMARY FOR NOVEMBER 16 2016...

CLIMATE NORMAL PERIOD 1981 TO 2010
CLIMATE RECORD PERIOD 1893 TO 2016


WEATHER ITEM   OBSERVED TIME   RECORD YEAR NORMAL DEPARTURE LAST
                VALUE   (LST)  VALUE       VALUE  FROM      YEAR
                                                  NORMAL
..................................................................
TEMPERATURE (F)
 YESTERDAY
  MAXIMUM         68    313 PM  75    1941  44     24       56
  MINIMUM         34    205 AM  -7    1959  24     10       51
  AVERAGE         51                        34     17       54

PRECIPITATION (IN)
  YESTERDAY        0.00          0.77 2015   0.02  -0.02     0.77
  MONTH TO DATE    T                         0.53  -0.53     0.94
  SINCE SEP 1      4.10                      4.47  -0.37     3.98
  SINCE JAN 1     23.51                     20.82   2.69    20.91

SNOWFALL (IN)
  YESTERDAY        0.0           6.0  1909  MM     MM        0.0
  MONTH TO DATE    0.0                      MM     MM        0.0
  SINCE SEP 1      T                        MM     MM         T
  SINCE JUL 1      T                        MM     MM         T
  SNOW DEPTH       0

DEGREE DAYS
 HEATING
  YESTERDAY       14                        31    -17       11
  MONTH TO DATE  211                       428   -217      265
  SINCE SEP 1    654                      1052   -398      659
  SINCE JUL 1    662                      1069   -407      687

 COOLING
  YESTERDAY        0                         0      0        0
  MONTH TO DATE    0                         0      0        0
  SINCE SEP 1    104                        79     25      170
  SINCE JAN 1   1036                       824    212      894
..................................................................


WIND (MPH)
  HIGHEST WIND SPEED    25   HIGHEST WIND DIRECTION     S (160)
  HIGHEST GUST SPEED    32   HIGHEST GUST DIRECTION     S (160)
  AVERAGE WIND SPEED    11.5


SKY COVER
  POSSIBLE SUNSHINE  MM
  AVERAGE SKY COVER 0.0


WEATHER CONDITIONS
 THE FOLLOWING WEATHER WAS RECORDED YESTERDAY.
  NO SIGNIFICANT WEATHER WAS OBSERVED.


RELATIVE HUMIDITY (PERCENT)
 HIGHEST   100           200 AM
 LOWEST     40           300 PM
 AVERAGE    70

..........................................................


THE MITCHELL SD CLIMATE NORMALS FOR TODAY
                         NORMAL    RECORD    YEAR
 MAXIMUM TEMPERATURE (F)   43        73      1953
 MINIMUM TEMPERATURE (F)   23        -6      1959


SUNRISE AND SUNSET
NOVEMBER 17 2016......SUNRISE   730 AM CST   SUNSET   504 PM CST
NOVEMBER 18 2016......SUNRISE   731 AM CST   SUNSET   503 PM CST


-  INDICATES NEGATIVE NUMBERS.
R  INDICATES RECORD WAS SET OR TIED.
MM INDICATES DATA IS MISSING.
T  INDICATES TRACE AMOUNT.




$$
