000
CDUS43 KFSD 020629
CLIMHE


CLIMATE REPORT
NATIONAL WEATHER SERVICE SIOUX FALLS SD
127 AM CDT WED APR 2 2014


...................................

...THE MITCHELL SD CLIMATE SUMMARY FOR APRIL 1 2014...

CLIMATE NORMAL PERIOD 1981 TO 2010
CLIMATE RECORD PERIOD 1893 TO 2014


WEATHER ITEM   OBSERVED TIME   RECORD YEAR NORMAL DEPARTURE LAST
                VALUE   (LST)  VALUE       VALUE  FROM      YEAR
                                                  NORMAL
..................................................................
TEMPERATURE (F)
 YESTERDAY
  MAXIMUM         32    557 PM  92    2012  53    -21       40
  MINIMUM         16    540 AM   1    1924  29    -13       16
  AVERAGE         24                        41    -17       28

PRECIPITATION (IN)
  YESTERDAY        T             1.28 1897   0.02  -0.02     0.00
  MONTH TO DATE    T                         0.02  -0.02     0.00
  SINCE MAR 1      1.04                      1.08  -0.04     0.80
  SINCE JAN 1      1.54                      1.64  -0.10     2.37

SNOWFALL (IN)
  YESTERDAY        T             3.0  1927  MM     MM        0.0
  MONTH TO DATE    T                        MM     MM        0.0
  SINCE MAR 1      8.6                      MM     MM        3.4
  SINCE JUL 1     30.8                      MM     MM       31.3
  SNOW DEPTH       0

DEGREE DAYS
 HEATING
  YESTERDAY       41                        24     17       37
  MONTH TO DATE   41                        24     17       37
  SINCE MAR 1   1087                       982    105     1176
  SINCE JUL 1   7037                      6504    533     6641

 COOLING
  YESTERDAY        0                         0      0        0
  MONTH TO DATE    0                         0      0        0
  SINCE MAR 1      0                         0      0        0
  SINCE JAN 1      0                         0      0        0
..................................................................


WIND (MPH)
  HIGHEST WIND SPEED    33   HIGHEST WIND DIRECTION    NW (320)
  HIGHEST GUST SPEED    40   HIGHEST GUST DIRECTION    NW (320)
  AVERAGE WIND SPEED    11.0


SKY COVER
  POSSIBLE SUNSHINE  MM
  AVERAGE SKY COVER 0.5


WEATHER CONDITIONS
 THE FOLLOWING WEATHER WAS RECORDED YESTERDAY.
  LIGHT SNOW
  FOG


RELATIVE HUMIDITY (PERCENT)
 HIGHEST    88          1100 PM
 LOWEST     63           100 PM
 AVERAGE    76

..........................................................


THE MITCHELL SD CLIMATE NORMALS FOR TODAY
                         NORMAL    RECORD    YEAR
 MAXIMUM TEMPERATURE (F)   53        85      1963
                                             1921
 MINIMUM TEMPERATURE (F)   30         2      1908


SUNRISE AND SUNSET
APRIL  2 2014.........SUNRISE   712 AM CDT   SUNSET   800 PM CDT
APRIL  3 2014.........SUNRISE   710 AM CDT   SUNSET   801 PM CDT


-  INDICATES NEGATIVE NUMBERS.
R  INDICATES RECORD WAS SET OR TIED.
MM INDICATES DATA IS MISSING.
T  INDICATES TRACE AMOUNT.




$$
