000
CDUS43 KFSD 132226
CLIMHE


CLIMATE REPORT
NATIONAL WEATHER SERVICE SIOUX FALLS SD
425 PM CST SUN NOV 13 2016


...................................

...THE MITCHELL SD CLIMATE SUMMARY FOR NOVEMBER 13 2016...
VALID TODAY AS OF 0400 PM LOCAL TIME.

CLIMATE NORMAL PERIOD 1981 TO 2010
CLIMATE RECORD PERIOD 1893 TO 2016


WEATHER ITEM   OBSERVED TIME   RECORD YEAR NORMAL DEPARTURE LAST
                VALUE   (LST)  VALUE       VALUE  FROM      YEAR
                                                  NORMAL
..................................................................
TEMPERATURE (F)
 TODAY
  MAXIMUM         71    253 PM  75    1999  46     25       53
  MINIMUM         36    756 AM -13    1940  25     11       21
  AVERAGE         54                        36     18       37

PRECIPITATION (IN)
  TODAY            0.00          0.75 1922   0.03  -0.03     0.00
  MONTH TO DATE    T                         0.46  -0.46     0.17
  SINCE SEP 1      4.10                      4.40  -0.30     3.21
  SINCE JAN 1     23.51                     20.75   2.76    20.14

SNOWFALL (IN)
  TODAY            0.0           7.0  1922  MM     MM        0.0
  MONTH TO DATE    0.0                      MM     MM        0.0
  SINCE SEP 1      T                        MM     MM         T
  SINCE JUL 1      T                        MM     MM         T
  SNOW DEPTH       0

DEGREE DAYS
 HEATING
  TODAY           11                        29    -18       28
  MONTH TO DATE  164                       336   -172      222
  SINCE SEP 1    607                       960   -353      616
  SINCE JUL 1    615                       977   -362      644

 COOLING
  TODAY            0                         0      0        0
  MONTH TO DATE    0                         0      0        0
  SINCE SEP 1    104                        79     25      170
  SINCE JAN 1   1036                       824    212      894
..................................................................


WIND (MPH)
  HIGHEST WIND SPEED    17   HIGHEST WIND DIRECTION     N (340)
  HIGHEST GUST SPEED    21   HIGHEST GUST DIRECTION     N (340)
  AVERAGE WIND SPEED     9.0


SKY COVER
  POSSIBLE SUNSHINE  MM
  AVERAGE SKY COVER 0.0


WEATHER CONDITIONS
 THE FOLLOWING WEATHER WAS RECORDED TODAY.
  NO SIGNIFICANT WEATHER WAS OBSERVED.


RELATIVE HUMIDITY (PERCENT)
 HIGHEST    82           800 AM
 LOWEST     27           300 PM
 AVERAGE    55

..........................................................


THE MITCHELL SD CLIMATE NORMALS FOR TOMORROW
                         NORMAL    RECORD    YEAR
 MAXIMUM TEMPERATURE (F)   45        75      1953
 MINIMUM TEMPERATURE (F)   25       -22      1959


SUNRISE AND SUNSET
NOVEMBER 13 2016......SUNRISE   725 AM CST   SUNSET   508 PM CST
NOVEMBER 14 2016......SUNRISE   726 AM CST   SUNSET   507 PM CST


-  INDICATES NEGATIVE NUMBERS.
R  INDICATES RECORD WAS SET OR TIED.
MM INDICATES DATA IS MISSING.
T  INDICATES TRACE AMOUNT.




$$
