000
CDUS43 KFSD 200624
CLIMHE


CLIMATE REPORT
NATIONAL WEATHER SERVICE SIOUX FALLS SD
122 AM CDT SUN JUL 20 2014


...................................

...THE MITCHELL SD CLIMATE SUMMARY FOR JULY 19 2014...

CLIMATE NORMAL PERIOD 1981 TO 2010
CLIMATE RECORD PERIOD 1893 TO 2014


WEATHER ITEM   OBSERVED TIME   RECORD YEAR NORMAL DEPARTURE LAST
                VALUE   (LST)  VALUE       VALUE  FROM      YEAR
                                                  NORMAL
..................................................................
TEMPERATURE (F)
 YESTERDAY
  MAXIMUM         84    548 PM 109    1936  87     -3       85
  MINIMUM         65    316 AM  48    1911  63      2       67
  AVERAGE         75                        75      0       76

PRECIPITATION (IN)
  YESTERDAY        0.00          1.50 1907   0.08  -0.08     0.00
  MONTH TO DATE    0.48                      1.99  -1.51     2.95
  SINCE JUN 1      4.67                      6.12  -1.45     5.09
  SINCE JAN 1      9.40                     12.85  -3.45    15.04

SNOWFALL (IN)
  YESTERDAY        0.0           0.0    MM  MM     MM        0.0
  MONTH TO DATE    0.0                      MM     MM        0.0
  SINCE JUN 1      0.0                      MM     MM        0.0
  SINCE JUL 1      0.0                      MM     MM        0.0
  SNOW DEPTH       0

DEGREE DAYS
 HEATING
  YESTERDAY        0                         0      0        0
  MONTH TO DATE    9                         0      9        0
  SINCE JUN 1     35                        35      0       50
  SINCE JUL 1      9                         0      9        0

 COOLING
  YESTERDAY       10                        10      0       11
  MONTH TO DATE  125                       188    -63      240
  SINCE JUN 1    283                       358    -75      407
  SINCE JAN 1    361                       398    -37      464
..................................................................


WIND (MPH)
  HIGHEST WIND SPEED    17   HIGHEST WIND DIRECTION     S (180)
  HIGHEST GUST SPEED    24   HIGHEST GUST DIRECTION     S (170)
  AVERAGE WIND SPEED     8.8


SKY COVER
  POSSIBLE SUNSHINE  MM
  AVERAGE SKY COVER 0.1


WEATHER CONDITIONS
 THE FOLLOWING WEATHER WAS RECORDED YESTERDAY.
  NO SIGNIFICANT WEATHER WAS OBSERVED.


RELATIVE HUMIDITY (PERCENT)
 HIGHEST    90          1100 PM
 LOWEST     58           600 PM
 AVERAGE    74

..........................................................


THE MITCHELL SD CLIMATE NORMALS FOR TODAY
                         NORMAL    RECORD    YEAR
 MAXIMUM TEMPERATURE (F)   87       112      1934
 MINIMUM TEMPERATURE (F)   63        46      1898


SUNRISE AND SUNSET
JULY 20 2014..........SUNRISE   609 AM CDT   SUNSET   908 PM CDT
JULY 21 2014..........SUNRISE   610 AM CDT   SUNSET   907 PM CDT


-  INDICATES NEGATIVE NUMBERS.
R  INDICATES RECORD WAS SET OR TIED.
MM INDICATES DATA IS MISSING.
T  INDICATES TRACE AMOUNT.




$$
