000
CDUS43 KFSD 290632
CLIMHE


CLIMATE REPORT
NATIONAL WEATHER SERVICE SIOUX FALLS SD
1232 AM CST SUN JAN 29 2017


...................................

...THE MITCHELL SD CLIMATE SUMMARY FOR JANUARY 28 2017...

CLIMATE NORMAL PERIOD 1981 TO 2010
CLIMATE RECORD PERIOD 1893 TO 2017


WEATHER ITEM   OBSERVED TIME   RECORD YEAR NORMAL DEPARTURE LAST
                VALUE   (LST)  VALUE       VALUE  FROM      YEAR
                                                  NORMAL
..................................................................
TEMPERATURE (F)
 YESTERDAY
  MAXIMUM         36    453 PM  60    1906  29      7       38
  MINIMUM         25    243 AM -20    1997  10     15       31
  AVERAGE         31                        20     11       35

PRECIPITATION (IN)
  YESTERDAY        T             0.33 1925   0.00   0.00     0.00
  MONTH TO DATE    0.76                      0.20   0.56     0.45
  SINCE DEC 1      1.87                      0.65   1.22     1.48
  SINCE JAN 1      0.76                      0.20   0.56     0.45

SNOWFALL (IN)
  YESTERDAY        T             4.0  1925  MM     MM        0.0
  MONTH TO DATE    9.4                      MM     MM        6.3
  SINCE DEC 1     17.5                      MM     MM       21.1
  SINCE JUL 1     23.0                      MM     MM       34.3
  SNOW DEPTH       6

DEGREE DAYS
 HEATING
  YESTERDAY       34                        45    -11       30
  MONTH TO DATE 1279                      1298    -19     1345
  SINCE DEC 1   2667                      2665      2     2532
  SINCE JUL 1   3761                      4233   -472     3715

 COOLING
  YESTERDAY        0                         0      0        0
  MONTH TO DATE    0                         0      0        0
  SINCE DEC 1      0                         0      0        0
  SINCE JAN 1      0                         0      0        0
..................................................................


WIND (MPH)
  HIGHEST WIND SPEED    25   HIGHEST WIND DIRECTION    NW (320)
  HIGHEST GUST SPEED    31   HIGHEST GUST DIRECTION    NW (330)
  AVERAGE WIND SPEED    15.3


SKY COVER
  POSSIBLE SUNSHINE  MM
  AVERAGE SKY COVER 0.6


WEATHER CONDITIONS
 THE FOLLOWING WEATHER WAS RECORDED YESTERDAY.
  LIGHT SNOW
  FOG


RELATIVE HUMIDITY (PERCENT)
 HIGHEST   100           200 PM
 LOWEST     78           100 AM
 AVERAGE    89

..........................................................


THE MITCHELL SD CLIMATE NORMALS FOR TODAY
                         NORMAL    RECORD    YEAR
 MAXIMUM TEMPERATURE (F)   30        67      1931
 MINIMUM TEMPERATURE (F)   10       -31      1966


SUNRISE AND SUNSET
JANUARY 29 2017.......SUNRISE   752 AM CST   SUNSET   539 PM CST
JANUARY 30 2017.......SUNRISE   751 AM CST   SUNSET   541 PM CST


-  INDICATES NEGATIVE NUMBERS.
R  INDICATES RECORD WAS SET OR TIED.
MM INDICATES DATA IS MISSING.
T  INDICATES TRACE AMOUNT.




$$
