987
CDUS43 KFSD 140633
CLIMHE


CLIMATE REPORT
NATIONAL WEATHER SERVICE SIOUX FALLS SD
133 AM CDT THU SEP 14 2017


...................................

...THE MITCHELL SD CLIMATE SUMMARY FOR SEPTEMBER 13 2017...

CLIMATE NORMAL PERIOD 1981 TO 2010
CLIMATE RECORD PERIOD 1893 TO 2017


WEATHER ITEM   OBSERVED TIME   RECORD YEAR NORMAL DEPARTURE LAST
                VALUE   (LST)  VALUE       VALUE  FROM      YEAR
                                                  NORMAL
..................................................................
TEMPERATURE (F)
 YESTERDAY
  MAXIMUM         95    346 PM 101    1939  77     18       56
  MINIMUM         62    504 AM  31    1974  51     11       44
  AVERAGE         79                        64     15       50

PRECIPITATION (IN)
  YESTERDAY        0.00          2.15 1914   0.07  -0.07      T
  MONTH TO DATE    0.13                      1.03  -0.90     1.71
  SINCE SEP 1      0.13                      1.03  -0.90     1.71
  SINCE JAN 1     13.95                     17.38  -3.43    21.12

SNOWFALL (IN)
  YESTERDAY        0.0           0.0    MM  MM     MM        0.0
  MONTH TO DATE    0.0                      MM     MM        0.0
  SINCE SEP 1      0.0                      MM     MM        0.0
  SINCE JUL 1      0.0                      MM     MM        0.0
  SNOW DEPTH       0

DEGREE DAYS
 HEATING
  YESTERDAY        0                         4     -4       15
  MONTH TO DATE   16                        32    -16       25
  SINCE SEP 1     16                        32    -16       25
  SINCE JUL 1     18                        49    -31       33

 COOLING
  YESTERDAY       14                         3     11        0
  MONTH TO DATE   69                        51     18       47
  SINCE SEP 1     69                        51     18       47
  SINCE JAN 1    839                       796     43      979
..................................................................


WIND (MPH)
  HIGHEST WIND SPEED    14   HIGHEST WIND DIRECTION    SE (150)
  HIGHEST GUST SPEED    18   HIGHEST GUST DIRECTION    SE (140)
  AVERAGE WIND SPEED     6.3


SKY COVER
  POSSIBLE SUNSHINE  MM
  AVERAGE SKY COVER 0.0


WEATHER CONDITIONS
 THE FOLLOWING WEATHER WAS RECORDED YESTERDAY.
  NO SIGNIFICANT WEATHER WAS OBSERVED.


RELATIVE HUMIDITY (PERCENT)
 HIGHEST    93           500 AM
 LOWEST     28           300 PM
 AVERAGE    61

..........................................................


THE MITCHELL SD CLIMATE NORMALS FOR TODAY
                         NORMAL    RECORD    YEAR
 MAXIMUM TEMPERATURE (F)   77       100      1939
 MINIMUM TEMPERATURE (F)   50        33      1903


SUNRISE AND SUNSET
SEPTEMBER 14 2017.....SUNRISE   711 AM CDT   SUNSET   744 PM CDT
SEPTEMBER 15 2017.....SUNRISE   712 AM CDT   SUNSET   742 PM CDT


-  INDICATES NEGATIVE NUMBERS.
R  INDICATES RECORD WAS SET OR TIED.
MM INDICATES DATA IS MISSING.
T  INDICATES TRACE AMOUNT.




$$
