000
CDUS43 KFSD 050701
CLIMHE


CLIMATE REPORT
NATIONAL WEATHER SERVICE SIOUX FALLS SD
200 AM CDT TUE JUL 5 2016


...................................

...THE MITCHELL SD CLIMATE SUMMARY FOR JULY 4 2016...

CLIMATE NORMAL PERIOD 1981 TO 2010
CLIMATE RECORD PERIOD 1893 TO 2016


WEATHER ITEM   OBSERVED TIME   RECORD YEAR NORMAL DEPARTURE LAST
                VALUE   (LST)  VALUE       VALUE  FROM      YEAR
                                                  NORMAL
..................................................................
TEMPERATURE (F)
 YESTERDAY
  MAXIMUM         95    319 PM 115    1936  87      8       85
  MINIMUM         64    127 AM  42    1915  63      1       63
  AVERAGE         80                        75      5       74

PRECIPITATION (IN)
  YESTERDAY        0.00          1.72 1987   0.13  -0.13     0.00
  MONTH TO DATE    T                         0.51  -0.51     0.17
  SINCE JUN 1      2.04                      4.64  -2.60     4.08
  SINCE JAN 1     14.56                     11.37   3.19    11.17

SNOWFALL (IN)
  YESTERDAY        0.0           0.0    MM  MM     MM        0.0
  MONTH TO DATE    0.0                      MM     MM        0.0
  SINCE JUN 1      0.0                      MM     MM        0.0
  SINCE JUL 1      0.0                      MM     MM        0.0
  SNOW DEPTH       0

DEGREE DAYS
 HEATING
  YESTERDAY        0                         0      0        0
  MONTH TO DATE    3                         0      3        0
  SINCE JUN 1      7                        35    -28        3
  SINCE JUL 1      3                         0      3        0

 COOLING
  YESTERDAY       15                        10      5        9
  MONTH TO DATE   24                        38    -14       23
  SINCE JUN 1    308                       208    100      220
  SINCE JAN 1    352                       248    104      251
..................................................................


WIND (MPH)
  HIGHEST WIND SPEED    20   HIGHEST WIND DIRECTION     S (170)
  HIGHEST GUST SPEED    24   HIGHEST GUST DIRECTION     S (170)
  AVERAGE WIND SPEED    11.3


SKY COVER
  POSSIBLE SUNSHINE  MM
  AVERAGE SKY COVER 0.3


WEATHER CONDITIONS
 THE FOLLOWING WEATHER WAS RECORDED YESTERDAY.
  NO SIGNIFICANT WEATHER WAS OBSERVED.


RELATIVE HUMIDITY (PERCENT)
 HIGHEST    87           100 AM
 LOWEST     39           300 PM
 AVERAGE    63

..........................................................


THE MITCHELL SD CLIMATE NORMALS FOR TODAY
                         NORMAL    RECORD    YEAR
 MAXIMUM TEMPERATURE (F)   87       114      1936
 MINIMUM TEMPERATURE (F)   63        42      1915


SUNRISE AND SUNSET
JULY  5 2016..........SUNRISE   557 AM CDT   SUNSET   917 PM CDT
JULY  6 2016..........SUNRISE   557 AM CDT   SUNSET   916 PM CDT


-  INDICATES NEGATIVE NUMBERS.
R  INDICATES RECORD WAS SET OR TIED.
MM INDICATES DATA IS MISSING.
T  INDICATES TRACE AMOUNT.




$$
