000
CDUS43 KFSD 302228
CLIMHE


CLIMATE REPORT
NATIONAL WEATHER SERVICE SIOUX FALLS SD
527 PM CDT FRI JUN 30 2017


...................................

...THE MITCHELL SD CLIMATE SUMMARY FOR JUNE 30 2017...
VALID TODAY AS OF 0500 PM LOCAL TIME.

CLIMATE NORMAL PERIOD 1981 TO 2010
CLIMATE RECORD PERIOD 1893 TO 2017


WEATHER ITEM   OBSERVED TIME   RECORD YEAR NORMAL DEPARTURE LAST
                VALUE   (LST)  VALUE       VALUE  FROM      YEAR
                                                  NORMAL
..................................................................
TEMPERATURE (F)
 TODAY
  MAXIMUM         81    338 PM 105    1931  86     -5       83
  MINIMUM         55    441 AM  45    1924  62     -7       55
  AVERAGE         68                        74     -6       69

PRECIPITATION (IN)
  TODAY            0.00          1.50 1993   0.10  -0.10     0.00
  MONTH TO DATE    0.75                      4.13  -3.38     2.04
  SINCE JUN 1      0.75                      4.13  -3.38     2.04
  SINCE JAN 1      7.77                     10.86  -3.09    14.56

SNOWFALL (IN)
  TODAY            0.0           0.0    MM  MM     MM        0.0
  MONTH TO DATE    0.0                      MM     MM        0.0
  SINCE JUN 1      0.0                      MM     MM        0.0
  SINCE JUL 1     30.6                      MM     MM       46.3
  SNOW DEPTH       0

DEGREE DAYS
 HEATING
  TODAY            0                         0      0        0
  MONTH TO DATE   12                        33    -21        4
  SINCE JUN 1     12                        35    -23        4
  SINCE JUL 1   6295                      7245   -950     6149

 COOLING
  TODAY            3                         9     -6        4
  MONTH TO DATE  218                       170     48      284
  SINCE JUN 1    218                       170     48      284
  SINCE JAN 1    250                       210     40      328
..................................................................


WIND (MPH)
  HIGHEST WIND SPEED    25   HIGHEST WIND DIRECTION    NW (310)
  HIGHEST GUST SPEED    32   HIGHEST GUST DIRECTION    NW (310)
  AVERAGE WIND SPEED    10.6


SKY COVER
  POSSIBLE SUNSHINE  MM
  AVERAGE SKY COVER 0.1


WEATHER CONDITIONS
 THE FOLLOWING WEATHER WAS RECORDED TODAY.
  NO SIGNIFICANT WEATHER WAS OBSERVED.


RELATIVE HUMIDITY (PERCENT)
 HIGHEST    93           400 AM
 LOWEST     28           400 PM
 AVERAGE    61

..........................................................


THE MITCHELL SD CLIMATE NORMALS FOR TOMORROW
                         NORMAL    RECORD    YEAR
 MAXIMUM TEMPERATURE (F)   86       100      1900
 MINIMUM TEMPERATURE (F)   62        44      1930
                                             1904


SUNRISE AND SUNSET
JUNE 30 2017..........SUNRISE   554 AM CDT   SUNSET   918 PM CDT
JULY  1 2017..........SUNRISE   554 AM CDT   SUNSET   918 PM CDT


-  INDICATES NEGATIVE NUMBERS.
R  INDICATES RECORD WAS SET OR TIED.
MM INDICATES DATA IS MISSING.
T  INDICATES TRACE AMOUNT.




$$
