000
CDUS43 KFSD 050641
CLIMHE


CLIMATE REPORT
NATIONAL WEATHER SERVICE SIOUX FALLS SD
140 AM CDT SAT JUL 5 2014


...................................

...THE MITCHELL SD CLIMATE SUMMARY FOR JULY 4 2014...

CLIMATE NORMAL PERIOD 1981 TO 2010
CLIMATE RECORD PERIOD 1893 TO 2014


WEATHER ITEM   OBSERVED TIME   RECORD YEAR NORMAL DEPARTURE LAST
                VALUE   (LST)  VALUE       VALUE  FROM      YEAR
                                                  NORMAL
..................................................................
TEMPERATURE (F)
 YESTERDAY
  MAXIMUM         86    131 PM 115    1936  87     -1       91
  MINIMUM         64    643 AM  42    1915  63      1       62
  AVERAGE         75                        75      0       77

PRECIPITATION (IN)
  YESTERDAY        0.00          1.72 1987   0.13  -0.13      T
  MONTH TO DATE    0.01                      0.51  -0.50      T
  SINCE JUN 1      4.20                      4.64  -0.44     2.14
  SINCE JAN 1      8.93                     11.37  -2.44    12.09

SNOWFALL (IN)
  YESTERDAY        0.0           0.0    MM  MM     MM        0.0
  MONTH TO DATE    0.0                      MM     MM        0.0
  SINCE JUN 1      0.0                      MM     MM        0.0
  SINCE JUL 1      0.0                      MM     MM        0.0
  SNOW DEPTH       0

DEGREE DAYS
 HEATING
  YESTERDAY        0                         0      0        0
  MONTH TO DATE    3                         0      3        0
  SINCE JUN 1     29                        35     -6       50
  SINCE JUL 1      3                         0      3        0

 COOLING
  YESTERDAY       10                        10      0       12
  MONTH TO DATE   13                        38    -25       32
  SINCE JUN 1    171                       208    -37      199
  SINCE JAN 1    249                       248      1      256
..................................................................


WIND (MPH)
  HIGHEST WIND SPEED    31   HIGHEST WIND DIRECTION     S (160)
  HIGHEST GUST SPEED    37   HIGHEST GUST DIRECTION     S (170)
  AVERAGE WIND SPEED    17.2


SKY COVER
  POSSIBLE SUNSHINE  MM
  AVERAGE SKY COVER 0.1


WEATHER CONDITIONS
 THE FOLLOWING WEATHER WAS RECORDED YESTERDAY.
  NO SIGNIFICANT WEATHER WAS OBSERVED.


RELATIVE HUMIDITY (PERCENT)
 HIGHEST    78           400 AM
 LOWEST     47          1200 PM
 AVERAGE    63

..........................................................


THE MITCHELL SD CLIMATE NORMALS FOR TODAY
                         NORMAL    RECORD    YEAR
 MAXIMUM TEMPERATURE (F)   87       114      1936
 MINIMUM TEMPERATURE (F)   63        42      1915


SUNRISE AND SUNSET
JULY  5 2014..........SUNRISE   556 AM CDT   SUNSET   917 PM CDT
JULY  6 2014..........SUNRISE   557 AM CDT   SUNSET   916 PM CDT


-  INDICATES NEGATIVE NUMBERS.
R  INDICATES RECORD WAS SET OR TIED.
MM INDICATES DATA IS MISSING.
T  INDICATES TRACE AMOUNT.




$$
