000
CDUS43 KFSD 190628
CLIMHE


CLIMATE REPORT
NATIONAL WEATHER SERVICE SIOUX FALLS SD
1228 AM CST MON JAN 19 2015


...................................

...THE MITCHELL SD CLIMATE SUMMARY FOR JANUARY 18 2015...

CLIMATE NORMAL PERIOD 1981 TO 2010
CLIMATE RECORD PERIOD 1893 TO 2015


WEATHER ITEM   OBSERVED TIME   RECORD YEAR NORMAL DEPARTURE LAST
                VALUE   (LST)  VALUE       VALUE  FROM      YEAR
                                                  NORMAL
..................................................................
TEMPERATURE (F)
 YESTERDAY
  MAXIMUM         44    246 PM  54    1944  28     16       39
  MINIMUM         27    831 AM -25    1940   9     18       21
  AVERAGE         36                        19     17       30

PRECIPITATION (IN)
  YESTERDAY        0.00          0.25 1988   0.00   0.00     0.01
  MONTH TO DATE    0.34                      0.12   0.22     0.06
  SINCE DEC 1      1.56                      0.57   0.99     0.71
  SINCE JAN 1      0.34                      0.12   0.22     0.06

SNOWFALL (IN)
  YESTERDAY        0.0           2.0  1988  MM     MM         T
  MONTH TO DATE    4.7                      MM     MM        0.4
  SINCE DEC 1     12.4                      MM     MM       11.8
  SINCE JUL 1     18.0                      MM     MM       15.8
  SNOW DEPTH       2

DEGREE DAYS
 HEATING
  YESTERDAY       29                        46    -17       35
  MONTH TO DATE  917                       839     78      844
  SINCE DEC 1   2142                      2206    -64     2450
  SINCE JUL 1   3798                      3774     24     3958

 COOLING
  YESTERDAY        0                         0      0        0
  MONTH TO DATE    0                         0      0        0
  SINCE DEC 1      0                         0      0        0
  SINCE JAN 1      0                         0      0        0
..................................................................


WIND (MPH)
  HIGHEST WIND SPEED    16   HIGHEST WIND DIRECTION     W (270)
  HIGHEST GUST SPEED    21   HIGHEST GUST DIRECTION     W (260)
  AVERAGE WIND SPEED     6.4


SKY COVER
  POSSIBLE SUNSHINE  MM
  AVERAGE SKY COVER 0.1


WEATHER CONDITIONS
 THE FOLLOWING WEATHER WAS RECORDED YESTERDAY.
  NO SIGNIFICANT WEATHER WAS OBSERVED.


RELATIVE HUMIDITY (PERCENT)
 HIGHEST    85           800 PM
 LOWEST     49           100 PM
 AVERAGE    67

..........................................................


THE MITCHELL SD CLIMATE NORMALS FOR TODAY
                         NORMAL    RECORD    YEAR
 MAXIMUM TEMPERATURE (F)   28        60      1900
 MINIMUM TEMPERATURE (F)    9       -38      1970


SUNRISE AND SUNSET
JANUARY 19 2015.......SUNRISE   801 AM CST   SUNSET   525 PM CST
JANUARY 20 2015.......SUNRISE   800 AM CST   SUNSET   527 PM CST


-  INDICATES NEGATIVE NUMBERS.
R  INDICATES RECORD WAS SET OR TIED.
MM INDICATES DATA IS MISSING.
T  INDICATES TRACE AMOUNT.




$$
