000
CDUS43 KFSD 280631
CLIMHE


CLIMATE REPORT
NATIONAL WEATHER SERVICE SIOUX FALLS SD
129 AM CDT SAT OCT 28 2017


...................................

...THE MITCHELL SD CLIMATE SUMMARY FOR OCTOBER 27 2017...

CLIMATE NORMAL PERIOD 1981 TO 2010
CLIMATE RECORD PERIOD 1893 TO 2017


WEATHER ITEM   OBSERVED TIME   RECORD YEAR NORMAL DEPARTURE LAST
                VALUE   (LST)  VALUE       VALUE  FROM      YEAR
                                                  NORMAL
..................................................................
TEMPERATURE (F)
 YESTERDAY
  MAXIMUM         40    256 PM  82    1922  56    -16       69
  MINIMUM         20   1159 PM  14    1997  34    -14       43
  AVERAGE         30                        45    -15       56

PRECIPITATION (IN)
  YESTERDAY        0.00          0.70 1971   0.03  -0.03     0.00
  MONTH TO DATE    3.06                      1.50   1.56     1.94
  SINCE SEP 1      5.67                      3.82   1.85     4.09
  SINCE JAN 1     19.49                     20.17  -0.68    23.50

SNOWFALL (IN)
  YESTERDAY        0.0           2.5  1925  MM     MM        0.0
  MONTH TO DATE    0.0                      MM     MM         T
  SINCE SEP 1      0.0                      MM     MM         T
  SINCE JUL 1      0.0                      MM     MM         T
  SNOW DEPTH       0

DEGREE DAYS
 HEATING
  YESTERDAY       35                        20     15        9
  MONTH TO DATE  330                       399    -69      326
  SINCE SEP 1    424                       540   -116      402
  SINCE JUL 1    426                       557   -131      410

 COOLING
  YESTERDAY        0                         0      0        0
  MONTH TO DATE    7                         7      0        4
  SINCE SEP 1    120                        79     41      103
  SINCE JAN 1    890                       824     66     1035
..................................................................


WIND (MPH)
  HIGHEST WIND SPEED    35   HIGHEST WIND DIRECTION    NW (320)
  HIGHEST GUST SPEED    45   HIGHEST GUST DIRECTION    NW (320)
  AVERAGE WIND SPEED    20.0


SKY COVER
  POSSIBLE SUNSHINE  MM
  AVERAGE SKY COVER 0.6


WEATHER CONDITIONS
 THE FOLLOWING WEATHER WAS RECORDED YESTERDAY.
  NO SIGNIFICANT WEATHER WAS OBSERVED.


RELATIVE HUMIDITY (PERCENT)
 HIGHEST    69           700 AM
 LOWEST     44           300 PM
 AVERAGE    57

..........................................................


THE MITCHELL SD CLIMATE NORMALS FOR TODAY
                         NORMAL    RECORD    YEAR
 MAXIMUM TEMPERATURE (F)   56        88      1937
 MINIMUM TEMPERATURE (F)   33         1      1925


SUNRISE AND SUNSET
OCTOBER 28 2017.......SUNRISE   803 AM CDT   SUNSET   628 PM CDT
OCTOBER 29 2017.......SUNRISE   805 AM CDT   SUNSET   626 PM CDT


-  INDICATES NEGATIVE NUMBERS.
R  INDICATES RECORD WAS SET OR TIED.
MM INDICATES DATA IS MISSING.
T  INDICATES TRACE AMOUNT.




$$
