746
CDUS43 KFSD 130629
CLIMHE


CLIMATE REPORT
NATIONAL WEATHER SERVICE SIOUX FALLS SD
129 AM CDT WED JUL 13 2016


...................................

...THE MITCHELL SD CLIMATE SUMMARY FOR JULY 12 2016...

CLIMATE NORMAL PERIOD 1981 TO 2010
CLIMATE RECORD PERIOD 1893 TO 2016


WEATHER ITEM   OBSERVED TIME   RECORD YEAR NORMAL DEPARTURE LAST
                VALUE   (LST)  VALUE       VALUE  FROM      YEAR
                                                  NORMAL
..................................................................
TEMPERATURE (F)
 YESTERDAY
  MAXIMUM         88    533 PM 105    1938  87      1       97
                                      1936
  MINIMUM         61    523 AM  38    1900  63     -2       70
  AVERAGE         75                        75      0       84

PRECIPITATION (IN)
  YESTERDAY        0.00          1.17 1933   0.09  -0.09     0.00
  MONTH TO DATE    0.70                      1.33  -0.63     1.29
  SINCE JUN 1      2.74                      5.46  -2.72     5.20
  SINCE JAN 1     15.26                     12.19   3.07    12.29

SNOWFALL (IN)
  YESTERDAY        0.0           0.0    MM  MM     MM        0.0
  MONTH TO DATE    0.0                      MM     MM        0.0
  SINCE JUN 1      0.0                      MM     MM        0.0
  SINCE JUL 1      0.0                      MM     MM        0.0
  SNOW DEPTH       0

DEGREE DAYS
 HEATING
  YESTERDAY        0                         0      0        0
  MONTH TO DATE    3                         0      3        2
  SINCE JUN 1      7                        35    -28        5
  SINCE JUL 1      3                         0      3        2

 COOLING
  YESTERDAY       10                        10      0       19
  MONTH TO DATE  108                       118    -10       90
  SINCE JUN 1    392                       288    104      287
  SINCE JAN 1    436                       328    108      318
..................................................................


WIND (MPH)
  HIGHEST WIND SPEED    21   HIGHEST WIND DIRECTION     W (250)
  HIGHEST GUST SPEED    31   HIGHEST GUST DIRECTION    SW (230)
  AVERAGE WIND SPEED    12.0


SKY COVER
  POSSIBLE SUNSHINE  MM
  AVERAGE SKY COVER 0.0


WEATHER CONDITIONS
 THE FOLLOWING WEATHER WAS RECORDED YESTERDAY.
  NO SIGNIFICANT WEATHER WAS OBSERVED.


RELATIVE HUMIDITY (PERCENT)
 HIGHEST    69           500 AM
 LOWEST     26           200 PM
 AVERAGE    48

..........................................................


THE MITCHELL SD CLIMATE NORMALS FOR TODAY
                         NORMAL    RECORD    YEAR
 MAXIMUM TEMPERATURE (F)   87       106      1980
                                             1954
 MINIMUM TEMPERATURE (F)   63        40      1900


SUNRISE AND SUNSET
JULY 13 2016..........SUNRISE   603 AM CDT   SUNSET   913 PM CDT
JULY 14 2016..........SUNRISE   604 AM CDT   SUNSET   912 PM CDT


-  INDICATES NEGATIVE NUMBERS.
R  INDICATES RECORD WAS SET OR TIED.
MM INDICATES DATA IS MISSING.
T  INDICATES TRACE AMOUNT.




$$
