000
CDUS43 KFSD 312234
CLIMHE


CLIMATE REPORT
NATIONAL WEATHER SERVICE SIOUX FALLS SD
534 PM CDT WED MAY 31 2017


...................................

...THE MITCHELL SD CLIMATE SUMMARY FOR MAY 31 2017...
VALID TODAY AS OF 0500 PM LOCAL TIME.

CLIMATE NORMAL PERIOD 1981 TO 2010
CLIMATE RECORD PERIOD 1893 TO 2017


WEATHER ITEM   OBSERVED TIME   RECORD YEAR NORMAL DEPARTURE LAST
                VALUE   (LST)  VALUE       VALUE  FROM      YEAR
                                                  NORMAL
..................................................................
TEMPERATURE (F)
 TODAY
  MAXIMUM         75    359 PM 103    1934  75      0       76
  MINIMUM         44    523 AM  31    1946  53     -9       56
  AVERAGE         60                        64     -4       66

PRECIPITATION (IN)
  TODAY            0.00          1.04 1967   0.15  -0.15      T
  MONTH TO DATE    2.35                      2.93  -0.58     4.56
  SINCE MAR 1      5.86                      6.17  -0.31    11.29
  SINCE JAN 1      7.02                      6.73   0.29    12.52

SNOWFALL (IN)
  TODAY            0.0           0.0    MM  MM     MM        0.0
  MONTH TO DATE    0.0                      MM     MM        0.0
  SINCE MAR 1      5.2                      MM     MM        3.9
  SINCE JUL 1     30.6                      MM     MM       46.3
  SNOW DEPTH       0

DEGREE DAYS
 HEATING
  TODAY            5                         3      2        0
  MONTH TO DATE  204                       209     -5      163
  SINCE MAR 1   1549                      1688   -139     1356
  SINCE JUL 1   6283                      7210   -927     6145

 COOLING
  TODAY            0                         2     -2        1
  MONTH TO DATE   32                        38     -6       40
  SINCE MAR 1     32                        40     -8       44
  SINCE JAN 1     32                        40     -8       44
..................................................................


WIND (MPH)
  HIGHEST WIND SPEED    10   HIGHEST WIND DIRECTION    NE (30)
  HIGHEST GUST SPEED    15   HIGHEST GUST DIRECTION    NE (30)
  AVERAGE WIND SPEED     3.9


SKY COVER
  POSSIBLE SUNSHINE  MM
  AVERAGE SKY COVER 0.0


WEATHER CONDITIONS
 THE FOLLOWING WEATHER WAS RECORDED TODAY.
  NO SIGNIFICANT WEATHER WAS OBSERVED.


RELATIVE HUMIDITY (PERCENT)
 HIGHEST    86           200 AM
 LOWEST     23           400 PM
 AVERAGE    55

..........................................................


THE MITCHELL SD CLIMATE NORMALS FOR TOMORROW
                         NORMAL    RECORD    YEAR
 MAXIMUM TEMPERATURE (F)   75        98      1940
 MINIMUM TEMPERATURE (F)   54        31      1946


SUNRISE AND SUNSET
MAY 31 2017...........SUNRISE   553 AM CDT   SUNSET   907 PM CDT
JUNE  1 2017..........SUNRISE   553 AM CDT   SUNSET   908 PM CDT


-  INDICATES NEGATIVE NUMBERS.
R  INDICATES RECORD WAS SET OR TIED.
MM INDICATES DATA IS MISSING.
T  INDICATES TRACE AMOUNT.




$$
