000
CDUS43 KFSD 250739
CLIMHE


CLIMATE REPORT
NATIONAL WEATHER SERVICE SIOUX FALLS SD
139 AM CST MON DEC 25 2017


...................................

...THE MITCHELL SD CLIMATE SUMMARY FOR DECEMBER 24 2017...

CLIMATE NORMAL PERIOD 1981 TO 2010
CLIMATE RECORD PERIOD 1893 TO 2017


WEATHER ITEM   OBSERVED TIME   RECORD YEAR NORMAL DEPARTURE LAST
                VALUE   (LST)  VALUE       VALUE  FROM      YEAR
                                                  NORMAL
..................................................................
TEMPERATURE (F)
 YESTERDAY
  MAXIMUM         23    341 PM  51    2011  28     -5       30
                                      1936
  MINIMUM          7   1136 PM -29    1990  10     -3       11
  AVERAGE         15                        19     -4       21

PRECIPITATION (IN)
  YESTERDAY        0.00          0.61 1987   0.01  -0.01     0.00
  MONTH TO DATE    0.49                      0.37   0.12     0.59
  SINCE DEC 1      0.49                      0.37   0.12     0.59
  SINCE JAN 1     20.09                     21.44  -1.35    25.80

SNOWFALL (IN)
  YESTERDAY        0.0           6.4  2009  MM     MM        0.0
  MONTH TO DATE    7.3                      MM     MM        8.1
  SINCE DEC 1      7.3                      MM     MM        8.1
  SINCE JUL 1      8.5                      MM     MM       13.6
  SNOW DEPTH       4

DEGREE DAYS
 HEATING
  YESTERDAY       50                        46      4       44
  MONTH TO DATE  828                      1044   -216     1133
  SINCE DEC 1    828                      1044   -216     1133
  SINCE JUL 1   2217                      2612   -395     2227

 COOLING
  YESTERDAY        0                         0      0        0
  MONTH TO DATE    0                         0      0        0
  SINCE DEC 1      0                         0      0        0
  SINCE JAN 1    890                       824     66     1036
..................................................................


WIND (MPH)
  HIGHEST WIND SPEED    30   HIGHEST WIND DIRECTION    NW (320)
  HIGHEST GUST SPEED    35   HIGHEST GUST DIRECTION    NW (330)
  AVERAGE WIND SPEED    12.6


SKY COVER
  POSSIBLE SUNSHINE  MM
  AVERAGE SKY COVER 0.4


WEATHER CONDITIONS
 THE FOLLOWING WEATHER WAS RECORDED YESTERDAY.
  NO SIGNIFICANT WEATHER WAS OBSERVED.


RELATIVE HUMIDITY (PERCENT)
 HIGHEST    84           100 AM
 LOWEST     61           600 PM
 AVERAGE    73

..........................................................


THE MITCHELL SD CLIMATE NORMALS FOR TODAY
                         NORMAL    RECORD    YEAR
 MAXIMUM TEMPERATURE (F)   28        58      1943
                                             1938
 MINIMUM TEMPERATURE (F)   10       -18      1985


SUNRISE AND SUNSET
DECEMBER 25 2017......SUNRISE   805 AM CST   SUNSET   500 PM CST
DECEMBER 26 2017......SUNRISE   805 AM CST   SUNSET   501 PM CST


-  INDICATES NEGATIVE NUMBERS.
R  INDICATES RECORD WAS SET OR TIED.
MM INDICATES DATA IS MISSING.
T  INDICATES TRACE AMOUNT.




$$
