000
CDUS43 KFSD 100658
CLIMHE


CLIMATE REPORT
NATIONAL WEATHER SERVICE SIOUX FALLS SD
1257 AM CST TUE JAN 10 2017


...................................

...THE MITCHELL SD CLIMATE SUMMARY FOR JANUARY 9 2017...

CLIMATE NORMAL PERIOD 1981 TO 2010
CLIMATE RECORD PERIOD 1893 TO 2017


WEATHER ITEM   OBSERVED TIME   RECORD YEAR NORMAL DEPARTURE LAST
                VALUE   (LST)  VALUE       VALUE  FROM      YEAR
                                                  NORMAL
..................................................................
TEMPERATURE (F)
 YESTERDAY
  MAXIMUM         24   1158 PM  61    1896  27     -3        8
  MINIMUM          7    719 AM -25    1988   9     -2      -11
  AVERAGE         16                        18     -2       -1

PRECIPITATION (IN)
  YESTERDAY        0.04          0.44 1983   0.01   0.03      T
  MONTH TO DATE    0.06                      0.06   0.00     0.12
  SINCE DEC 1      1.17                      0.51   0.66     1.15
  SINCE JAN 1      0.06                      0.06   0.00     0.12

SNOWFALL (IN)
  YESTERDAY        0.5           5.5  2011  MM     MM         T
  MONTH TO DATE    0.7                      MM     MM        1.0
  SINCE DEC 1      8.8                      MM     MM       15.8
  SINCE JUL 1     14.3                      MM     MM       29.0
  SNOW DEPTH       T

DEGREE DAYS
 HEATING
  YESTERDAY       49                        47      2       66
  MONTH TO DATE  487                       420     67      414
  SINCE DEC 1   1875                      1787     88     1601
  SINCE JUL 1   2969                      3355   -386     2784

 COOLING
  YESTERDAY        0                         0      0        0
  MONTH TO DATE    0                         0      0        0
  SINCE DEC 1      0                         0      0        0
  SINCE JAN 1      0                         0      0        0
..................................................................


WIND (MPH)
  HIGHEST WIND SPEED    23   HIGHEST WIND DIRECTION    SE (150)
  HIGHEST GUST SPEED    27   HIGHEST GUST DIRECTION    SE (150)
  AVERAGE WIND SPEED    10.4


SKY COVER
  POSSIBLE SUNSHINE  MM
  AVERAGE SKY COVER 0.4


WEATHER CONDITIONS
 THE FOLLOWING WEATHER WAS RECORDED YESTERDAY.
  LIGHT SNOW
  FOG


RELATIVE HUMIDITY (PERCENT)
 HIGHEST    88           700 AM
 LOWEST     67           200 PM
 AVERAGE    78

..........................................................


THE MITCHELL SD CLIMATE NORMALS FOR TODAY
                         NORMAL    RECORD    YEAR
 MAXIMUM TEMPERATURE (F)   28        65      1990
 MINIMUM TEMPERATURE (F)    9       -25      1982


SUNRISE AND SUNSET
JANUARY 10 2017.......SUNRISE   805 AM CST   SUNSET   515 PM CST
JANUARY 11 2017.......SUNRISE   805 AM CST   SUNSET   516 PM CST


-  INDICATES NEGATIVE NUMBERS.
R  INDICATES RECORD WAS SET OR TIED.
MM INDICATES DATA IS MISSING.
T  INDICATES TRACE AMOUNT.




$$
