000
CDUS43 KFSD 142236
CLIMHE


CLIMATE REPORT
NATIONAL WEATHER SERVICE SIOUX FALLS SD
436 PM CST SAT FEB 14 2015


...................................

...THE MITCHELL SD CLIMATE SUMMARY FOR FEBRUARY 14 2015...
VALID TODAY AS OF 0400 PM LOCAL TIME.

CLIMATE NORMAL PERIOD 1981 TO 2010
CLIMATE RECORD PERIOD 1893 TO 2015


WEATHER ITEM   OBSERVED TIME   RECORD YEAR NORMAL DEPARTURE LAST
                VALUE   (LST)  VALUE       VALUE  FROM      YEAR
                                                  NORMAL
..................................................................
TEMPERATURE (F)
 TODAY
  MAXIMUM         31   1235 AM  65    1954  33     -2       14
  MINIMUM          5    958 AM -30    1936  14     -9        4
  AVERAGE         18                        23     -5        9

PRECIPITATION (IN)
  TODAY            T             1.45 1915   0.01  -0.01     0.04
  MONTH TO DATE    0.23                      0.18   0.05     0.16
  SINCE DEC 1      1.98                      0.85   1.13     0.98
  SINCE JAN 1      0.76                      0.40   0.36     0.33

SNOWFALL (IN)
  TODAY            T            18.0  1915  MM     MM        0.6
  MONTH TO DATE    2.6                      MM     MM        3.2
  SINCE DEC 1     16.1                      MM     MM       15.4
  SINCE JUL 1     21.7                      MM     MM       19.4
  SNOW DEPTH       0

DEGREE DAYS
 HEATING
  TODAY           47                        42      5       56
  MONTH TO DATE  611                       607      4      778
  SINCE DEC 1   3149                      3406   -257     3833
  SINCE JUL 1   4805                      4974   -169     5341

 COOLING
  TODAY            0                         0      0        0
  MONTH TO DATE    0                         0      0        0
  SINCE DEC 1      0                         0      0        0
  SINCE JAN 1      0                         0      0        0
..................................................................


WIND (MPH)
  HIGHEST WIND SPEED    28   HIGHEST WIND DIRECTION    NE (30)
  HIGHEST GUST SPEED    36   HIGHEST GUST DIRECTION    NE (40)
  AVERAGE WIND SPEED    16.3


SKY COVER
  POSSIBLE SUNSHINE  MM
  AVERAGE SKY COVER 0.7


WEATHER CONDITIONS
 THE FOLLOWING WEATHER WAS RECORDED TODAY.
  LIGHT SNOW
  FOG
  HAZE


RELATIVE HUMIDITY (PERCENT)
 HIGHEST    81           200 AM
 LOWEST     46           100 PM
 AVERAGE    64

..........................................................


THE MITCHELL SD CLIMATE NORMALS FOR TOMORROW
                         NORMAL    RECORD    YEAR
 MAXIMUM TEMPERATURE (F)   34        66      1921
 MINIMUM TEMPERATURE (F)   14       -21      1936
                                             1909
                                             1903


SUNRISE AND SUNSET
FEBRUARY 14 2015......SUNRISE   733 AM CST   SUNSET   601 PM CST
FEBRUARY 15 2015......SUNRISE   731 AM CST   SUNSET   602 PM CST


-  INDICATES NEGATIVE NUMBERS.
R  INDICATES RECORD WAS SET OR TIED.
MM INDICATES DATA IS MISSING.
T  INDICATES TRACE AMOUNT.




$$
