000
CDUS43 KFSD 130631
CLIMHE


CLIMATE REPORT
NATIONAL WEATHER SERVICE SIOUX FALLS SD
131 AM CDT WED AUG 13 2014


...................................

...THE MITCHELL SD CLIMATE SUMMARY FOR AUGUST 12 2014...

CLIMATE NORMAL PERIOD 1981 TO 2010
CLIMATE RECORD PERIOD 1893 TO 2014


WEATHER ITEM   OBSERVED TIME   RECORD YEAR NORMAL DEPARTURE LAST
                VALUE   (LST)  VALUE       VALUE  FROM      YEAR
                                                  NORMAL
..................................................................
TEMPERATURE (F)
 YESTERDAY
  MAXIMUM         82    441 PM 104    1965  84     -2       80
  MINIMUM         49    524 AM  38    1902  62    -13       58
  AVERAGE         66                        73     -7       69

PRECIPITATION (IN)
  YESTERDAY        0.00          1.24 1985   0.08  -0.08     0.00
  MONTH TO DATE    1.64                      0.93   0.71     2.54
  SINCE JUN 1      7.19                      8.17  -0.98     8.54
  SINCE JAN 1     11.92                     14.90  -2.98    18.49

SNOWFALL (IN)
  YESTERDAY       MM             0.0    MM  MM     MM        0.0
  MONTH TO DATE    0.0                      MM     MM        0.0
  SINCE JUN 1      0.0                      MM     MM        0.0
  SINCE JUL 1      0.0                      MM     MM        0.0
  SNOW DEPTH       0

DEGREE DAYS
 HEATING
  YESTERDAY        0                         0      0        0
  MONTH TO DATE    0                         0      0        0
  SINCE JUN 1     35                        40     -5       70
  SINCE JUL 1      9                         5      4       20

 COOLING
  YESTERDAY        1                         8     -7        4
  MONTH TO DATE   56                       103    -47       51
  SINCE JUN 1    430                       581   -151      506
  SINCE JAN 1    508                       621   -113      563
..................................................................


WIND (MPH)
  HIGHEST WIND SPEED    10   HIGHEST WIND DIRECTION    NE (60)
  HIGHEST GUST SPEED    17   HIGHEST GUST DIRECTION     E (110)
  AVERAGE WIND SPEED     3.3


SKY COVER
  POSSIBLE SUNSHINE  MM
  AVERAGE SKY COVER 0.0


WEATHER CONDITIONS
 THE FOLLOWING WEATHER WAS RECORDED YESTERDAY.
  NO SIGNIFICANT WEATHER WAS OBSERVED.


RELATIVE HUMIDITY (PERCENT)
 HIGHEST    89           200 AM
 LOWEST     36           300 PM
 AVERAGE    63

..........................................................


THE MITCHELL SD CLIMATE NORMALS FOR TODAY
                         NORMAL    RECORD    YEAR
 MAXIMUM TEMPERATURE (F)   84       105      1938
 MINIMUM TEMPERATURE (F)   62        41      1964


SUNRISE AND SUNSET
AUGUST 13 2014........SUNRISE   634 AM CDT   SUNSET   839 PM CDT
AUGUST 14 2014........SUNRISE   635 AM CDT   SUNSET   837 PM CDT


-  INDICATES NEGATIVE NUMBERS.
R  INDICATES RECORD WAS SET OR TIED.
MM INDICATES DATA IS MISSING.
T  INDICATES TRACE AMOUNT.




$$
