000
CDUS43 KFSD 190623
CLIMHE


CLIMATE REPORT
NATIONAL WEATHER SERVICE SIOUX FALLS SD
123 AM CDT WED AUG 19 2015


...................................

...THE MITCHELL SD CLIMATE SUMMARY FOR AUGUST 18 2015...

CLIMATE NORMAL PERIOD 1981 TO 2010
CLIMATE RECORD PERIOD 1893 TO 2015


WEATHER ITEM   OBSERVED TIME   RECORD YEAR NORMAL DEPARTURE LAST
                VALUE   (LST)  VALUE       VALUE  FROM      YEAR
                                                  NORMAL
..................................................................
TEMPERATURE (F)
 YESTERDAY
  MAXIMUM         61    511 AM 103    1934  83    -22       88
  MINIMUM         51   1159 PM  44    2002  61    -10       57
                                      1966
  AVERAGE         56                        72    -16       73

PRECIPITATION (IN)
  YESTERDAY        1.73R         1.34 2006   0.09   1.64     0.00
  MONTH TO DATE    3.45                      1.45   2.00     1.69
  SINCE JUN 1      9.63                      8.69   0.94     7.24
  SINCE JAN 1     16.72                     15.42   1.30    11.97

SNOWFALL (IN)
  YESTERDAY        0.0           0.0    MM  MM     MM        0.0
  MONTH TO DATE    0.0                      MM     MM        0.0
  SINCE JUN 1      0.0                      MM     MM        0.0
  SINCE JUL 1      0.0                      MM     MM        0.0
  SNOW DEPTH       0

DEGREE DAYS
 HEATING
  YESTERDAY        9                         0      9        0
  MONTH TO DATE    9                         0      9        0
  SINCE JUN 1     14                        40    -26       35
  SINCE JUL 1     11                         5      6        9

 COOLING
  YESTERDAY        0                         7     -7        8
  MONTH TO DATE  153                       149      4      109
  SINCE JUN 1    643                       627     16      483
  SINCE JAN 1    674                       667      7      561
..................................................................


WIND (MPH)
  HIGHEST WIND SPEED    36   HIGHEST WIND DIRECTION     N (350)
  HIGHEST GUST SPEED    49   HIGHEST GUST DIRECTION     N (10)
  AVERAGE WIND SPEED    17.8


SKY COVER
  POSSIBLE SUNSHINE  MM
  AVERAGE SKY COVER 1.0


WEATHER CONDITIONS
 THE FOLLOWING WEATHER WAS RECORDED YESTERDAY.
  THUNDERSTORM
  HEAVY RAIN
  RAIN
  LIGHT RAIN
  FOG


RELATIVE HUMIDITY (PERCENT)
 HIGHEST   100           900 AM
 LOWEST     86           600 PM
 AVERAGE    93

..........................................................


THE MITCHELL SD CLIMATE NORMALS FOR TODAY
                         NORMAL    RECORD    YEAR
 MAXIMUM TEMPERATURE (F)   83       101      1906
 MINIMUM TEMPERATURE (F)   61        44      2002
                                             1967


SUNRISE AND SUNSET
AUGUST 19 2015........SUNRISE   641 AM CDT   SUNSET   830 PM CDT
AUGUST 20 2015........SUNRISE   642 AM CDT   SUNSET   828 PM CDT


-  INDICATES NEGATIVE NUMBERS.
R  INDICATES RECORD WAS SET OR TIED.
MM INDICATES DATA IS MISSING.
T  INDICATES TRACE AMOUNT.




$$
