000
CDUS43 KFSD 290659
CLIMHE


CLIMATE REPORT
NATIONAL WEATHER SERVICE SIOUX FALLS SD
158 AM CDT SAT APR 29 2017


...................................

...THE MITCHELL SD CLIMATE SUMMARY FOR APRIL 28 2017...

CLIMATE NORMAL PERIOD 1981 TO 2010
CLIMATE RECORD PERIOD 1893 TO 2017


WEATHER ITEM   OBSERVED TIME   RECORD YEAR NORMAL DEPARTURE LAST
                VALUE   (LST)  VALUE       VALUE  FROM      YEAR
                                                  NORMAL
..................................................................
TEMPERATURE (F)
 YESTERDAY
  MAXIMUM         53    607 PM  95    1910  66    -13       44
  MINIMUM         25    503 AM  24    2008  41    -16       37
                                      1907
  AVERAGE         39                        54    -15       41

PRECIPITATION (IN)
  YESTERDAY        0.00          1.34 1906   0.10  -0.10     0.14
  MONTH TO DATE    2.43                      1.98   0.45     4.50
  SINCE MAR 1      2.77                      3.04  -0.27     5.86
  SINCE JAN 1      3.93                      3.60   0.33     7.09

SNOWFALL (IN)
  YESTERDAY        0.0           7.0  1994  MM     MM        0.0
  MONTH TO DATE    1.6                      MM     MM        0.2
  SINCE MAR 1      5.2                      MM     MM        3.9
  SINCE JUL 1     30.6                      MM     MM       46.3
  SNOW DEPTH       0

DEGREE DAYS
 HEATING
  YESTERDAY       26                        12     14       24
  MONTH TO DATE  435                       496    -61      449
  SINCE MAR 1   1304                      1454   -150     1154
  SINCE JUL 1   6038                      6976   -938     5943

 COOLING
  YESTERDAY        0                         0      0        0
  MONTH TO DATE    0                         0      0        4
  SINCE MAR 1      0                         0      0        4
  SINCE JAN 1      0                         0      0        4
..................................................................


WIND (MPH)
  HIGHEST WIND SPEED    24   HIGHEST WIND DIRECTION    NE (30)
  HIGHEST GUST SPEED    29   HIGHEST GUST DIRECTION    NE (30)
  AVERAGE WIND SPEED     9.6


SKY COVER
  POSSIBLE SUNSHINE  MM
  AVERAGE SKY COVER 0.0


WEATHER CONDITIONS
 THE FOLLOWING WEATHER WAS RECORDED YESTERDAY.
  NO SIGNIFICANT WEATHER WAS OBSERVED.


RELATIVE HUMIDITY (PERCENT)
 HIGHEST    92           400 AM
 LOWEST     30           700 PM
 AVERAGE    61

..........................................................


THE MITCHELL SD CLIMATE NORMALS FOR TODAY
                         NORMAL    RECORD    YEAR
 MAXIMUM TEMPERATURE (F)   67        93      1934
 MINIMUM TEMPERATURE (F)   41        12      1907


SUNRISE AND SUNSET
APRIL 29 2017.........SUNRISE   627 AM CDT   SUNSET   833 PM CDT
APRIL 30 2017.........SUNRISE   625 AM CDT   SUNSET   834 PM CDT


-  INDICATES NEGATIVE NUMBERS.
R  INDICATES RECORD WAS SET OR TIED.
MM INDICATES DATA IS MISSING.
T  INDICATES TRACE AMOUNT.




$$
