000
CDUS43 KFSD 112236
CLIMHE


CLIMATE REPORT
NATIONAL WEATHER SERVICE SIOUX FALLS SD
536 PM CDT MON AUG 11 2014


...................................

...THE MITCHELL SD CLIMATE SUMMARY FOR AUGUST 11 2014...
VALID TODAY AS OF 0500 PM LOCAL TIME.

CLIMATE NORMAL PERIOD 1981 TO 2010
CLIMATE RECORD PERIOD 1893 TO 2014


WEATHER ITEM   OBSERVED TIME   RECORD YEAR NORMAL DEPARTURE LAST
                VALUE   (LST)  VALUE       VALUE  FROM      YEAR
                                                  NORMAL
..................................................................
TEMPERATURE (F)
 TODAY
  MAXIMUM         76    359 PM 103    1936  84     -8       81
  MINIMUM         53    541 AM  37    1902  62     -9       60
  AVERAGE         65                        73     -8       71

PRECIPITATION (IN)
  TODAY            0.00          4.66 1953   0.09  -0.09     0.00
  MONTH TO DATE    1.64                      0.85   0.79     2.54
  SINCE JUN 1      7.19                      8.09  -0.90     8.54
  SINCE JAN 1     11.92                     14.82  -2.90    18.49

SNOWFALL (IN)
  TODAY            0.0           0.0    MM  MM     MM        0.0
  MONTH TO DATE    0.0                      MM     MM        0.0
  SINCE JUN 1      0.0                      MM     MM        0.0
  SINCE JUL 1      0.0                      MM     MM        0.0
  SNOW DEPTH       0

DEGREE DAYS
 HEATING
  TODAY            0                         0      0        0
  MONTH TO DATE    0                         0      0        0
  SINCE JUN 1     35                        40     -5       70
  SINCE JUL 1      9                         5      4       20

 COOLING
  TODAY            0                         8     -8        6
  MONTH TO DATE   55                        95    -40       47
  SINCE JUN 1    429                       573   -144      502
  SINCE JAN 1    507                       613   -106      559
..................................................................


WIND (MPH)
  HIGHEST WIND SPEED    20   HIGHEST WIND DIRECTION     N (360)
  HIGHEST GUST SPEED    27   HIGHEST GUST DIRECTION     N (340)
  AVERAGE WIND SPEED    10.0


SKY COVER
  POSSIBLE SUNSHINE  MM
  AVERAGE SKY COVER 0.0


WEATHER CONDITIONS
 THE FOLLOWING WEATHER WAS RECORDED TODAY.
  NO SIGNIFICANT WEATHER WAS OBSERVED.


RELATIVE HUMIDITY (PERCENT)
 HIGHEST    MM
 LOWEST     MM
 AVERAGE    MM

..........................................................


THE MITCHELL SD CLIMATE NORMALS FOR TOMORROW
                         NORMAL    RECORD    YEAR
 MAXIMUM TEMPERATURE (F)   84       104      1965
 MINIMUM TEMPERATURE (F)   62        38      1902


SUNRISE AND SUNSET
AUGUST 11 2014........SUNRISE   632 AM CDT   SUNSET   842 PM CDT
AUGUST 12 2014........SUNRISE   633 AM CDT   SUNSET   840 PM CDT


-  INDICATES NEGATIVE NUMBERS.
R  INDICATES RECORD WAS SET OR TIED.
MM INDICATES DATA IS MISSING.
T  INDICATES TRACE AMOUNT.




$$
