000
CDUS43 KFSD 270647
CLIMHE


CLIMATE REPORT
NATIONAL WEATHER SERVICE SIOUX FALLS SD
147 AM CDT FRI OCT 27 2017


...................................

...THE MITCHELL SD CLIMATE SUMMARY FOR OCTOBER 26 2017...

CLIMATE NORMAL PERIOD 1981 TO 2010
CLIMATE RECORD PERIOD 1893 TO 2017


WEATHER ITEM   OBSERVED TIME   RECORD YEAR NORMAL DEPARTURE LAST
                VALUE   (LST)  VALUE       VALUE  FROM      YEAR
                                                  NORMAL
..................................................................
TEMPERATURE (F)
 YESTERDAY
  MAXIMUM         59    505 AM  89    1927  57      2       54
  MINIMUM         32   1159 PM   9    1919  34     -2       38
  AVERAGE         46                        46      0       46

PRECIPITATION (IN)
  YESTERDAY        0.00          0.81 1941   0.04  -0.04     0.00
  MONTH TO DATE    3.06                      1.47   1.59     1.94
  SINCE SEP 1      5.67                      3.79   1.88     4.09
  SINCE JAN 1     19.49                     20.14  -0.65    23.50

SNOWFALL (IN)
  YESTERDAY        0.0           1.0  1919  MM     MM        0.0
  MONTH TO DATE    0.0                      MM     MM         T
  SINCE SEP 1      0.0                      MM     MM         T
  SINCE JUL 1      0.0                      MM     MM         T
  SNOW DEPTH       0

DEGREE DAYS
 HEATING
  YESTERDAY       19                        20     -1       19
  MONTH TO DATE  295                       379    -84      317
  SINCE SEP 1    389                       520   -131      393
  SINCE JUL 1    391                       537   -146      401

 COOLING
  YESTERDAY        0                         0      0        0
  MONTH TO DATE    7                         7      0        4
  SINCE SEP 1    120                        79     41      103
  SINCE JAN 1    890                       824     66     1035
..................................................................


WIND (MPH)
  HIGHEST WIND SPEED    44   HIGHEST WIND DIRECTION    NW (320)
  HIGHEST GUST SPEED    54   HIGHEST GUST DIRECTION    NW (320)
  AVERAGE WIND SPEED    24.9


SKY COVER
  POSSIBLE SUNSHINE  MM
  AVERAGE SKY COVER 0.6


WEATHER CONDITIONS
 THE FOLLOWING WEATHER WAS RECORDED YESTERDAY.
  NO SIGNIFICANT WEATHER WAS OBSERVED.


RELATIVE HUMIDITY (PERCENT)
 HIGHEST    71          1200 AM
 LOWEST     40           500 AM
 AVERAGE    56

..........................................................


THE MITCHELL SD CLIMATE NORMALS FOR TODAY
                         NORMAL    RECORD    YEAR
 MAXIMUM TEMPERATURE (F)   56        82      1922
 MINIMUM TEMPERATURE (F)   34        14      1997


SUNRISE AND SUNSET
OCTOBER 27 2017.......SUNRISE   802 AM CDT   SUNSET   629 PM CDT
OCTOBER 28 2017.......SUNRISE   803 AM CDT   SUNSET   628 PM CDT


-  INDICATES NEGATIVE NUMBERS.
R  INDICATES RECORD WAS SET OR TIED.
MM INDICATES DATA IS MISSING.
T  INDICATES TRACE AMOUNT.




$$
