000
CDUS43 KFSD 070651
CLIMHE


CLIMATE REPORT
NATIONAL WEATHER SERVICE SIOUX FALLS SD
150 AM CDT SAT MAY 7 2016


...................................

...THE MITCHELL SD CLIMATE SUMMARY FOR MAY 6 2016...

CLIMATE NORMAL PERIOD 1981 TO 2010
CLIMATE RECORD PERIOD 1893 TO 2016


WEATHER ITEM   OBSERVED TIME   RECORD YEAR NORMAL DEPARTURE LAST
                VALUE   (LST)  VALUE       VALUE  FROM      YEAR
                                                  NORMAL
..................................................................
TEMPERATURE (F)
 YESTERDAY
  MAXIMUM         89    223 PM  92    1934  69     20       74
  MINIMUM         57   1159 PM  24    1931  44     13       62
  AVERAGE         73                        56     17       68

PRECIPITATION (IN)
  YESTERDAY        0.30          2.16 1942   0.08   0.22     1.37
  MONTH TO DATE    0.30                      0.53  -0.23     1.40
  SINCE MAR 1      7.03                      3.77   3.26     2.95
  SINCE JAN 1      8.26                      4.33   3.93     3.72

SNOWFALL (IN)
  YESTERDAY        0.0           0.0    MM  MM     MM        0.0
  MONTH TO DATE    0.0                      MM     MM        0.0
  SINCE MAR 1      3.9                      MM     MM        0.7
  SINCE JUL 1     46.3                      MM     MM       22.6
  SNOW DEPTH       0

DEGREE DAYS
 HEATING
  YESTERDAY        0                         9     -9        0
  MONTH TO DATE   46                        60    -14       16
  SINCE MAR 1   1239                      1538   -299     1180
  SINCE JUL 1   6028                      7060  -1032     6670

 COOLING
  YESTERDAY        8                         1      7        3
  MONTH TO DATE    8                         3      5        5
  SINCE MAR 1     12                         5      7       11
  SINCE JAN 1     12                         5      7       11
..................................................................


WIND (MPH)
  HIGHEST WIND SPEED    23   HIGHEST WIND DIRECTION     N (20)
  HIGHEST GUST SPEED    29   HIGHEST GUST DIRECTION     N (20)
  AVERAGE WIND SPEED    12.0


SKY COVER
  POSSIBLE SUNSHINE  MM
  AVERAGE SKY COVER 0.0


WEATHER CONDITIONS
 THE FOLLOWING WEATHER WAS RECORDED YESTERDAY.
  THUNDERSTORM
  RAIN
  LIGHT RAIN


RELATIVE HUMIDITY (PERCENT)
 HIGHEST    64          1200 AM
 LOWEST     31           100 PM
 AVERAGE    48

..........................................................


THE MITCHELL SD CLIMATE NORMALS FOR TODAY
                         NORMAL    RECORD    YEAR
 MAXIMUM TEMPERATURE (F)   69        96      1963
 MINIMUM TEMPERATURE (F)   45        23      1943


SUNRISE AND SUNSET
MAY  7 2016...........SUNRISE   615 AM CDT   SUNSET   843 PM CDT
MAY  8 2016...........SUNRISE   614 AM CDT   SUNSET   844 PM CDT


-  INDICATES NEGATIVE NUMBERS.
R  INDICATES RECORD WAS SET OR TIED.
MM INDICATES DATA IS MISSING.
T  INDICATES TRACE AMOUNT.




$$
