000
CDUS43 KFSD 040626
CLIMHE


CLIMATE REPORT
NATIONAL WEATHER SERVICE SIOUX FALLS SD
125 AM CDT TUE AUG 4 2015


...................................

...THE MITCHELL SD CLIMATE SUMMARY FOR AUGUST 3 2015...

CLIMATE NORMAL PERIOD 1981 TO 2010
CLIMATE RECORD PERIOD 1893 TO 2015


WEATHER ITEM   OBSERVED TIME   RECORD YEAR NORMAL DEPARTURE LAST
                VALUE   (LST)  VALUE       VALUE  FROM      YEAR
                                                  NORMAL
..................................................................
TEMPERATURE (F)
 YESTERDAY
  MAXIMUM         85    443 PM 107    1930  85      0       86
  MINIMUM         55    533 AM  42    1907  63     -8       59
  AVERAGE         70                        74     -4       73

PRECIPITATION (IN)
  YESTERDAY        0.00          1.41 2005   0.07  -0.07     0.00
  MONTH TO DATE    0.00                      0.19  -0.19     0.10
  SINCE JUN 1      6.17                      7.43  -1.26     5.65
  SINCE JAN 1     13.26                     14.16  -0.90    10.38

SNOWFALL (IN)
  YESTERDAY        0.0           0.0    MM  MM     MM        0.0
  MONTH TO DATE    0.0                      MM     MM        0.0
  SINCE JUN 1      0.0                      MM     MM        0.0
  SINCE JUL 1      0.0                      MM     MM        0.0
  SNOW DEPTH       0

DEGREE DAYS
 HEATING
  YESTERDAY        0                         0      0        0
  MONTH TO DATE    0                         0      0        0
  SINCE JUN 1      5                        40    -35       35
  SINCE JUL 1      2                         5     -3        9

 COOLING
  YESTERDAY        5                         9     -4        8
  MONTH TO DATE   23                        27     -4       22
  SINCE JUN 1    513                       505      8      396
  SINCE JAN 1    544                       545     -1      474
..................................................................


WIND (MPH)
  HIGHEST WIND SPEED     9   HIGHEST WIND DIRECTION     N (10)
  HIGHEST GUST SPEED    14   HIGHEST GUST DIRECTION    NE (30)
  AVERAGE WIND SPEED     3.7


SKY COVER
  POSSIBLE SUNSHINE  MM
  AVERAGE SKY COVER 0.0


WEATHER CONDITIONS
 THE FOLLOWING WEATHER WAS RECORDED YESTERDAY.
  FOG


RELATIVE HUMIDITY (PERCENT)
 HIGHEST   100           500 AM
 LOWEST     40           300 PM
 AVERAGE    70

..........................................................


THE MITCHELL SD CLIMATE NORMALS FOR TODAY
                         NORMAL    RECORD    YEAR
 MAXIMUM TEMPERATURE (F)   85       115      1934
 MINIMUM TEMPERATURE (F)   62        40      1974


SUNRISE AND SUNSET
AUGUST  4 2015........SUNRISE   624 AM CDT   SUNSET   852 PM CDT
AUGUST  5 2015........SUNRISE   625 AM CDT   SUNSET   851 PM CDT


-  INDICATES NEGATIVE NUMBERS.
R  INDICATES RECORD WAS SET OR TIED.
MM INDICATES DATA IS MISSING.
T  INDICATES TRACE AMOUNT.




$$
