000
CDUS43 KFSD 300625
CLIMHE


CLIMATE REPORT
NATIONAL WEATHER SERVICE SIOUX FALLS SD
124 AM CDT SUN AUG 30 2015


...................................

...THE MITCHELL SD CLIMATE SUMMARY FOR AUGUST 29 2015...

CLIMATE NORMAL PERIOD 1981 TO 2010
CLIMATE RECORD PERIOD 1893 TO 2015


WEATHER ITEM   OBSERVED TIME   RECORD YEAR NORMAL DEPARTURE LAST
                VALUE   (LST)  VALUE       VALUE  FROM      YEAR
                                                  NORMAL
..................................................................
TEMPERATURE (F)
 YESTERDAY
  MAXIMUM         82    335 PM 103    2012  81      1       82
  MINIMUM         57    524 AM  37    1946  58     -1       63
  AVERAGE         70                        70      0       73

PRECIPITATION (IN)
  YESTERDAY        0.00          2.51 1920   0.07  -0.07     0.11
  MONTH TO DATE    3.66                      2.24   1.42     4.82
  SINCE JUN 1      9.84                      9.48   0.36    10.37
  SINCE JAN 1     16.93                     16.21   0.72    15.10

SNOWFALL (IN)
  YESTERDAY        0.0           0.0    MM  MM     MM        0.0
  MONTH TO DATE    0.0                      MM     MM        0.0
  SINCE JUN 1      0.0                      MM     MM        0.0
  SINCE JUL 1      0.0                      MM     MM        0.0
  SNOW DEPTH       0

DEGREE DAYS
 HEATING
  YESTERDAY        0                         1     -1        0
  MONTH TO DATE   26                         4     22        3
  SINCE JUN 1     31                        44    -13       38
  SINCE JUL 1     28                         9     19       12

 COOLING
  YESTERDAY        5                         5      0        8
  MONTH TO DATE  182                       218    -36      186
  SINCE JUN 1    672                       696    -24      560
  SINCE JAN 1    703                       736    -33      638
..................................................................


WIND (MPH)
  HIGHEST WIND SPEED    15   HIGHEST WIND DIRECTION     S (180)
  HIGHEST GUST SPEED    21   HIGHEST GUST DIRECTION     S (170)
  AVERAGE WIND SPEED     9.3


SKY COVER
  POSSIBLE SUNSHINE  MM
  AVERAGE SKY COVER 0.0


WEATHER CONDITIONS
 THE FOLLOWING WEATHER WAS RECORDED YESTERDAY.
  NO SIGNIFICANT WEATHER WAS OBSERVED.


RELATIVE HUMIDITY (PERCENT)
 HIGHEST   100           500 AM
 LOWEST     67           500 PM
 AVERAGE    84

..........................................................


THE MITCHELL SD CLIMATE NORMALS FOR TODAY
                         NORMAL    RECORD    YEAR
 MAXIMUM TEMPERATURE (F)   81       103      1898
 MINIMUM TEMPERATURE (F)   57        40      1946
                                             1935
                                             1915


SUNRISE AND SUNSET
AUGUST 30 2015........SUNRISE   653 AM CDT   SUNSET   812 PM CDT
AUGUST 31 2015........SUNRISE   654 AM CDT   SUNSET   810 PM CDT


-  INDICATES NEGATIVE NUMBERS.
R  INDICATES RECORD WAS SET OR TIED.
MM INDICATES DATA IS MISSING.
T  INDICATES TRACE AMOUNT.




$$
