000
CDUS43 KFSD 090701
CLIMHE


CLIMATE REPORT
NATIONAL WEATHER SERVICE SIOUX FALLS SD
100 AM CST TUE FEB 9 2016


...................................

...THE MITCHELL SD CLIMATE SUMMARY FOR FEBRUARY 8 2016...

CLIMATE NORMAL PERIOD 1981 TO 2010
CLIMATE RECORD PERIOD 1893 TO 2016


WEATHER ITEM   OBSERVED TIME   RECORD YEAR NORMAL DEPARTURE LAST
                VALUE   (LST)  VALUE       VALUE  FROM      YEAR
                                                  NORMAL
..................................................................
TEMPERATURE (F)
 YESTERDAY
  MAXIMUM         34    410 PM  64    2000  32      2       41
                                      1999
  MINIMUM         19   1159 PM -30    1933  12      7       26
                                      1899
  AVERAGE         27                        22      5       34

PRECIPITATION (IN)
  YESTERDAY        T             0.26 1994   0.01  -0.01     0.04
  MONTH TO DATE    0.06                      0.10  -0.04     0.22
  SINCE DEC 1      1.54                      0.77   0.77     1.97
  SINCE JAN 1      0.51                      0.32   0.19     0.75

SNOWFALL (IN)
  YESTERDAY        T             4.0  1994  MM     MM        0.0
  MONTH TO DATE    0.9                      MM     MM        2.6
  SINCE DEC 1     22.0                      MM     MM       16.1
  SINCE JUL 1     35.2                      MM     MM       21.7
  SNOW DEPTH       T

DEGREE DAYS
 HEATING
  YESTERDAY       38                        43     -5       31
  MONTH TO DATE  295                       353    -58      362
  SINCE DEC 1   2913                      3152   -239     2900
  SINCE JUL 1   4096                      4720   -624     4556

 COOLING
  YESTERDAY        0                         0      0        0
  MONTH TO DATE    0                         0      0        0
  SINCE DEC 1      0                         0      0        0
  SINCE JAN 1      0                         0      0        0
..................................................................


WIND (MPH)
  HIGHEST WIND SPEED    40   HIGHEST WIND DIRECTION    NW (330)
  HIGHEST GUST SPEED    50   HIGHEST GUST DIRECTION     N (340)
  AVERAGE WIND SPEED    22.0


SKY COVER
  POSSIBLE SUNSHINE  MM
  AVERAGE SKY COVER 0.4


WEATHER CONDITIONS
 THE FOLLOWING WEATHER WAS RECORDED YESTERDAY.
  LIGHT SNOW


RELATIVE HUMIDITY (PERCENT)
 HIGHEST    75           500 AM
 LOWEST     51           300 PM
 AVERAGE    63

..........................................................


THE MITCHELL SD CLIMATE NORMALS FOR TODAY
                         NORMAL    RECORD    YEAR
 MAXIMUM TEMPERATURE (F)   32        62      1954
 MINIMUM TEMPERATURE (F)   12       -40      1994


SUNRISE AND SUNSET
FEBRUARY  9 2016......SUNRISE   740 AM CST   SUNSET   553 PM CST
FEBRUARY 10 2016......SUNRISE   738 AM CST   SUNSET   555 PM CST


-  INDICATES NEGATIVE NUMBERS.
R  INDICATES RECORD WAS SET OR TIED.
MM INDICATES DATA IS MISSING.
T  INDICATES TRACE AMOUNT.




$$
