000
CDUS43 KFSD 062235
CLIMHE


CLIMATE REPORT
NATIONAL WEATHER SERVICE SIOUX FALLS SD
534 PM CDT WED APR 6 2016


...................................

...THE MITCHELL SD CLIMATE SUMMARY FOR APRIL 6 2016...
VALID TODAY AS OF 0500 PM LOCAL TIME.

CLIMATE NORMAL PERIOD 1981 TO 2010
CLIMATE RECORD PERIOD 1893 TO 2016


WEATHER ITEM   OBSERVED TIME   RECORD YEAR NORMAL DEPARTURE LAST
                VALUE   (LST)  VALUE       VALUE  FROM      YEAR
                                                  NORMAL
..................................................................
TEMPERATURE (F)
 TODAY
  MAXIMUM         50    359 PM  87    1991  55     -5       44
  MINIMUM         38   1048 AM  10    1982  31      7       38
  AVERAGE         44                        43      1       41

PRECIPITATION (IN)
  TODAY            0.03          1.50 2006   0.04  -0.01     0.05
  MONTH TO DATE    0.07                      0.17  -0.10     0.05
  SINCE MAR 1      1.43                      1.23   0.20     0.18
  SINCE JAN 1      2.66                      1.79   0.87     0.95

SNOWFALL (IN)
  TODAY            0.0           6.0  1938  MM     MM        0.0
  MONTH TO DATE    0.2                      MM     MM        0.0
  SINCE MAR 1      3.9                      MM     MM        0.7
  SINCE JUL 1     46.3                      MM     MM       22.6
  SNOW DEPTH       0

DEGREE DAYS
 HEATING
  TODAY           21                        22     -1       24
  MONTH TO DATE  115                       138    -23       97
  SINCE MAR 1    820                      1096   -276      865
  SINCE JUL 1   5609                      6618  -1009     6355

 COOLING
  TODAY            0                         0      0        0
  MONTH TO DATE    0                         0      0        0
  SINCE MAR 1      0                         0      0        4
  SINCE JAN 1      0                         0      0        4
..................................................................


WIND (MPH)
  HIGHEST WIND SPEED    38   HIGHEST WIND DIRECTION    NW (320)
  HIGHEST GUST SPEED    46   HIGHEST GUST DIRECTION    NW (300)
  AVERAGE WIND SPEED    25.4


SKY COVER
  POSSIBLE SUNSHINE  MM
  AVERAGE SKY COVER 0.9


WEATHER CONDITIONS
 THE FOLLOWING WEATHER WAS RECORDED TODAY.
  LIGHT RAIN


RELATIVE HUMIDITY (PERCENT)
 HIGHEST    85           600 AM
 LOWEST     50           400 PM
 AVERAGE    68

..........................................................


THE MITCHELL SD CLIMATE NORMALS FOR TOMORROW
                         NORMAL    RECORD    YEAR
 MAXIMUM TEMPERATURE (F)   56        85      1970
 MINIMUM TEMPERATURE (F)   32        10      1936


SUNRISE AND SUNSET
APRIL  6 2016.........SUNRISE   704 AM CDT   SUNSET   806 PM CDT
APRIL  7 2016.........SUNRISE   702 AM CDT   SUNSET   807 PM CDT


-  INDICATES NEGATIVE NUMBERS.
R  INDICATES RECORD WAS SET OR TIED.
MM INDICATES DATA IS MISSING.
T  INDICATES TRACE AMOUNT.




$$
