000
CDUS43 KFSD 200644
CLIMHE


CLIMATE REPORT
NATIONAL WEATHER SERVICE SIOUX FALLS SD
1243 AM CST FRI FEB 20 2015


...................................

...THE MITCHELL SD CLIMATE SUMMARY FOR FEBRUARY 19 2015...

CLIMATE NORMAL PERIOD 1981 TO 2010
CLIMATE RECORD PERIOD 1893 TO 2015


WEATHER ITEM   OBSERVED TIME   RECORD YEAR NORMAL DEPARTURE LAST
                VALUE   (LST)  VALUE       VALUE  FROM      YEAR
                                                  NORMAL
..................................................................
TEMPERATURE (F)
 YESTERDAY
  MAXIMUM         29    355 PM  67    1996  35     -6       58
  MINIMUM         -1    453 AM -26    1959  15    -16       27
                                      1929
  AVERAGE         14                        25    -11       43

PRECIPITATION (IN)
  YESTERDAY        0.00          1.05 1971   0.01  -0.01     0.00
  MONTH TO DATE    0.23                      0.23   0.00     0.20
  SINCE DEC 1      1.98                      0.90   1.08     1.02
  SINCE JAN 1      0.76                      0.45   0.31     0.37

SNOWFALL (IN)
  YESTERDAY        0.0          11.0  1971  MM     MM        0.0
  MONTH TO DATE    2.6                      MM     MM        3.2
  SINCE DEC 1     16.1                      MM     MM       15.4
  SINCE JUL 1     21.7                      MM     MM       19.4
  SNOW DEPTH       0

DEGREE DAYS
 HEATING
  YESTERDAY       51                        40     11       22
  MONTH TO DATE  863                       810     53      928
  SINCE DEC 1   3401                      3609   -208     3983
  SINCE JUL 1   5057                      5177   -120     5491

 COOLING
  YESTERDAY        0                         0      0        0
  MONTH TO DATE    0                         0      0        0
  SINCE DEC 1      0                         0      0        0
  SINCE JAN 1      0                         0      0        0
..................................................................


WIND (MPH)
  HIGHEST WIND SPEED    25   HIGHEST WIND DIRECTION     S (160)
  HIGHEST GUST SPEED    32   HIGHEST GUST DIRECTION    SE (150)
  AVERAGE WIND SPEED    14.6


SKY COVER
  POSSIBLE SUNSHINE  MM
  AVERAGE SKY COVER 0.4


WEATHER CONDITIONS
 THE FOLLOWING WEATHER WAS RECORDED YESTERDAY.
  NO SIGNIFICANT WEATHER WAS OBSERVED.


RELATIVE HUMIDITY (PERCENT)
 HIGHEST    75           700 AM
 LOWEST     34           400 PM
 AVERAGE    55

..........................................................


THE MITCHELL SD CLIMATE NORMALS FOR TODAY
                         NORMAL    RECORD    YEAR
 MAXIMUM TEMPERATURE (F)   35        68      1981
 MINIMUM TEMPERATURE (F)   16       -21      1918


SUNRISE AND SUNSET
FEBRUARY 20 2015......SUNRISE   724 AM CST   SUNSET   609 PM CST
FEBRUARY 21 2015......SUNRISE   722 AM CST   SUNSET   610 PM CST


-  INDICATES NEGATIVE NUMBERS.
R  INDICATES RECORD WAS SET OR TIED.
MM INDICATES DATA IS MISSING.
T  INDICATES TRACE AMOUNT.




$$
