000
CDUS43 KFSD 262230
CLIMHE


CLIMATE REPORT
NATIONAL WEATHER SERVICE SIOUX FALLS SD
426 PM CST THU JAN 26 2017


...................................

...THE MITCHELL SD CLIMATE SUMMARY FOR JANUARY 26 2017...
VALID TODAY AS OF 0400 PM LOCAL TIME.

CLIMATE NORMAL PERIOD 1981 TO 2010
CLIMATE RECORD PERIOD 1893 TO 2017


WEATHER ITEM   OBSERVED TIME   RECORD YEAR NORMAL DEPARTURE LAST
                VALUE   (LST)  VALUE       VALUE  FROM      YEAR
                                                  NORMAL
..................................................................
TEMPERATURE (F)
 TODAY
  MAXIMUM         22    359 PM  63    2006  29     -7       29
  MINIMUM         16    952 AM -28    1897  10      6       11
  AVERAGE         19                        19      0       20

PRECIPITATION (IN)
  TODAY            T             0.27 1997   0.01  -0.01     0.00
  MONTH TO DATE    0.76                      0.19   0.57     0.45
  SINCE DEC 1      1.87                      0.64   1.23     1.48
  SINCE JAN 1      0.76                      0.19   0.57     0.45

SNOWFALL (IN)
  TODAY            T             4.0  1997  MM     MM        0.0
  MONTH TO DATE    9.4                      MM     MM        6.3
  SINCE DEC 1     17.5                      MM     MM       21.1
  SINCE JUL 1     23.0                      MM     MM       34.3
  SNOW DEPTH       7

DEGREE DAYS
 HEATING
  TODAY           46                        46      0       45
  MONTH TO DATE 1197                      1207    -10     1275
  SINCE DEC 1   2585                      2574     11     2462
  SINCE JUL 1   3679                      4142   -463     3645

 COOLING
  TODAY            0                         0      0        0
  MONTH TO DATE    0                         0      0        0
  SINCE DEC 1      0                         0      0        0
  SINCE JAN 1      0                         0      0        0
..................................................................


WIND (MPH)
  HIGHEST WIND SPEED    22   HIGHEST WIND DIRECTION    NW (320)
  HIGHEST GUST SPEED    24   HIGHEST GUST DIRECTION    NW (320)
  AVERAGE WIND SPEED    14.6


SKY COVER
  POSSIBLE SUNSHINE  MM
  AVERAGE SKY COVER 0.9


WEATHER CONDITIONS
 THE FOLLOWING WEATHER WAS RECORDED TODAY.
  LIGHT SNOW
  FOG


RELATIVE HUMIDITY (PERCENT)
 HIGHEST    84          1200 AM
 LOWEST     73          1100 AM
 AVERAGE    79

..........................................................


THE MITCHELL SD CLIMATE NORMALS FOR TOMORROW
                         NORMAL    RECORD    YEAR
 MAXIMUM TEMPERATURE (F)   29        66      1989
 MINIMUM TEMPERATURE (F)   10       -25      1897


SUNRISE AND SUNSET
JANUARY 26 2017.......SUNRISE   755 AM CST   SUNSET   535 PM CST
JANUARY 27 2017.......SUNRISE   754 AM CST   SUNSET   537 PM CST


-  INDICATES NEGATIVE NUMBERS.
R  INDICATES RECORD WAS SET OR TIED.
MM INDICATES DATA IS MISSING.
T  INDICATES TRACE AMOUNT.




$$
