000
CDUS43 KFSD 300657
CLIMHE


CLIMATE REPORT
NATIONAL WEATHER SERVICE SIOUX FALLS SD
157 AM CDT FRI JUN 30 2017


...................................

...THE MITCHELL SD CLIMATE SUMMARY FOR JUNE 29 2017...

CLIMATE NORMAL PERIOD 1981 TO 2010
CLIMATE RECORD PERIOD 1893 TO 2017


WEATHER ITEM   OBSERVED TIME   RECORD YEAR NORMAL DEPARTURE LAST
                VALUE   (LST)  VALUE       VALUE  FROM      YEAR
                                                  NORMAL
..................................................................
TEMPERATURE (F)
 YESTERDAY
  MAXIMUM         81    209 PM 106    1931  86     -5       86
  MINIMUM         56    251 AM  42    1923  62     -6       65
  AVERAGE         69                        74     -5       76

PRECIPITATION (IN)
  YESTERDAY        T             1.42 1906   0.10  -0.10     0.00
  MONTH TO DATE    0.75                      4.03  -3.28     2.04
  SINCE JUN 1      0.75                      4.03  -3.28     2.04
  SINCE JAN 1      7.77                     10.76  -2.99    14.56

SNOWFALL (IN)
  YESTERDAY        0.0           0.0    MM  MM     MM        0.0
  MONTH TO DATE    0.0                      MM     MM        0.0
  SINCE JUN 1      0.0                      MM     MM        0.0
  SINCE JUL 1     30.6                      MM     MM       46.3
  SNOW DEPTH       0

DEGREE DAYS
 HEATING
  YESTERDAY        0                         0      0        0
  MONTH TO DATE   12                        33    -21        4
  SINCE JUN 1     12                        33    -21        4
  SINCE JUL 1   6295                      7243   -948     6149

 COOLING
  YESTERDAY        4                         9     -5       11
  MONTH TO DATE  215                       160     55      280
  SINCE JUN 1    215                       160     55      280
  SINCE JAN 1    247                       200     47      324
..................................................................


WIND (MPH)
  HIGHEST WIND SPEED    24   HIGHEST WIND DIRECTION     N (10)
  HIGHEST GUST SPEED    30   HIGHEST GUST DIRECTION     N (10)
  AVERAGE WIND SPEED     9.2


SKY COVER
  POSSIBLE SUNSHINE  MM
  AVERAGE SKY COVER 0.4


WEATHER CONDITIONS
 THE FOLLOWING WEATHER WAS RECORDED YESTERDAY.
  THUNDERSTORM
  LIGHT RAIN


RELATIVE HUMIDITY (PERCENT)
 HIGHEST    84           700 AM
 LOWEST     39          1200 PM
 AVERAGE    62

..........................................................


THE MITCHELL SD CLIMATE NORMALS FOR TODAY
                         NORMAL    RECORD    YEAR
 MAXIMUM TEMPERATURE (F)   86       105      1931
 MINIMUM TEMPERATURE (F)   62        45      1924


SUNRISE AND SUNSET
JUNE 30 2017..........SUNRISE   554 AM CDT   SUNSET   918 PM CDT
JULY  1 2017..........SUNRISE   554 AM CDT   SUNSET   918 PM CDT


-  INDICATES NEGATIVE NUMBERS.
R  INDICATES RECORD WAS SET OR TIED.
MM INDICATES DATA IS MISSING.
T  INDICATES TRACE AMOUNT.




$$
