000
CDUS43 KFSD 150643
CLIMHE


CLIMATE REPORT
NATIONAL WEATHER SERVICE SIOUX FALLS SD
143 AM CDT SUN MAR 15 2015


...................................

...THE MITCHELL SD CLIMATE SUMMARY FOR MARCH 14 2015...

CLIMATE NORMAL PERIOD 1981 TO 2010
CLIMATE RECORD PERIOD 1893 TO 2015


WEATHER ITEM   OBSERVED TIME   RECORD YEAR NORMAL DEPARTURE LAST
                VALUE   (LST)  VALUE       VALUE  FROM      YEAR
                                                  NORMAL
..................................................................
TEMPERATURE (F)
 YESTERDAY
  MAXIMUM         71    339 PM  78    1935  43     28       53
  MINIMUM         30    420 AM -18    1897  23      7       33
  AVERAGE         51                        33     18       43

PRECIPITATION (IN)
  YESTERDAY        0.00          1.37 2002   0.04  -0.04     0.00
  MONTH TO DATE    0.08                      0.38  -0.30     0.23
  SINCE MAR 1      0.08                      0.38  -0.30     0.23
  SINCE JAN 1      0.85                      0.94  -0.09     0.73

SNOWFALL (IN)
  YESTERDAY        0.0          13.0  2002  MM     MM        0.0
  MONTH TO DATE    0.7                      MM     MM        2.8
  SINCE MAR 1      0.7                      MM     MM        2.8
  SINCE JUL 1     22.6                      MM     MM       25.0
  SNOW DEPTH       0

DEGREE DAYS
 HEATING
  YESTERDAY       14                        32    -18       22
  MONTH TO DATE  400                       479    -79      525
  SINCE MAR 1    400                       479    -79      525
  SINCE JUL 1   5890                      6001   -111     6475

 COOLING
  YESTERDAY        0                         0      0        0
  MONTH TO DATE    0                         0      0        0
  SINCE MAR 1      0                         0      0        0
  SINCE JAN 1      0                         0      0        0
..................................................................


WIND (MPH)
  HIGHEST WIND SPEED    21   HIGHEST WIND DIRECTION     S (180)
  HIGHEST GUST SPEED    30   HIGHEST GUST DIRECTION     S (190)
  AVERAGE WIND SPEED    10.3


SKY COVER
  POSSIBLE SUNSHINE  MM
  AVERAGE SKY COVER 0.0


WEATHER CONDITIONS
 THE FOLLOWING WEATHER WAS RECORDED YESTERDAY.
  NO SIGNIFICANT WEATHER WAS OBSERVED.


RELATIVE HUMIDITY (PERCENT)
 HIGHEST    92           300 AM
 LOWEST     15           400 PM
 AVERAGE    54

..........................................................


THE MITCHELL SD CLIMATE NORMALS FOR TODAY
                         NORMAL    RECORD    YEAR
 MAXIMUM TEMPERATURE (F)   44        75      1935
 MINIMUM TEMPERATURE (F)   23       -16      1897


SUNRISE AND SUNSET
MARCH 15 2015.........SUNRISE   745 AM CDT   SUNSET   738 PM CDT
MARCH 16 2015.........SUNRISE   743 AM CDT   SUNSET   739 PM CDT


-  INDICATES NEGATIVE NUMBERS.
R  INDICATES RECORD WAS SET OR TIED.
MM INDICATES DATA IS MISSING.
T  INDICATES TRACE AMOUNT.




$$
