000
CDUS43 KFSD 262236
CLIMHE


CLIMATE REPORT
NATIONAL WEATHER SERVICE SIOUX FALLS SD
434 PM CST TUE DEC 26 2017


...................................

...THE MITCHELL SD CLIMATE SUMMARY FOR DECEMBER 26 2017...
VALID TODAY AS OF 0400 PM LOCAL TIME.

CLIMATE NORMAL PERIOD 1981 TO 2010
CLIMATE RECORD PERIOD 1893 TO 2017


WEATHER ITEM   OBSERVED TIME   RECORD YEAR NORMAL DEPARTURE LAST
                VALUE   (LST)  VALUE       VALUE  FROM      YEAR
                                                  NORMAL
..................................................................
TEMPERATURE (F)
 TODAY
  MAXIMUM          2    359 PM  57    2011  28    -26       24
  MINIMUM        -13    843 AM -25    1996  10    -23       14
                                      1902
  AVERAGE         -5                        19    -24       19

PRECIPITATION (IN)
  TODAY            0.00          0.37 2015   0.01  -0.01      T
  MONTH TO DATE    0.49                      0.38   0.11     1.11
  SINCE DEC 1      0.49                      0.38   0.11     1.11
  SINCE JAN 1     20.09                     21.45  -1.36    26.32

SNOWFALL (IN)
  TODAY            0.0           4.7  2015  MM     MM         T
  MONTH TO DATE    7.3                      MM     MM        8.1
  SINCE DEC 1      7.3                      MM     MM        8.1
  SINCE JUL 1      8.5                      MM     MM       13.6
  SNOW DEPTH       4

DEGREE DAYS
 HEATING
  TODAY           70                        46     24       46
  MONTH TO DATE  962                      1136   -174     1211
  SINCE DEC 1    962                      1136   -174     1211
  SINCE JUL 1   2351                      2704   -353     2305

 COOLING
  TODAY            0                         0      0        0
  MONTH TO DATE    0                         0      0        0
  SINCE DEC 1      0                         0      0        0
  SINCE JAN 1    890                       824     66     1036
..................................................................


WIND (MPH)
  HIGHEST WIND SPEED    13   HIGHEST WIND DIRECTION    NW (300)
  HIGHEST GUST SPEED    16   HIGHEST GUST DIRECTION     W (290)
  AVERAGE WIND SPEED     9.5


SKY COVER
  POSSIBLE SUNSHINE  MM
  AVERAGE SKY COVER 0.0


WEATHER CONDITIONS
 THE FOLLOWING WEATHER WAS RECORDED TODAY.
  NO SIGNIFICANT WEATHER WAS OBSERVED.


RELATIVE HUMIDITY (PERCENT)
 HIGHEST    72           200 AM
 LOWEST     57           300 PM
 AVERAGE    65

..........................................................


THE MITCHELL SD CLIMATE NORMALS FOR TOMORROW
                         NORMAL    RECORD    YEAR
 MAXIMUM TEMPERATURE (F)   28        63      1928
 MINIMUM TEMPERATURE (F)   10       -25      1996


SUNRISE AND SUNSET
DECEMBER 26 2017......SUNRISE   805 AM CST   SUNSET   501 PM CST
DECEMBER 27 2017......SUNRISE   805 AM CST   SUNSET   502 PM CST


-  INDICATES NEGATIVE NUMBERS.
R  INDICATES RECORD WAS SET OR TIED.
MM INDICATES DATA IS MISSING.
T  INDICATES TRACE AMOUNT.




$$
