000
CDUS43 KFSD 070636
CLIMHE


CLIMATE REPORT
NATIONAL WEATHER SERVICE SIOUX FALLS SD
135 AM CDT TUE OCT 7 2014


...................................

...THE MITCHELL SD CLIMATE SUMMARY FOR OCTOBER 6 2014...

CLIMATE NORMAL PERIOD 1981 TO 2010
CLIMATE RECORD PERIOD 1893 TO 2014


WEATHER ITEM   OBSERVED TIME   RECORD YEAR NORMAL DEPARTURE LAST
                VALUE   (LST)  VALUE       VALUE  FROM      YEAR
                                                  NORMAL
..................................................................
TEMPERATURE (F)
 YESTERDAY
  MAXIMUM         67   1212 PM  91    2007  67      0       63
                                      1961
                                      1958
  MINIMUM         38    548 AM  22    1935  41     -3       40
                                      1896
  AVERAGE         53                        54     -1       52

PRECIPITATION (IN)
  YESTERDAY        T             1.50 1901   0.06  -0.06     0.12
  MONTH TO DATE    0.06                      0.39  -0.33     1.16
  SINCE SEP 1      1.80                      2.71  -0.91     3.60
  SINCE JAN 1     16.90                     19.06  -2.16    22.09

SNOWFALL (IN)
  YESTERDAY        0.0           0.0    MM  MM     MM        0.0
  MONTH TO DATE    0.0                      MM     MM        0.0
  SINCE SEP 1      0.0                      MM     MM        0.0
  SINCE JUL 1      0.0                      MM     MM        0.0
  SNOW DEPTH       0

DEGREE DAYS
 HEATING
  YESTERDAY       12                        12      0       13
  MONTH TO DATE   78                        65     13       64
  SINCE SEP 1    196                       206    -10      102
  SINCE JUL 1    208                       223    -15      125

 COOLING
  YESTERDAY        0                         1     -1        0
  MONTH TO DATE    0                         6     -6        0
  SINCE SEP 1     78                        78      0      163
  SINCE JAN 1    724                       823    -99      944
..................................................................


WIND (MPH)
  HIGHEST WIND SPEED    26   HIGHEST WIND DIRECTION     W (280)
  HIGHEST GUST SPEED    33   HIGHEST GUST DIRECTION     W (280)
  AVERAGE WIND SPEED    11.0


SKY COVER
  POSSIBLE SUNSHINE  MM
  AVERAGE SKY COVER 0.3


WEATHER CONDITIONS
 THE FOLLOWING WEATHER WAS RECORDED YESTERDAY.
  LIGHT RAIN


RELATIVE HUMIDITY (PERCENT)
 HIGHEST    92           700 AM
 LOWEST     37          1100 AM
 AVERAGE    65

..........................................................


THE MITCHELL SD CLIMATE NORMALS FOR TODAY
                         NORMAL    RECORD    YEAR
 MAXIMUM TEMPERATURE (F)   66        90      1942
                                             1910
 MINIMUM TEMPERATURE (F)   40        19      1952


SUNRISE AND SUNSET
OCTOBER  7 2014.......SUNRISE   737 AM CDT   SUNSET   702 PM CDT
OCTOBER  8 2014.......SUNRISE   738 AM CDT   SUNSET   701 PM CDT


-  INDICATES NEGATIVE NUMBERS.
R  INDICATES RECORD WAS SET OR TIED.
MM INDICATES DATA IS MISSING.
T  INDICATES TRACE AMOUNT.




$$
