000
CDUS43 KFSD 080040
CLIMHE


CLIMATE REPORT
NATIONAL WEATHER SERVICE SIOUX FALLS SD
740 PM CDT SUN SEP 7 2014


...................................

...THE MITCHELL SD CLIMATE SUMMARY FOR SEPTEMBER 7 2014...
VALID AS OF 0700 PM LOCAL TIME.

CLIMATE NORMAL PERIOD 1981 TO 2010
CLIMATE RECORD PERIOD 1893 TO 2014


WEATHER ITEM   OBSERVED TIME   RECORD YEAR NORMAL DEPARTURE LAST
                VALUE   (LST)  VALUE       VALUE  FROM      YEAR
                                                  NORMAL
..................................................................
TEMPERATURE (F)
 TODAY
  MAXIMUM         80    444 PM 105    1931  79      1       92
  MINIMUM         53    626 AM  37    1898  54     -1       70
  AVERAGE         67                        66      1       81

PRECIPITATION (IN)
  TODAY            0.00          1.35 1946   0.07  -0.07      T
  MONTH TO DATE    0.39                      0.59  -0.20     0.01
  SINCE SEP 1      0.39                      0.59  -0.20     0.01
  SINCE JAN 1     15.49                     16.94  -1.45    18.50

SNOWFALL (IN)
  TODAY            0.0           0.0    MM  MM     MM        0.0
  MONTH TO DATE    0.0                      MM     MM        0.0
  SINCE SEP 1      0.0                      MM     MM        0.0
  SINCE JUL 1      0.0                      MM     MM        0.0
  SNOW DEPTH       0

DEGREE DAYS
 HEATING
  TODAY            0                         2     -2        0
  MONTH TO DATE    6                        13     -7        1
  SINCE SEP 1      6                        13     -7        1
  SINCE JUL 1     18                        30    -12       24

 COOLING
  TODAY            2                         4     -2       16
  MONTH TO DATE   20                        32    -12       64
  SINCE SEP 1     20                        32    -12       64
  SINCE JAN 1    666                       777   -111      845
..................................................................


WIND (MPH)
  HIGHEST WIND SPEED    20   HIGHEST WIND DIRECTION     S (170)
  HIGHEST GUST SPEED    27   HIGHEST GUST DIRECTION     S (160)
  AVERAGE WIND SPEED    10.9


SKY COVER
  POSSIBLE SUNSHINE  MM
  AVERAGE SKY COVER 0.1


WEATHER CONDITIONS
 THE FOLLOWING WEATHER WAS RECORDED TODAY.
  NO SIGNIFICANT WEATHER WAS OBSERVED.


RELATIVE HUMIDITY (PERCENT)
 HIGHEST    MM
 LOWEST     MM
 AVERAGE    MM

..........................................................


THE MITCHELL SD CLIMATE NORMALS FOR TOMORROW
                         NORMAL    RECORD    YEAR
 MAXIMUM TEMPERATURE (F)   79       102      1908
 MINIMUM TEMPERATURE (F)   53        37      1995
                                             1992


SUNRISE AND SUNSET
SEPTEMBER  7 2014.....SUNRISE   702 AM CDT   SUNSET   757 PM CDT
SEPTEMBER  8 2014.....SUNRISE   704 AM CDT   SUNSET   755 PM CDT


-  INDICATES NEGATIVE NUMBERS.
R  INDICATES RECORD WAS SET OR TIED.
MM INDICATES DATA IS MISSING.
T  INDICATES TRACE AMOUNT.

$$
