000
CDUS43 KFSD 190635
CLIMHE


CLIMATE REPORT
NATIONAL WEATHER SERVICE SIOUX FALLS SD
135 AM CDT SUN OCT 19 2014


...................................

...THE MITCHELL SD CLIMATE SUMMARY FOR OCTOBER 18 2014...

CLIMATE NORMAL PERIOD 1981 TO 2010
CLIMATE RECORD PERIOD 1893 TO 2014


WEATHER ITEM   OBSERVED TIME   RECORD YEAR NORMAL DEPARTURE LAST
                VALUE   (LST)  VALUE       VALUE  FROM      YEAR
                                                  NORMAL
..................................................................
TEMPERATURE (F)
 YESTERDAY
  MAXIMUM         60    305 PM  86    2005  61     -1       54
                                      2003
  MINIMUM         42   1202 AM  17    1907  37      5       32
  AVERAGE         51                        49      2       43

PRECIPITATION (IN)
  YESTERDAY        0.00          1.24 1984   0.06  -0.06     0.01
  MONTH TO DATE    0.08                      1.11  -1.03     4.06
  SINCE SEP 1      1.82                      3.43  -1.61     6.50
  SINCE JAN 1     16.92                     19.78  -2.86    24.99

SNOWFALL (IN)
  YESTERDAY        0.0           2.0  1976  MM     MM        0.0
  MONTH TO DATE    0.0                      MM     MM        0.0
  SINCE SEP 1      0.0                      MM     MM        0.0
  SINCE JUL 1      0.0                      MM     MM        0.0
  SNOW DEPTH       0

DEGREE DAYS
 HEATING
  YESTERDAY       14                        16     -2       22
  MONTH TO DATE  230                       235     -5      208
  SINCE SEP 1    348                       376    -28      246
  SINCE JUL 1    360                       393    -33      269

 COOLING
  YESTERDAY        0                         0      0        0
  MONTH TO DATE    0                         7     -7        2
  SINCE SEP 1     78                        79     -1      165
  SINCE JAN 1    724                       824   -100      946
..................................................................


WIND (MPH)
  HIGHEST WIND SPEED    17   HIGHEST WIND DIRECTION    SE (150)
  HIGHEST GUST SPEED    22   HIGHEST GUST DIRECTION     S (170)
  AVERAGE WIND SPEED     8.8


SKY COVER
  POSSIBLE SUNSHINE  MM
  AVERAGE SKY COVER 0.6


WEATHER CONDITIONS
 THE FOLLOWING WEATHER WAS RECORDED YESTERDAY.
  NO SIGNIFICANT WEATHER WAS OBSERVED.


RELATIVE HUMIDITY (PERCENT)
 HIGHEST    83           100 AM
 LOWEST     51           300 PM
 AVERAGE    67

..........................................................


THE MITCHELL SD CLIMATE NORMALS FOR TODAY
                         NORMAL    RECORD    YEAR
 MAXIMUM TEMPERATURE (F)   61        88      2000
 MINIMUM TEMPERATURE (F)   37        10      1917


SUNRISE AND SUNSET
OCTOBER 19 2014.......SUNRISE   751 AM CDT   SUNSET   642 PM CDT
OCTOBER 20 2014.......SUNRISE   753 AM CDT   SUNSET   640 PM CDT


-  INDICATES NEGATIVE NUMBERS.
R  INDICATES RECORD WAS SET OR TIED.
MM INDICATES DATA IS MISSING.
T  INDICATES TRACE AMOUNT.




$$
