000
CDUS43 KFSD 300700
CLIMHE


CLIMATE REPORT
NATIONAL WEATHER SERVICE SIOUX FALLS SD
159 AM CDT SAT AUG 30 2014


...................................

...THE MITCHELL SD CLIMATE SUMMARY FOR AUGUST 29 2014...

CLIMATE NORMAL PERIOD 1981 TO 2010
CLIMATE RECORD PERIOD 1893 TO 2014


WEATHER ITEM   OBSERVED TIME   RECORD YEAR NORMAL DEPARTURE LAST
                VALUE   (LST)  VALUE       VALUE  FROM      YEAR
                                                  NORMAL
..................................................................
TEMPERATURE (F)
 YESTERDAY
  MAXIMUM         82    454 PM 103    2012  81      1       96
  MINIMUM         63   1159 PM  37    1946  58      5       69
  AVERAGE         73                        70      3       83

PRECIPITATION (IN)
  YESTERDAY        0.11          2.51 1920   0.07   0.04     0.00
  MONTH TO DATE    4.82                      2.24   2.58     2.54
  SINCE JUN 1     10.37                      9.48   0.89     8.54
  SINCE JAN 1     15.10                     16.21  -1.11    18.49

SNOWFALL (IN)
  YESTERDAY        0.0           0.0    MM  MM     MM        0.0
  MONTH TO DATE    0.0                      MM     MM        0.0
  SINCE JUN 1      0.0                      MM     MM        0.0
  SINCE JUL 1      0.0                      MM     MM        0.0
  SNOW DEPTH       0

DEGREE DAYS
 HEATING
  YESTERDAY        0                         1     -1        0
  MONTH TO DATE    3                         4     -1        3
  SINCE JUN 1     38                        44     -6       73
  SINCE JUL 1     12                         9      3       23

 COOLING
  YESTERDAY        8                         5      3       18
  MONTH TO DATE  186                       218    -32      239
  SINCE JUN 1    560                       696   -136      694
  SINCE JAN 1    638                       736    -98      751
..................................................................


WIND (MPH)
  HIGHEST WIND SPEED    17   HIGHEST WIND DIRECTION    NW (300)
  HIGHEST GUST SPEED    23   HIGHEST GUST DIRECTION    NW (310)
  AVERAGE WIND SPEED     6.4


SKY COVER
  POSSIBLE SUNSHINE  MM
  AVERAGE SKY COVER 0.7


WEATHER CONDITIONS
 THE FOLLOWING WEATHER WAS RECORDED YESTERDAY.
  THUNDERSTORM
  RAIN
  LIGHT RAIN
  FOG
  FOG W/VISIBILITY <= 1/4 MILE


RELATIVE HUMIDITY (PERCENT)
 HIGHEST   100           300 AM
 LOWEST     58           500 PM
 AVERAGE    79

..........................................................


THE MITCHELL SD CLIMATE NORMALS FOR TODAY
                         NORMAL    RECORD    YEAR
 MAXIMUM TEMPERATURE (F)   81       103      1898
 MINIMUM TEMPERATURE (F)   57        40      1946
                                             1935
                                             1915


SUNRISE AND SUNSET
AUGUST 30 2014........SUNRISE   653 AM CDT   SUNSET   811 PM CDT
AUGUST 31 2014........SUNRISE   655 AM CDT   SUNSET   809 PM CDT


-  INDICATES NEGATIVE NUMBERS.
R  INDICATES RECORD WAS SET OR TIED.
MM INDICATES DATA IS MISSING.
T  INDICATES TRACE AMOUNT.




$$
