000
CDUS43 KFSD 230749
CLIMHE


CLIMATE REPORT
NATIONAL WEATHER SERVICE SIOUX FALLS SD
249 AM CDT SAT MAY 23 2015


...................................

...THE MITCHELL SD CLIMATE SUMMARY FOR MAY 22 2015...

CLIMATE NORMAL PERIOD 1981 TO 2010
CLIMATE RECORD PERIOD 1893 TO 2015


WEATHER ITEM   OBSERVED TIME   RECORD YEAR NORMAL DEPARTURE LAST
                VALUE   (LST)  VALUE       VALUE  FROM      YEAR
                                                  NORMAL
..................................................................
TEMPERATURE (F)
 YESTERDAY
  MAXIMUM         75    208 PM  95    1967  73      2       80
                                      1964
  MINIMUM         43    437 AM  26    1963  50     -7       47
  AVERAGE         59                        61     -2       64

PRECIPITATION (IN)
  YESTERDAY        0.00          1.11 1962   0.10  -0.10     0.00
  MONTH TO DATE    4.01                      1.73   2.28     1.01
  SINCE MAR 1      5.56                      4.97   0.59     2.58
  SINCE JAN 1      6.33                      5.53   0.80     3.08

SNOWFALL (IN)
  YESTERDAY        0.0           0.0    MM  MM     MM        0.0
  MONTH TO DATE    0.0                      MM     MM        0.0
  SINCE MAR 1      0.7                      MM     MM        8.6
  SINCE JUL 1     22.6                      MM     MM       30.8
  SNOW DEPTH       0

DEGREE DAYS
 HEATING
  YESTERDAY        6                         5      1        1
  MONTH TO DATE  176                       173      3      242
  SINCE MAR 1   1340                      1651   -311     1815
  SINCE JUL 1   6830                      7173   -343     7765

 COOLING
  YESTERDAY        0                         1     -1        0
  MONTH TO DATE   11                        19     -8        7
  SINCE MAR 1     17                        21     -4        7
  SINCE JAN 1     17                        21     -4        7
..................................................................


WIND (MPH)
  HIGHEST WIND SPEED    25   HIGHEST WIND DIRECTION    SW (210)
  HIGHEST GUST SPEED    32   HIGHEST GUST DIRECTION    SW (210)
  AVERAGE WIND SPEED     7.6


SKY COVER
  POSSIBLE SUNSHINE  MM
  AVERAGE SKY COVER 0.1


WEATHER CONDITIONS
 THE FOLLOWING WEATHER WAS RECORDED YESTERDAY.
  NO SIGNIFICANT WEATHER WAS OBSERVED.


RELATIVE HUMIDITY (PERCENT)
 HIGHEST    86           600 AM
 LOWEST     27           300 PM
 AVERAGE    57

..........................................................


THE MITCHELL SD CLIMATE NORMALS FOR TODAY
                         NORMAL    RECORD    YEAR
 MAXIMUM TEMPERATURE (F)   73       100      1926
 MINIMUM TEMPERATURE (F)   50        33      1947


SUNRISE AND SUNSET
MAY 23 2015...........SUNRISE   559 AM CDT   SUNSET   859 PM CDT
MAY 24 2015...........SUNRISE   559 AM CDT   SUNSET   900 PM CDT


-  INDICATES NEGATIVE NUMBERS.
R  INDICATES RECORD WAS SET OR TIED.
MM INDICATES DATA IS MISSING.
T  INDICATES TRACE AMOUNT.




$$
