000
CDUS43 KFSD 270640
CLIMHE


CLIMATE REPORT
NATIONAL WEATHER SERVICE SIOUX FALLS SD
139 AM CDT THU APR 27 2017


...................................

...THE MITCHELL SD CLIMATE SUMMARY FOR APRIL 26 2017...

CLIMATE NORMAL PERIOD 1981 TO 2010
CLIMATE RECORD PERIOD 1893 TO 2017


WEATHER ITEM   OBSERVED TIME   RECORD YEAR NORMAL DEPARTURE LAST
                VALUE   (LST)  VALUE       VALUE  FROM      YEAR
                                                  NORMAL
..................................................................
TEMPERATURE (F)
 YESTERDAY
  MAXIMUM         39    435 PM  93    1901  65    -26       56
  MINIMUM         32   1159 PM  23    1931  40     -8       39
  AVERAGE         36                        53    -17       48

PRECIPITATION (IN)
  YESTERDAY        T             1.29 1994   0.09  -0.09     0.30
  MONTH TO DATE    2.43                      1.78   0.65     2.04
  SINCE MAR 1      2.77                      2.84  -0.07     3.40
  SINCE JAN 1      3.93                      3.40   0.53     4.63

SNOWFALL (IN)
  YESTERDAY        0.0           2.0  1988  MM     MM        0.0
  MONTH TO DATE    1.6                      MM     MM        0.2
  SINCE MAR 1      5.2                      MM     MM        3.9
  SINCE JUL 1     30.6                      MM     MM       46.3
  SNOW DEPTH       0

DEGREE DAYS
 HEATING
  YESTERDAY       29                        13     16       17
  MONTH TO DATE  386                       472    -86      404
  SINCE MAR 1   1255                      1430   -175     1109
  SINCE JUL 1   5989                      6952   -963     5898

 COOLING
  YESTERDAY        0                         0      0        0
  MONTH TO DATE    0                         0      0        4
  SINCE MAR 1      0                         0      0        4
  SINCE JAN 1      0                         0      0        4
..................................................................


WIND (MPH)
  HIGHEST WIND SPEED    28   HIGHEST WIND DIRECTION    NW (330)
  HIGHEST GUST SPEED    35   HIGHEST GUST DIRECTION     N (350)
  AVERAGE WIND SPEED    18.0


SKY COVER
  POSSIBLE SUNSHINE  MM
  AVERAGE SKY COVER 1.0


WEATHER CONDITIONS
 THE FOLLOWING WEATHER WAS RECORDED YESTERDAY.
  LT FREEZING RAIN
  FOG


RELATIVE HUMIDITY (PERCENT)
 HIGHEST    96           100 AM
 LOWEST     64          1200 PM
 AVERAGE    80

..........................................................


THE MITCHELL SD CLIMATE NORMALS FOR TODAY
                         NORMAL    RECORD    YEAR
 MAXIMUM TEMPERATURE (F)   66        89      1952
 MINIMUM TEMPERATURE (F)   40        19      1909


SUNRISE AND SUNSET
APRIL 27 2017.........SUNRISE   630 AM CDT   SUNSET   831 PM CDT
APRIL 28 2017.........SUNRISE   628 AM CDT   SUNSET   832 PM CDT


-  INDICATES NEGATIVE NUMBERS.
R  INDICATES RECORD WAS SET OR TIED.
MM INDICATES DATA IS MISSING.
T  INDICATES TRACE AMOUNT.




$$
