000
CDUS43 KFSD 140627
CLIMHE


CLIMATE REPORT
NATIONAL WEATHER SERVICE SIOUX FALLS SD
125 AM CDT SAT OCT 14 2017


...................................

...THE MITCHELL SD CLIMATE SUMMARY FOR OCTOBER 13 2017...

CLIMATE NORMAL PERIOD 1981 TO 2010
CLIMATE RECORD PERIOD 1893 TO 2017


WEATHER ITEM   OBSERVED TIME   RECORD YEAR NORMAL DEPARTURE LAST
                VALUE   (LST)  VALUE       VALUE  FROM      YEAR
                                                  NORMAL
..................................................................
TEMPERATURE (F)
 YESTERDAY
  MAXIMUM         64    313 PM  93    1958  64      0       64
  MINIMUM         42   1159 PM  14    1909  38      4       31
  AVERAGE         53                        51      2       48

PRECIPITATION (IN)
  YESTERDAY        T             1.98 1943   0.06  -0.06     0.00
  MONTH TO DATE    2.86                      0.82   2.04     1.93
  SINCE SEP 1      5.47                      3.14   2.33     4.08
  SINCE JAN 1     19.29                     19.49  -0.20    23.49

SNOWFALL (IN)
  YESTERDAY        0.0           T    1969  MM     MM        0.0
  MONTH TO DATE    0.0                      MM     MM         T
  SINCE SEP 1      0.0                      MM     MM         T
  SINCE JUL 1      0.0                      MM     MM         T
  SNOW DEPTH       0

DEGREE DAYS
 HEATING
  YESTERDAY       12                        14     -2       17
  MONTH TO DATE  148                       158    -10      152
  SINCE SEP 1    242                       299    -57      228
  SINCE JUL 1    244                       316    -72      236

 COOLING
  YESTERDAY        0                         0      0        0
  MONTH TO DATE    5                         7     -2        4
  SINCE SEP 1    118                        79     39      103
  SINCE JAN 1    888                       824     64     1035
..................................................................


WIND (MPH)
  HIGHEST WIND SPEED    14   HIGHEST WIND DIRECTION     N (350)
  HIGHEST GUST SPEED    18   HIGHEST GUST DIRECTION     E (100)
  AVERAGE WIND SPEED     7.2


SKY COVER
  POSSIBLE SUNSHINE  MM
  AVERAGE SKY COVER 0.1


WEATHER CONDITIONS
 THE FOLLOWING WEATHER WAS RECORDED YESTERDAY.
  LIGHT RAIN


RELATIVE HUMIDITY (PERCENT)
 HIGHEST    76           700 AM
 LOWEST     25           300 PM
 AVERAGE    51

..........................................................


THE MITCHELL SD CLIMATE NORMALS FOR TODAY
                         NORMAL    RECORD    YEAR
 MAXIMUM TEMPERATURE (F)   63        89      1918
 MINIMUM TEMPERATURE (F)   38        10      1937


SUNRISE AND SUNSET
OCTOBER 14 2017.......SUNRISE   746 AM CDT   SUNSET   650 PM CDT
OCTOBER 15 2017.......SUNRISE   747 AM CDT   SUNSET   648 PM CDT


-  INDICATES NEGATIVE NUMBERS.
R  INDICATES RECORD WAS SET OR TIED.
MM INDICATES DATA IS MISSING.
T  INDICATES TRACE AMOUNT.




$$
