000
CDUS43 KFSD 300635
CLIMHE


CLIMATE REPORT
NATIONAL WEATHER SERVICE SIOUX FALLS SD
133 AM CDT TUE SEP 30 2014


...................................

...THE MITCHELL SD CLIMATE SUMMARY FOR SEPTEMBER 29 2014...

CLIMATE NORMAL PERIOD 1981 TO 2010
CLIMATE RECORD PERIOD 1893 TO 2014


WEATHER ITEM   OBSERVED TIME   RECORD YEAR NORMAL DEPARTURE LAST
                VALUE   (LST)  VALUE       VALUE  FROM      YEAR
                                                  NORMAL
..................................................................
TEMPERATURE (F)
 YESTERDAY
  MAXIMUM         75    336 PM  93    1991  70      5       83
  MINIMUM         57   1159 PM  11    1899  43     14       41
  AVERAGE         66                        57      9       62

PRECIPITATION (IN)
  YESTERDAY        0.00          0.53 2007   0.08  -0.08     0.00
  MONTH TO DATE    1.59                      2.25  -0.66     2.44
  SINCE SEP 1      1.59                      2.25  -0.66     2.44
  SINCE JAN 1     16.69                     18.60  -1.91    20.93

SNOWFALL (IN)
  YESTERDAY        0.0           0.0  2002  MM     MM        0.0
                                      2001
                                      2000
  MONTH TO DATE    0.0                      MM     MM        0.0
  SINCE SEP 1      0.0                      MM     MM        0.0
  SINCE JUL 1      0.0                      MM     MM        0.0
  SNOW DEPTH       0

DEGREE DAYS
 HEATING
  YESTERDAY        0                         9     -9        3
  MONTH TO DATE  118                       132    -14       38
  SINCE SEP 1    118                       132    -14       38
  SINCE JUL 1    130                       149    -19       61

 COOLING
  YESTERDAY        1                         1      0        0
  MONTH TO DATE   76                        72      4      158
  SINCE SEP 1     76                        72      4      158
  SINCE JAN 1    722                       817    -95      939
..................................................................


WIND (MPH)
  HIGHEST WIND SPEED    16   HIGHEST WIND DIRECTION     E (110)
  HIGHEST GUST SPEED    24   HIGHEST GUST DIRECTION     E (80)
  AVERAGE WIND SPEED    10.4


SKY COVER
  POSSIBLE SUNSHINE  MM
  AVERAGE SKY COVER 0.5


WEATHER CONDITIONS
 THE FOLLOWING WEATHER WAS RECORDED YESTERDAY.
  NO SIGNIFICANT WEATHER WAS OBSERVED.


RELATIVE HUMIDITY (PERCENT)
 HIGHEST    93           200 AM
 LOWEST     64           300 PM
 AVERAGE    79

..........................................................


THE MITCHELL SD CLIMATE NORMALS FOR TODAY
                         NORMAL    RECORD    YEAR
 MAXIMUM TEMPERATURE (F)   70        91      1992
                                             1932
 MINIMUM TEMPERATURE (F)   43        14      1899


SUNRISE AND SUNSET
SEPTEMBER 30 2014.....SUNRISE   729 AM CDT   SUNSET   715 PM CDT
OCTOBER  1 2014.......SUNRISE   730 AM CDT   SUNSET   713 PM CDT


-  INDICATES NEGATIVE NUMBERS.
R  INDICATES RECORD WAS SET OR TIED.
MM INDICATES DATA IS MISSING.
T  INDICATES TRACE AMOUNT.




$$
