000
CDUS43 KFSD 110638
CLIMHE


CLIMATE REPORT
NATIONAL WEATHER SERVICE SIOUX FALLS SD
1237 AM CST THU FEB 11 2016


...................................

...THE MITCHELL SD CLIMATE SUMMARY FOR FEBRUARY 10 2016...

CLIMATE NORMAL PERIOD 1981 TO 2010
CLIMATE RECORD PERIOD 1893 TO 2016


WEATHER ITEM   OBSERVED TIME   RECORD YEAR NORMAL DEPARTURE LAST
                VALUE   (LST)  VALUE       VALUE  FROM      YEAR
                                                  NORMAL
..................................................................
TEMPERATURE (F)
 YESTERDAY
  MAXIMUM         31    224 PM  66    1951  32     -1       44
  MINIMUM         19   1159 PM -40    1994  12      7       24
  AVERAGE         25                        22      3       34

PRECIPITATION (IN)
  YESTERDAY        0.00          0.95 2013   0.01  -0.01     0.01
  MONTH TO DATE    0.06                      0.13  -0.07     0.23
  SINCE DEC 1      1.54                      0.80   0.74     1.98
  SINCE JAN 1      0.51                      0.35   0.16     0.76

SNOWFALL (IN)
  YESTERDAY        0.0           9.6  2013  MM     MM         T
  MONTH TO DATE    0.9                      MM     MM        2.6
  SINCE DEC 1     22.0                      MM     MM       16.1
  SINCE JUL 1     35.2                      MM     MM       21.7
  SNOW DEPTH       0

DEGREE DAYS
 HEATING
  YESTERDAY       40                        43     -3       31
  MONTH TO DATE  378                       439    -61      427
  SINCE DEC 1   2996                      3238   -242     2965
  SINCE JUL 1   4179                      4806   -627     4621

 COOLING
  YESTERDAY        0                         0      0        0
  MONTH TO DATE    0                         0      0        0
  SINCE DEC 1      0                         0      0        0
  SINCE JAN 1      0                         0      0        0
..................................................................


WIND (MPH)
  HIGHEST WIND SPEED    17   HIGHEST WIND DIRECTION     E (110)
  HIGHEST GUST SPEED    22   HIGHEST GUST DIRECTION     E (110)
  AVERAGE WIND SPEED    10.8


SKY COVER
  POSSIBLE SUNSHINE  MM
  AVERAGE SKY COVER 0.7


WEATHER CONDITIONS
 THE FOLLOWING WEATHER WAS RECORDED YESTERDAY.
  NO SIGNIFICANT WEATHER WAS OBSERVED.


RELATIVE HUMIDITY (PERCENT)
 HIGHEST    88           800 AM
 LOWEST     69           100 PM
 AVERAGE    79

..........................................................


THE MITCHELL SD CLIMATE NORMALS FOR TODAY
                         NORMAL    RECORD    YEAR
 MAXIMUM TEMPERATURE (F)   32        63      1987
 MINIMUM TEMPERATURE (F)   13       -39      1899


SUNRISE AND SUNSET
FEBRUARY 11 2016......SUNRISE   737 AM CST   SUNSET   556 PM CST
FEBRUARY 12 2016......SUNRISE   736 AM CST   SUNSET   558 PM CST


-  INDICATES NEGATIVE NUMBERS.
R  INDICATES RECORD WAS SET OR TIED.
MM INDICATES DATA IS MISSING.
T  INDICATES TRACE AMOUNT.




$$
