000
CDUS43 KFSD 230632
CLIMHE


CLIMATE REPORT
NATIONAL WEATHER SERVICE SIOUX FALLS SD
130 AM CDT THU MAR 23 2017


...................................

...THE MITCHELL SD CLIMATE SUMMARY FOR MARCH 22 2017...

CLIMATE NORMAL PERIOD 1981 TO 2010
CLIMATE RECORD PERIOD 1893 TO 2017


WEATHER ITEM   OBSERVED TIME   RECORD YEAR NORMAL DEPARTURE LAST
                VALUE   (LST)  VALUE       VALUE  FROM      YEAR
                                                  NORMAL
..................................................................
TEMPERATURE (F)
 YESTERDAY
  MAXIMUM         43   1159 PM  87    1939  47     -4       62
  MINIMUM         28    254 AM  -5    1899  26      2       35
  AVERAGE         36                        36      0       49

PRECIPITATION (IN)
  YESTERDAY        0.00          1.16 2009   0.04  -0.04     0.00
  MONTH TO DATE    0.34                      0.65  -0.31     0.11
  SINCE MAR 1      0.34                      0.65  -0.31     0.11
  SINCE JAN 1      1.50                      1.21   0.29     1.34

SNOWFALL (IN)
  YESTERDAY       MM             4.0  1952  MM     MM        0.0
  MONTH TO DATE    3.6                      MM     MM        1.3
  SINCE MAR 1      3.6                      MM     MM        1.3
  SINCE JUL 1     29.0                      MM     MM       43.7
  SNOW DEPTH       0

DEGREE DAYS
 HEATING
  YESTERDAY       29                        29      0       16
  MONTH TO DATE  691                       719    -28      490
  SINCE MAR 1    691                       719    -28      490
  SINCE JUL 1   5425                      6241   -816     5279

 COOLING
  YESTERDAY        0                         0      0        0
  MONTH TO DATE    0                         0      0        0
  SINCE MAR 1      0                         0      0        0
  SINCE JAN 1      0                         0      0        0
..................................................................


WIND (MPH)
  HIGHEST WIND SPEED    32   HIGHEST WIND DIRECTION    SE (140)
  HIGHEST GUST SPEED    39   HIGHEST GUST DIRECTION    SE (150)
  AVERAGE WIND SPEED    20.1


SKY COVER
  POSSIBLE SUNSHINE  MM
  AVERAGE SKY COVER 0.8


WEATHER CONDITIONS
 THE FOLLOWING WEATHER WAS RECORDED YESTERDAY.
  LIGHT SNOW
  FOG


RELATIVE HUMIDITY (PERCENT)
 HIGHEST    85          1000 AM
 LOWEST     49           600 PM
 AVERAGE    67

..........................................................


THE MITCHELL SD CLIMATE NORMALS FOR TODAY
                         NORMAL    RECORD    YEAR
 MAXIMUM TEMPERATURE (F)   48        88      1910
 MINIMUM TEMPERATURE (F)   26       -16      1899


SUNRISE AND SUNSET
MARCH 23 2017.........SUNRISE   729 AM CDT   SUNSET   749 PM CDT
MARCH 24 2017.........SUNRISE   728 AM CDT   SUNSET   750 PM CDT


-  INDICATES NEGATIVE NUMBERS.
R  INDICATES RECORD WAS SET OR TIED.
MM INDICATES DATA IS MISSING.
T  INDICATES TRACE AMOUNT.




$$
