000
CDUS43 KFSD 310628
CLIMHE


CLIMATE REPORT
NATIONAL WEATHER SERVICE SIOUX FALLS SD
126 AM CDT MON AUG 31 2015


...................................

...THE MITCHELL SD CLIMATE SUMMARY FOR AUGUST 30 2015...

CLIMATE NORMAL PERIOD 1981 TO 2010
CLIMATE RECORD PERIOD 1893 TO 2015


WEATHER ITEM   OBSERVED TIME   RECORD YEAR NORMAL DEPARTURE LAST
                VALUE   (LST)  VALUE       VALUE  FROM      YEAR
                                                  NORMAL
..................................................................
TEMPERATURE (F)
 YESTERDAY
  MAXIMUM         84    248 PM 103    1898  81      3       72
  MINIMUM         62    603 AM  40    1946  57      5       59
                                      1935
                                      1915
  AVERAGE         73                        69      4       66

PRECIPITATION (IN)
  YESTERDAY        0.00          2.31 2010   0.07  -0.07     0.00
  MONTH TO DATE    3.66                      2.31   1.35     4.82
  SINCE JUN 1      9.84                      9.55   0.29    10.37
  SINCE JAN 1     16.93                     16.28   0.65    15.10

SNOWFALL (IN)
  YESTERDAY        0.0           0.0    MM  MM     MM        0.0
  MONTH TO DATE    0.0                      MM     MM        0.0
  SINCE JUN 1      0.0                      MM     MM        0.0
  SINCE JUL 1      0.0                      MM     MM        0.0
  SNOW DEPTH       0

DEGREE DAYS
 HEATING
  YESTERDAY        0                         1     -1        0
  MONTH TO DATE   26                         5     21        3
  SINCE JUN 1     31                        45    -14       38
  SINCE JUL 1     28                        10     18       12

 COOLING
  YESTERDAY        8                         5      3        1
  MONTH TO DATE  190                       223    -33      187
  SINCE JUN 1    680                       701    -21      561
  SINCE JAN 1    711                       741    -30      639
..................................................................


WIND (MPH)
  HIGHEST WIND SPEED    24   HIGHEST WIND DIRECTION     S (160)
  HIGHEST GUST SPEED    32   HIGHEST GUST DIRECTION    SE (150)
  AVERAGE WIND SPEED    14.6


SKY COVER
  POSSIBLE SUNSHINE  MM
  AVERAGE SKY COVER 0.1


WEATHER CONDITIONS
 THE FOLLOWING WEATHER WAS RECORDED YESTERDAY.
  FOG


RELATIVE HUMIDITY (PERCENT)
 HIGHEST   100           200 AM
 LOWEST     62          1200 PM
 AVERAGE    81

..........................................................


THE MITCHELL SD CLIMATE NORMALS FOR TODAY
                         NORMAL    RECORD    YEAR
 MAXIMUM TEMPERATURE (F)   81        99      1948
                                             1922
                                             1898
 MINIMUM TEMPERATURE (F)   57        40      1974


SUNRISE AND SUNSET
AUGUST 31 2015........SUNRISE   654 AM CDT   SUNSET   810 PM CDT
SEPTEMBER  1 2015.....SUNRISE   655 AM CDT   SUNSET   808 PM CDT


-  INDICATES NEGATIVE NUMBERS.
R  INDICATES RECORD WAS SET OR TIED.
MM INDICATES DATA IS MISSING.
T  INDICATES TRACE AMOUNT.




$$
