000
CDUS43 KFSD 260652
CLIMHE


CLIMATE REPORT
NATIONAL WEATHER SERVICE SIOUX FALLS SD
1252 AM CST FRI DEC 26 2014


...................................

...THE MITCHELL SD CLIMATE SUMMARY FOR DECEMBER 25 2014...

CLIMATE NORMAL PERIOD 1981 TO 2010
CLIMATE RECORD PERIOD 1893 TO 2014


WEATHER ITEM   OBSERVED TIME   RECORD YEAR NORMAL DEPARTURE LAST
                VALUE   (LST)  VALUE       VALUE  FROM      YEAR
                                                  NORMAL
..................................................................
TEMPERATURE (F)
 YESTERDAY
  MAXIMUM         33    410 PM  58    1943  28      5       34
                                      1938
  MINIMUM         26    322 AM -23    1983  10     16       14
  AVERAGE         30                        19     11       24

PRECIPITATION (IN)
  YESTERDAY        T             0.67 2009   0.00   0.00      T
  MONTH TO DATE    0.93                      0.37   0.56     0.55
  SINCE DEC 1      0.93                      0.37   0.56     0.55
  SINCE JAN 1     18.91                     21.44  -2.53    26.21

SNOWFALL (IN)
  YESTERDAY        T             8.1  2009  MM     MM         T
  MONTH TO DATE    4.5                      MM     MM        9.8
  SINCE DEC 1      4.5                      MM     MM        9.8
  SINCE JUL 1     10.1                      MM     MM       13.8
  SNOW DEPTH       2

DEGREE DAYS
 HEATING
  YESTERDAY       35                        46    -11       41
  MONTH TO DATE  891                      1090   -199     1312
  SINCE DEC 1    891                      1090   -199     1312
  SINCE JUL 1   2547                      2658   -111     2820

 COOLING
  YESTERDAY        0                         0      0        0
  MONTH TO DATE    0                         0      0        0
  SINCE DEC 1      0                         0      0        0
  SINCE JAN 1    724                       824   -100      946
..................................................................


WIND (MPH)
  HIGHEST WIND SPEED    23   HIGHEST WIND DIRECTION     N (10)
  HIGHEST GUST SPEED    28   HIGHEST GUST DIRECTION     N (10)
  AVERAGE WIND SPEED    12.2


SKY COVER
  POSSIBLE SUNSHINE  MM
  AVERAGE SKY COVER 0.8


WEATHER CONDITIONS
 THE FOLLOWING WEATHER WAS RECORDED YESTERDAY.
  LIGHT SNOW
  FOG


RELATIVE HUMIDITY (PERCENT)
 HIGHEST    92           100 AM
 LOWEST     84          1200 AM
 AVERAGE    88

..........................................................


THE MITCHELL SD CLIMATE NORMALS FOR TODAY
                         NORMAL    RECORD    YEAR
 MAXIMUM TEMPERATURE (F)   28        57      2011
 MINIMUM TEMPERATURE (F)   10       -25      1996
                                             1902


SUNRISE AND SUNSET
DECEMBER 26 2014......SUNRISE   805 AM CST   SUNSET   501 PM CST
DECEMBER 27 2014......SUNRISE   805 AM CST   SUNSET   501 PM CST


-  INDICATES NEGATIVE NUMBERS.
R  INDICATES RECORD WAS SET OR TIED.
MM INDICATES DATA IS MISSING.
T  INDICATES TRACE AMOUNT.




$$
