000
CDUS43 KFSD 170026
CLIMHE


CLIMATE REPORT
NATIONAL WEATHER SERVICE SIOUX FALLS SD
725 PM CDT TUE SEP 16 2014


...................................

...THE MITCHELL SD CLIMATE SUMMARY FOR SEPTEMBER 16 2014...
VALID AS OF 0700 PM LOCAL TIME.

CLIMATE NORMAL PERIOD 1981 TO 2010
CLIMATE RECORD PERIOD 1893 TO 2014


WEATHER ITEM   OBSERVED TIME   RECORD YEAR NORMAL DEPARTURE LAST
                VALUE   (LST)  VALUE       VALUE  FROM      YEAR
                                                  NORMAL
..................................................................
TEMPERATURE (F)
 TODAY
  MAXIMUM         74    348 PM  98    1955  76     -2       71
  MINIMUM         41    620 AM  27    1903  49     -8       51
  AVERAGE         58                        63     -5       61

PRECIPITATION (IN)
  TODAY            0.00          2.57 1986   0.07  -0.07     0.00
  MONTH TO DATE    0.88                      1.26  -0.38     0.23
  SINCE SEP 1      0.88                      1.26  -0.38     0.23
  SINCE JAN 1     15.98                     17.61  -1.63    18.72

SNOWFALL (IN)
  TODAY            0.0           0.0    MM  MM     MM        0.0
  MONTH TO DATE    0.0                      MM     MM        0.0
  SINCE SEP 1      0.0                      MM     MM        0.0
  SINCE JUL 1      0.0                      MM     MM        0.0
  SNOW DEPTH       0

DEGREE DAYS
 HEATING
  TODAY            7                         4      3        4
  MONTH TO DATE  100                        44     56       13
  SINCE SEP 1    100                        44     56       13
  SINCE JUL 1    112                        61     51       36

 COOLING
  TODAY            0                         2     -2        0
  MONTH TO DATE   26                        57    -31      115
  SINCE SEP 1     26                        57    -31      115
  SINCE JAN 1    672                       802   -130      896
..................................................................


WIND (MPH)
  HIGHEST WIND SPEED    18   HIGHEST WIND DIRECTION     S (190)
  HIGHEST GUST SPEED    26   HIGHEST GUST DIRECTION     S (180)
  AVERAGE WIND SPEED    10.4


SKY COVER
  POSSIBLE SUNSHINE  MM
  AVERAGE SKY COVER 0.1


WEATHER CONDITIONS
 THE FOLLOWING WEATHER WAS RECORDED TODAY.
  NO SIGNIFICANT WEATHER WAS OBSERVED.


RELATIVE HUMIDITY (PERCENT)
 HIGHEST    96           700 AM
 LOWEST     49           300 PM
 AVERAGE    73

..........................................................


THE MITCHELL SD CLIMATE NORMALS FOR TOMORROW
                         NORMAL    RECORD    YEAR
 MAXIMUM TEMPERATURE (F)   75        97      1955
                                             1940
 MINIMUM TEMPERATURE (F)   49        30      1916
                                             1899


SUNRISE AND SUNSET
SEPTEMBER 16 2014.....SUNRISE   713 AM CDT   SUNSET   741 PM CDT
SEPTEMBER 17 2014.....SUNRISE   714 AM CDT   SUNSET   739 PM CDT


-  INDICATES NEGATIVE NUMBERS.
R  INDICATES RECORD WAS SET OR TIED.
MM INDICATES DATA IS MISSING.
T  INDICATES TRACE AMOUNT.




$$
