000
CDUS43 KFSD 250015
CLIMHE


CLIMATE REPORT
NATIONAL WEATHER SERVICE SIOUX FALLS SD
714 PM CDT SUN MAY 24 2015


...................................

...THE MITCHELL SD CLIMATE SUMMARY FOR MAY 24 2015...
VALID TODAY AS OF 0700 PM LOCAL TIME.

CLIMATE NORMAL PERIOD 1981 TO 2010
CLIMATE RECORD PERIOD 1893 TO 2015


WEATHER ITEM   OBSERVED TIME   RECORD YEAR NORMAL DEPARTURE LAST
                VALUE   (LST)  VALUE       VALUE  FROM      YEAR
                                                  NORMAL
..................................................................
TEMPERATURE (F)
 TODAY
  MAXIMUM         64        MM  99    1926  73     -9       85
  MINIMUM         57        MM  26    1897  51      6       56
  AVERAGE         61                        62     -1       71

PRECIPITATION (IN)
  TODAY            0.40          2.00 1909   0.10   0.30     0.00
  MONTH TO DATE    4.43                      1.92   2.51     1.01
  SINCE MAR 1      5.98                      5.16   0.82     2.58
  SINCE JAN 1      6.75                      5.72   1.03     3.08

SNOWFALL (IN)
  TODAY            0.0           0.0    MM  MM     MM        0.0
  MONTH TO DATE    0.0                      MM     MM        0.0
  SINCE MAR 1      0.7                      MM     MM        8.6
  SINCE JUL 1     22.6                      MM     MM       30.8
  SNOW DEPTH       0

DEGREE DAYS
 HEATING
  TODAY            4                         5     -1        0
  MONTH TO DATE  186                       183      3      242
  SINCE MAR 1   1350                      1661   -311     1815
  SINCE JUL 1   6840                      7183   -343     7765

 COOLING
  TODAY            0                         2     -2        6
  MONTH TO DATE   11                        22    -11       19
  SINCE MAR 1     17                        24     -7       19
  SINCE JAN 1     17                        24     -7       19
..................................................................


WIND (MPH)
  HIGHEST WIND SPEED    16   HIGHEST WIND DIRECTION     E (70)
  HIGHEST GUST SPEED    MM   HIGHEST GUST DIRECTION    MM
  AVERAGE WIND SPEED     7.6


SKY COVER
  POSSIBLE SUNSHINE  MM
  AVERAGE SKY COVER 1.0


WEATHER CONDITIONS
 THE FOLLOWING WEATHER WAS RECORDED TODAY.
  HEAVY RAIN
  RAIN
  LIGHT RAIN
  FOG


RELATIVE HUMIDITY (PERCENT)
 HIGHEST   100           600 AM
 LOWEST     87           400 PM
 AVERAGE    94

..........................................................


THE MITCHELL SD CLIMATE NORMALS FOR TOMORROW
                         NORMAL    RECORD    YEAR
 MAXIMUM TEMPERATURE (F)   73       104      1967
 MINIMUM TEMPERATURE (F)   51        30      1901


SUNRISE AND SUNSET
MAY 24 2015...........SUNRISE   559 AM CDT   SUNSET   900 PM CDT
MAY 25 2015...........SUNRISE   558 AM CDT   SUNSET   901 PM CDT


-  INDICATES NEGATIVE NUMBERS.
R  INDICATES RECORD WAS SET OR TIED.
MM INDICATES DATA IS MISSING.
T  INDICATES TRACE AMOUNT.




$$
