000
CDUS43 KFSD 180648
CLIMHE


CLIMATE REPORT
NATIONAL WEATHER SERVICE SIOUX FALLS SD
146 AM CDT FRI APR 18 2014


...................................

...THE MITCHELL SD CLIMATE SUMMARY FOR APRIL 17 2014...

CLIMATE NORMAL PERIOD 1981 TO 2010
CLIMATE RECORD PERIOD 1893 TO 2014


WEATHER ITEM   OBSERVED TIME   RECORD YEAR NORMAL DEPARTURE LAST
                VALUE   (LST)  VALUE       VALUE  FROM      YEAR
                                                  NORMAL
..................................................................
TEMPERATURE (F)
 YESTERDAY
  MAXIMUM         49    536 PM  90    1985  61    -12       38
  MINIMUM         20    557 AM  11    1907  36    -16       30
  AVERAGE         35                        49    -14       34

PRECIPITATION (IN)
  YESTERDAY        T             0.64 1896   0.08  -0.08      T
  MONTH TO DATE    0.11                      0.95  -0.84     1.70
  SINCE MAR 1      1.15                      2.01  -0.86     2.50
  SINCE JAN 1      1.65                      2.57  -0.92     4.07

SNOWFALL (IN)
  YESTERDAY        0.0           3.0  1910  MM     MM         T
  MONTH TO DATE    T                        MM     MM       13.8
  SINCE MAR 1      8.6                      MM     MM       17.2
  SINCE JUL 1     30.8                      MM     MM       45.1
  SNOW DEPTH       0

DEGREE DAYS
 HEATING
  YESTERDAY       30                        16     14       31
  MONTH TO DATE  387                       344     43      481
  SINCE MAR 1   1433                      1302    131     1620
  SINCE JUL 1   7383                      6824    559     7085

 COOLING
  YESTERDAY        0                         0      0        0
  MONTH TO DATE    0                         0      0        0
  SINCE MAR 1      0                         0      0        0
  SINCE JAN 1      0                         0      0        0
..................................................................


WIND (MPH)
  HIGHEST WIND SPEED    15   HIGHEST WIND DIRECTION    SE (120)
  HIGHEST GUST SPEED    26   HIGHEST GUST DIRECTION     S (160)
  AVERAGE WIND SPEED     8.1


SKY COVER
  POSSIBLE SUNSHINE  MM
  AVERAGE SKY COVER 0.3


WEATHER CONDITIONS
 THE FOLLOWING WEATHER WAS RECORDED YESTERDAY.
  LIGHT RAIN


RELATIVE HUMIDITY (PERCENT)
 HIGHEST    96           200 AM
 LOWEST     26           300 PM
 AVERAGE    61

..........................................................


THE MITCHELL SD CLIMATE NORMALS FOR TODAY
                         NORMAL    RECORD    YEAR
 MAXIMUM TEMPERATURE (F)   62        92      1985
 MINIMUM TEMPERATURE (F)   36        17      1953


SUNRISE AND SUNSET
APRIL 18 2014.........SUNRISE   644 AM CDT   SUNSET   819 PM CDT
APRIL 19 2014.........SUNRISE   643 AM CDT   SUNSET   821 PM CDT


-  INDICATES NEGATIVE NUMBERS.
R  INDICATES RECORD WAS SET OR TIED.
MM INDICATES DATA IS MISSING.
T  INDICATES TRACE AMOUNT.




$$
