000
CDUS43 KFSD 080626
CLIMHE


CLIMATE REPORT
NATIONAL WEATHER SERVICE SIOUX FALLS SD
1226 AM CST THU DEC 8 2016


...................................

...THE MITCHELL SD CLIMATE SUMMARY FOR DECEMBER 7 2016...

CLIMATE NORMAL PERIOD 1981 TO 2010
CLIMATE RECORD PERIOD 1893 TO 2016


WEATHER ITEM   OBSERVED TIME   RECORD YEAR NORMAL DEPARTURE LAST
                VALUE   (LST)  VALUE       VALUE  FROM      YEAR
                                                  NORMAL
..................................................................
TEMPERATURE (F)
 YESTERDAY
  MAXIMUM         20    130 PM  58    1984  32    -12       47
                                      1965
  MINIMUM          9   1159 PM -18    2013  14     -5       32
  AVERAGE         15                        23     -8       40

PRECIPITATION (IN)
  YESTERDAY        0.00          0.31 1927   0.02  -0.02     0.00
  MONTH TO DATE    0.03                      0.17  -0.14     0.16
  SINCE DEC 1      0.03                      0.17  -0.14     0.16
  SINCE JAN 1     25.24                     21.24   4.00    22.57

SNOWFALL (IN)
  YESTERDAY        0.0           3.0  1927  MM     MM        0.0
  MONTH TO DATE    T                        MM     MM        2.6
  SINCE DEC 1      T                        MM     MM        2.6
  SINCE JUL 1      5.5                      MM     MM       15.8
  SNOW DEPTH       0

DEGREE DAYS
 HEATING
  YESTERDAY       50                        42      8       25
  MONTH TO DATE  258                       287    -29      251
  SINCE DEC 1    258                       287    -29      251
  SINCE JUL 1   1352                      1855   -503     1434

 COOLING
  YESTERDAY        0                         0      0        0
  MONTH TO DATE    0                         0      0        0
  SINCE DEC 1      0                         0      0        0
  SINCE JAN 1   1036                       824    212      894
..................................................................


WIND (MPH)
  HIGHEST WIND SPEED    36   HIGHEST WIND DIRECTION    NW (300)
  HIGHEST GUST SPEED    42   HIGHEST GUST DIRECTION    NW (310)
  AVERAGE WIND SPEED    22.1


SKY COVER
  POSSIBLE SUNSHINE  MM
  AVERAGE SKY COVER 0.4


WEATHER CONDITIONS
 THE FOLLOWING WEATHER WAS RECORDED YESTERDAY.
  NO SIGNIFICANT WEATHER WAS OBSERVED.


RELATIVE HUMIDITY (PERCENT)
 HIGHEST    73          1200 AM
 LOWEST     51           100 PM
 AVERAGE    62

..........................................................


THE MITCHELL SD CLIMATE NORMALS FOR TODAY
                         NORMAL    RECORD    YEAR
 MAXIMUM TEMPERATURE (F)   32        62      1939
 MINIMUM TEMPERATURE (F)   13       -23      1927


SUNRISE AND SUNSET
DECEMBER  8 2016......SUNRISE   754 AM CST   SUNSET   455 PM CST
DECEMBER  9 2016......SUNRISE   755 AM CST   SUNSET   455 PM CST


-  INDICATES NEGATIVE NUMBERS.
R  INDICATES RECORD WAS SET OR TIED.
MM INDICATES DATA IS MISSING.
T  INDICATES TRACE AMOUNT.




$$
