590
CDUS43 KFSD 220621
CLIMHE


CLIMATE REPORT
NATIONAL WEATHER SERVICE SIOUX FALLS SD
1220 AM CST WED NOV 22 2017


...................................

...THE MITCHELL SD CLIMATE SUMMARY FOR NOVEMBER 21 2017...

CLIMATE NORMAL PERIOD 1981 TO 2010
CLIMATE RECORD PERIOD 1893 TO 2017


WEATHER ITEM   OBSERVED TIME   RECORD YEAR NORMAL DEPARTURE LAST
                VALUE   (LST)  VALUE       VALUE  FROM      YEAR
                                                  NORMAL
..................................................................
TEMPERATURE (F)
 YESTERDAY
  MAXIMUM         41    316 AM  75    1960  41      0       38
  MINIMUM         13   1026 PM  -9    1937  21     -8       21
  AVERAGE         27                        31     -4       30

PRECIPITATION (IN)
  YESTERDAY        0.00          0.49 1947   0.02  -0.02      T
  MONTH TO DATE    0.10                      0.62  -0.52     0.52
  SINCE SEP 1      5.78                      4.56   1.22     4.62
  SINCE JAN 1     19.60                     20.91  -1.31    24.03

SNOWFALL (IN)
  YESTERDAY        0.0           2.5  1985  MM     MM        0.0
  MONTH TO DATE    1.2                      MM     MM        4.2
  SINCE SEP 1      1.2                      MM     MM        4.2
  SINCE JUL 1      1.2                      MM     MM        4.2
  SNOW DEPTH       0

DEGREE DAYS
 HEATING
  YESTERDAY       38                        34      4       35
  MONTH TO DATE  645                       593     52      382
  SINCE SEP 1   1183                      1217    -34      825
  SINCE JUL 1   1185                      1234    -49      833

 COOLING
  YESTERDAY        0                         0      0        0
  MONTH TO DATE    0                         0      0        0
  SINCE SEP 1    120                        79     41      104
  SINCE JAN 1    890                       824     66     1036
..................................................................


WIND (MPH)
  HIGHEST WIND SPEED    36   HIGHEST WIND DIRECTION    NW (320)
  HIGHEST GUST SPEED    44   HIGHEST GUST DIRECTION    NW (310)
  AVERAGE WIND SPEED    15.6


SKY COVER
  POSSIBLE SUNSHINE  MM
  AVERAGE SKY COVER 0.2


WEATHER CONDITIONS
 THE FOLLOWING WEATHER WAS RECORDED YESTERDAY.
  NO SIGNIFICANT WEATHER WAS OBSERVED.


RELATIVE HUMIDITY (PERCENT)
 HIGHEST    73          1000 PM
 LOWEST     41           300 AM
 AVERAGE    57

..........................................................


THE MITCHELL SD CLIMATE NORMALS FOR TODAY
                         NORMAL    RECORD    YEAR
 MAXIMUM TEMPERATURE (F)   40        67      2006
 MINIMUM TEMPERATURE (F)   20        -7      1929
                                             1898


SUNRISE AND SUNSET
NOVEMBER 22 2017......SUNRISE   736 AM CST   SUNSET   501 PM CST
NOVEMBER 23 2017......SUNRISE   737 AM CST   SUNSET   500 PM CST


-  INDICATES NEGATIVE NUMBERS.
R  INDICATES RECORD WAS SET OR TIED.
MM INDICATES DATA IS MISSING.
T  INDICATES TRACE AMOUNT.




$$
