597
CDUS43 KFSD 170703
CLIMHE


CLIMATE REPORT
NATIONAL WEATHER SERVICE SIOUX FALLS SD
201 AM CDT SUN SEP 17 2017


...................................

...THE MITCHELL SD CLIMATE SUMMARY FOR SEPTEMBER 16 2017...

CLIMATE NORMAL PERIOD 1981 TO 2010
CLIMATE RECORD PERIOD 1893 TO 2017


WEATHER ITEM   OBSERVED TIME   RECORD YEAR NORMAL DEPARTURE LAST
                VALUE   (LST)  VALUE       VALUE  FROM      YEAR
                                                  NORMAL
..................................................................
TEMPERATURE (F)
 YESTERDAY
  MAXIMUM         63    356 PM  98    1955  76    -13       76
  MINIMUM         46   1159 PM  27    1903  49     -3       55
  AVERAGE         55                        63     -8       66

PRECIPITATION (IN)
  YESTERDAY        0.11          1.93 1907   0.07   0.04     0.00
  MONTH TO DATE    0.44                      1.26  -0.82     2.12
  SINCE SEP 1      0.44                      1.26  -0.82     2.12
  SINCE JAN 1     14.26                     17.61  -3.35    21.53

SNOWFALL (IN)
  YESTERDAY        0.0           0.0    MM  MM     MM        0.0
  MONTH TO DATE    0.0                      MM     MM        0.0
  SINCE SEP 1      0.0                      MM     MM        0.0
  SINCE JUL 1      0.0                      MM     MM        0.0
  SNOW DEPTH       0

DEGREE DAYS
 HEATING
  YESTERDAY       10                         4      6        0
  MONTH TO DATE   26                        44    -18       35
  SINCE SEP 1     26                        44    -18       35
  SINCE JUL 1     28                        61    -33       43

 COOLING
  YESTERDAY        0                         2     -2        1
  MONTH TO DATE   86                        57     29       51
  SINCE SEP 1     86                        57     29       51
  SINCE JAN 1    856                       802     54      983
..................................................................


WIND (MPH)
  HIGHEST WIND SPEED    22   HIGHEST WIND DIRECTION     N (20)
  HIGHEST GUST SPEED    28   HIGHEST GUST DIRECTION     N (10)
  AVERAGE WIND SPEED    11.2


SKY COVER
  POSSIBLE SUNSHINE  MM
  AVERAGE SKY COVER 0.7


WEATHER CONDITIONS
 THE FOLLOWING WEATHER WAS RECORDED YESTERDAY.
  THUNDERSTORM
  HEAVY RAIN
  LIGHT RAIN
  FOG


RELATIVE HUMIDITY (PERCENT)
 HIGHEST    93          1100 PM
 LOWEST     56           300 PM
 AVERAGE    75

..........................................................


THE MITCHELL SD CLIMATE NORMALS FOR TODAY
                         NORMAL    RECORD    YEAR
 MAXIMUM TEMPERATURE (F)   75        97      1955
                                             1940
 MINIMUM TEMPERATURE (F)   49        30      1916
                                             1899


SUNRISE AND SUNSET
SEPTEMBER 17 2017.....SUNRISE   714 AM CDT   SUNSET   738 PM CDT
SEPTEMBER 18 2017.....SUNRISE   715 AM CDT   SUNSET   736 PM CDT


-  INDICATES NEGATIVE NUMBERS.
R  INDICATES RECORD WAS SET OR TIED.
MM INDICATES DATA IS MISSING.
T  INDICATES TRACE AMOUNT.




$$
