000
CDUS43 KFSD 260643
CLIMHE


CLIMATE REPORT
NATIONAL WEATHER SERVICE SIOUX FALLS SD
143 AM CDT TUE APR 26 2016


...................................

...THE MITCHELL SD CLIMATE SUMMARY FOR APRIL 25 2016...

CLIMATE NORMAL PERIOD 1981 TO 2010
CLIMATE RECORD PERIOD 1893 TO 2016


WEATHER ITEM   OBSERVED TIME   RECORD YEAR NORMAL DEPARTURE LAST
                VALUE   (LST)  VALUE       VALUE  FROM      YEAR
                                                  NORMAL
..................................................................
TEMPERATURE (F)
 YESTERDAY
  MAXIMUM         61   1250 AM  97    1962  65     -4       61
  MINIMUM         47   1159 PM  23    1907  40      7       48
  AVERAGE         54                        52      2       55

PRECIPITATION (IN)
  YESTERDAY        0.03          2.07 1935   0.10  -0.07     0.08
  MONTH TO DATE    1.74                      1.69   0.05     1.42
  SINCE MAR 1      3.10                      2.75   0.35     1.55
  SINCE JAN 1      4.33                      3.31   1.02     2.32

SNOWFALL (IN)
  YESTERDAY        0.0          11.2  2008  MM     MM        0.0
  MONTH TO DATE    0.2                      MM     MM        0.0
  SINCE MAR 1      3.9                      MM     MM        0.7
  SINCE JUL 1     46.3                      MM     MM       22.6
  SNOW DEPTH       0

DEGREE DAYS
 HEATING
  YESTERDAY       11                        13     -2       10
  MONTH TO DATE  387                       459    -72      347
  SINCE MAR 1   1092                      1417   -325     1115
  SINCE JUL 1   5881                      6939  -1058     6605

 COOLING
  YESTERDAY        0                         0      0        0
  MONTH TO DATE    4                         0      4        2
  SINCE MAR 1      4                         0      4        6
  SINCE JAN 1      4                         0      4        6
..................................................................


WIND (MPH)
  HIGHEST WIND SPEED    24   HIGHEST WIND DIRECTION     W (290)
  HIGHEST GUST SPEED    29   HIGHEST GUST DIRECTION     W (290)
  AVERAGE WIND SPEED    15.0


SKY COVER
  POSSIBLE SUNSHINE  MM
  AVERAGE SKY COVER 1.0


WEATHER CONDITIONS
 THE FOLLOWING WEATHER WAS RECORDED YESTERDAY.
  LIGHT RAIN


RELATIVE HUMIDITY (PERCENT)
 HIGHEST    89           500 AM
 LOWEST     61           300 PM
 AVERAGE    75

..........................................................


THE MITCHELL SD CLIMATE NORMALS FOR TODAY
                         NORMAL    RECORD    YEAR
 MAXIMUM TEMPERATURE (F)   65        93      1901
 MINIMUM TEMPERATURE (F)   40        23      1931


SUNRISE AND SUNSET
APRIL 26 2016.........SUNRISE   631 AM CDT   SUNSET   830 PM CDT
APRIL 27 2016.........SUNRISE   629 AM CDT   SUNSET   831 PM CDT


-  INDICATES NEGATIVE NUMBERS.
R  INDICATES RECORD WAS SET OR TIED.
MM INDICATES DATA IS MISSING.
T  INDICATES TRACE AMOUNT.




$$
