000
CDUS43 KFSD 250639
CLIMHE


CLIMATE REPORT
NATIONAL WEATHER SERVICE SIOUX FALLS SD
139 AM CDT WED MAY 25 2016


...................................

...THE MITCHELL SD CLIMATE SUMMARY FOR MAY 24 2016...

CLIMATE NORMAL PERIOD 1981 TO 2010
CLIMATE RECORD PERIOD 1893 TO 2016


WEATHER ITEM   OBSERVED TIME   RECORD YEAR NORMAL DEPARTURE LAST
                VALUE   (LST)  VALUE       VALUE  FROM      YEAR
                                                  NORMAL
..................................................................
TEMPERATURE (F)
 YESTERDAY
  MAXIMUM         85    504 PM  99    1926  73     12       64
  MINIMUM         54    424 AM  26    1897  51      3       57
  AVERAGE         70                        62      8       61

PRECIPITATION (IN)
  YESTERDAY        0.00          2.00 1909   0.10  -0.10     0.42
  MONTH TO DATE    2.16                      1.92   0.24     4.45
  SINCE MAR 1      8.89                      5.16   3.73     6.00
  SINCE JAN 1     10.12                      5.72   4.40     6.77

SNOWFALL (IN)
  YESTERDAY        0.0           0.0    MM  MM     MM        0.0
  MONTH TO DATE    0.0                      MM     MM        0.0
  SINCE MAR 1      3.9                      MM     MM        0.7
  SINCE JUL 1     46.3                      MM     MM       22.6
  SNOW DEPTH       0

DEGREE DAYS
 HEATING
  YESTERDAY        0                         5     -5        4
  MONTH TO DATE  161                       183    -22      186
  SINCE MAR 1   1354                      1661   -307     1350
  SINCE JUL 1   6143                      7183  -1040     6840

 COOLING
  YESTERDAY        5                         2      3        0
  MONTH TO DATE   23                        22      1       11
  SINCE MAR 1     27                        24      3       17
  SINCE JAN 1     27                        24      3       17
..................................................................


WIND (MPH)
  HIGHEST WIND SPEED    16   HIGHEST WIND DIRECTION    SE (150)
  HIGHEST GUST SPEED    20   HIGHEST GUST DIRECTION    SE (150)
  AVERAGE WIND SPEED     5.4


SKY COVER
  POSSIBLE SUNSHINE  MM
  AVERAGE SKY COVER 0.3


WEATHER CONDITIONS
 THE FOLLOWING WEATHER WAS RECORDED YESTERDAY.
  FOG
  FOG W/VISIBILITY <= 1/4 MILE


RELATIVE HUMIDITY (PERCENT)
 HIGHEST   100           200 AM
 LOWEST     25           500 PM
 AVERAGE    63

..........................................................


THE MITCHELL SD CLIMATE NORMALS FOR TODAY
                         NORMAL    RECORD    YEAR
 MAXIMUM TEMPERATURE (F)   73       104      1967
 MINIMUM TEMPERATURE (F)   51        30      1901


SUNRISE AND SUNSET
MAY 25 2016...........SUNRISE   557 AM CDT   SUNSET   902 PM CDT
MAY 26 2016...........SUNRISE   556 AM CDT   SUNSET   903 PM CDT


-  INDICATES NEGATIVE NUMBERS.
R  INDICATES RECORD WAS SET OR TIED.
MM INDICATES DATA IS MISSING.
T  INDICATES TRACE AMOUNT.




$$
