000
CDUS43 KFSD 290037
CLIMHE


CLIMATE REPORT
NATIONAL WEATHER SERVICE SIOUX FALLS SD
736 PM CDT MON JUL 28 2014


...................................

...THE MITCHELL SD CLIMATE SUMMARY FOR JULY 28 2014...
VALID AS OF 0700 PM LOCAL TIME.

CLIMATE NORMAL PERIOD 1981 TO 2010
CLIMATE RECORD PERIOD 1893 TO 2014


WEATHER ITEM   OBSERVED TIME   RECORD YEAR NORMAL DEPARTURE LAST
                VALUE   (LST)  VALUE       VALUE  FROM      YEAR
                                                  NORMAL
..................................................................
TEMPERATURE (F)
 TODAY
  MAXIMUM         78    334 PM 109    1935  86     -8       75
  MINIMUM         53    540 AM  43    2013  63    -10       43
  AVERAGE         66                        74     -8       59

PRECIPITATION (IN)
  TODAY            0.00          0.77 1903   0.10  -0.10     0.00
  MONTH TO DATE    1.22                      2.83  -1.61     3.80
  SINCE JUN 1      5.41                      6.96  -1.55     5.94
  SINCE JAN 1     10.14                     13.69  -3.55    15.89

SNOWFALL (IN)
  TODAY            0.0           0.0    MM  MM     MM        0.0
  MONTH TO DATE    0.0                      MM     MM        0.0
  SINCE JUN 1      0.0                      MM     MM        0.0
  SINCE JUL 1      0.0                      MM     MM        0.0
  SNOW DEPTH       0

DEGREE DAYS
 HEATING
  TODAY            0                         0      0        6
  MONTH TO DATE    9                         0      9       16
  SINCE JUN 1     35                        35      0       66
  SINCE JUL 1      9                         0      9       16

 COOLING
  TODAY            1                         9     -8        0
  MONTH TO DATE  205                       277    -72      279
  SINCE JUN 1    363                       447    -84      446
  SINCE JAN 1    441                       487    -46      503
..................................................................


WIND (MPH)
  HIGHEST WIND SPEED    15   HIGHEST WIND DIRECTION     N (20)
  HIGHEST GUST SPEED    22   HIGHEST GUST DIRECTION     N (350)
  AVERAGE WIND SPEED     7.8


SKY COVER
  POSSIBLE SUNSHINE  MM
  AVERAGE SKY COVER 0.2


WEATHER CONDITIONS
 THE FOLLOWING WEATHER WAS RECORDED TODAY.
  NO SIGNIFICANT WEATHER WAS OBSERVED.


RELATIVE HUMIDITY (PERCENT)
 HIGHEST   100           400 AM
 LOWEST     43           300 PM
 AVERAGE    72

..........................................................


THE MITCHELL SD CLIMATE NORMALS FOR TOMORROW
                         NORMAL    RECORD    YEAR
 MAXIMUM TEMPERATURE (F)   86       108      2006
                                             1935
 MINIMUM TEMPERATURE (F)   63        45      1899


SUNRISE AND SUNSET
JULY 28 2014..........SUNRISE   617 AM CDT   SUNSET   900 PM CDT
JULY 29 2014..........SUNRISE   618 AM CDT   SUNSET   859 PM CDT


-  INDICATES NEGATIVE NUMBERS.
R  INDICATES RECORD WAS SET OR TIED.
MM INDICATES DATA IS MISSING.
T  INDICATES TRACE AMOUNT.




$$
