000
CDUS43 KFSD 210654
CLIMHE


CLIMATE REPORT
NATIONAL WEATHER SERVICE SIOUX FALLS SD
152 AM CDT SAT MAY 21 2016


...................................

...THE MITCHELL SD CLIMATE SUMMARY FOR MAY 20 2016...

CLIMATE NORMAL PERIOD 1981 TO 2010
CLIMATE RECORD PERIOD 1893 TO 2016


WEATHER ITEM   OBSERVED TIME   RECORD YEAR NORMAL DEPARTURE LAST
                VALUE   (LST)  VALUE       VALUE  FROM      YEAR
                                                  NORMAL
..................................................................
TEMPERATURE (F)
 YESTERDAY
  MAXIMUM         68    316 PM 102    1934  72     -4       63
  MINIMUM         49    535 AM  30    1931  49      0       44
                                      1907
  AVERAGE         59                        61     -2       54

PRECIPITATION (IN)
  YESTERDAY        0.00          1.26 1999   0.08  -0.08     0.00
  MONTH TO DATE    1.00                      1.53  -0.53     4.01
  SINCE MAR 1      7.73                      4.77   2.96     5.56
  SINCE JAN 1      8.96                      5.33   3.63     6.33

SNOWFALL (IN)
  YESTERDAY        0.0           0.0    MM  MM     MM        0.0
  MONTH TO DATE    0.0                      MM     MM        0.0
  SINCE MAR 1      3.9                      MM     MM        0.7
  SINCE JUL 1     46.3                      MM     MM       22.6
  SNOW DEPTH       0

DEGREE DAYS
 HEATING
  YESTERDAY        6                         6      0       11
  MONTH TO DATE  158                       163     -5      165
  SINCE MAR 1   1351                      1641   -290     1329
  SINCE JUL 1   6140                      7163  -1023     6819

 COOLING
  YESTERDAY        0                         1     -1        0
  MONTH TO DATE    8                        17     -9       11
  SINCE MAR 1     12                        19     -7       17
  SINCE JAN 1     12                        19     -7       17
..................................................................


WIND (MPH)
  HIGHEST WIND SPEED    23   HIGHEST WIND DIRECTION    SE (140)
  HIGHEST GUST SPEED    29   HIGHEST GUST DIRECTION     S (160)
  AVERAGE WIND SPEED    13.1


SKY COVER
  POSSIBLE SUNSHINE  MM
  AVERAGE SKY COVER 0.5


WEATHER CONDITIONS
 THE FOLLOWING WEATHER WAS RECORDED YESTERDAY.
  NO SIGNIFICANT WEATHER WAS OBSERVED.


RELATIVE HUMIDITY (PERCENT)
 HIGHEST    86           500 AM
 LOWEST     56           300 PM
 AVERAGE    71

..........................................................


THE MITCHELL SD CLIMATE NORMALS FOR TODAY
                         NORMAL    RECORD    YEAR
 MAXIMUM TEMPERATURE (F)   72        97      1964
 MINIMUM TEMPERATURE (F)   50        23      1931


SUNRISE AND SUNSET
MAY 21 2016...........SUNRISE   600 AM CDT   SUNSET   858 PM CDT
MAY 22 2016...........SUNRISE   600 AM CDT   SUNSET   859 PM CDT


-  INDICATES NEGATIVE NUMBERS.
R  INDICATES RECORD WAS SET OR TIED.
MM INDICATES DATA IS MISSING.
T  INDICATES TRACE AMOUNT.




$$
