814
CDUS43 KFSD 190636
CLIMHE


CLIMATE REPORT
NATIONAL WEATHER SERVICE SIOUX FALLS SD
135 AM CDT TUE SEP 19 2017


...................................

...THE MITCHELL SD CLIMATE SUMMARY FOR SEPTEMBER 18 2017...

CLIMATE NORMAL PERIOD 1981 TO 2010
CLIMATE RECORD PERIOD 1893 TO 2017


WEATHER ITEM   OBSERVED TIME   RECORD YEAR NORMAL DEPARTURE LAST
                VALUE   (LST)  VALUE       VALUE  FROM      YEAR
                                                  NORMAL
..................................................................
TEMPERATURE (F)
 YESTERDAY
  MAXIMUM         81    344 PM 100    1940  75      6       86
  MINIMUM         53    513 AM  26    1901  48      5       54
  AVERAGE         67                        62      5       70

PRECIPITATION (IN)
  YESTERDAY        T             2.33 1945   0.07  -0.07     0.00
  MONTH TO DATE    0.44                      1.41  -0.97     2.12
  SINCE SEP 1      0.44                      1.41  -0.97     2.12
  SINCE JAN 1     14.26                     17.76  -3.50    21.53

SNOWFALL (IN)
  YESTERDAY        0.0           0.0    MM  MM     MM        0.0
  MONTH TO DATE    0.0                      MM     MM        0.0
  SINCE SEP 1      0.0                      MM     MM        0.0
  SINCE JUL 1      0.0                      MM     MM        0.0
  SNOW DEPTH       0

DEGREE DAYS
 HEATING
  YESTERDAY        0                         5     -5        0
  MONTH TO DATE   37                        54    -17       35
  SINCE SEP 1     37                        54    -17       35
  SINCE JUL 1     39                        71    -32       43

 COOLING
  YESTERDAY        2                         2      0        5
  MONTH TO DATE   88                        61     27       57
  SINCE SEP 1     88                        61     27       57
  SINCE JAN 1    858                       806     52      989
..................................................................


WIND (MPH)
  HIGHEST WIND SPEED    17   HIGHEST WIND DIRECTION     S (170)
  HIGHEST GUST SPEED    21   HIGHEST GUST DIRECTION     S (160)
  AVERAGE WIND SPEED     9.0


SKY COVER
  POSSIBLE SUNSHINE  MM
  AVERAGE SKY COVER 0.1


WEATHER CONDITIONS
 THE FOLLOWING WEATHER WAS RECORDED YESTERDAY.
  LIGHT RAIN


RELATIVE HUMIDITY (PERCENT)
 HIGHEST    93           800 AM
 LOWEST     45           300 PM
 AVERAGE    69

..........................................................


THE MITCHELL SD CLIMATE NORMALS FOR TODAY
                         NORMAL    RECORD    YEAR
 MAXIMUM TEMPERATURE (F)   75        98      1939
 MINIMUM TEMPERATURE (F)   48        22      1896


SUNRISE AND SUNSET
SEPTEMBER 19 2017.....SUNRISE   716 AM CDT   SUNSET   734 PM CDT
SEPTEMBER 20 2017.....SUNRISE   717 AM CDT   SUNSET   733 PM CDT


-  INDICATES NEGATIVE NUMBERS.
R  INDICATES RECORD WAS SET OR TIED.
MM INDICATES DATA IS MISSING.
T  INDICATES TRACE AMOUNT.




$$
