000
CDUS43 KFSD 292226
CLIMHE


CLIMATE REPORT
NATIONAL WEATHER SERVICE SIOUX FALLS SD
525 PM CDT FRI APR 29 2016


...................................

...THE MITCHELL SD CLIMATE SUMMARY FOR APRIL 29 2016...
VALID TODAY AS OF 0500 PM LOCAL TIME.

CLIMATE NORMAL PERIOD 1981 TO 2010
CLIMATE RECORD PERIOD 1893 TO 2016


WEATHER ITEM   OBSERVED TIME   RECORD YEAR NORMAL DEPARTURE LAST
                VALUE   (LST)  VALUE       VALUE  FROM      YEAR
                                                  NORMAL
..................................................................
TEMPERATURE (F)
 TODAY
  MAXIMUM         52   1257 PM  93    1934  67    -15       71
  MINIMUM         39    335 AM  12    1907  41     -2       35
  AVERAGE         46                        54     -8       53

PRECIPITATION (IN)
  TODAY            0.00          1.12 1963   0.10  -0.10     0.00
  MONTH TO DATE    4.50                      2.08   2.42     1.42
  SINCE MAR 1      5.86                      3.14   2.72     1.55
  SINCE JAN 1      7.09                      3.70   3.39     2.32

SNOWFALL (IN)
  TODAY            0.0           3.5  1950  MM     MM        0.0
  MONTH TO DATE    0.2                      MM     MM        0.0
  SINCE MAR 1      3.9                      MM     MM        0.7
  SINCE JUL 1     46.3                      MM     MM       22.6
  SNOW DEPTH       0

DEGREE DAYS
 HEATING
  TODAY           19                        11      8       12
  MONTH TO DATE  468                       507    -39      392
  SINCE MAR 1   1173                      1465   -292     1160
  SINCE JUL 1   5962                      6987  -1025     6650

 COOLING
  TODAY            0                         0      0        0
  MONTH TO DATE    4                         0      4        2
  SINCE MAR 1      4                         0      4        6
  SINCE JAN 1      4                         0      4        6
..................................................................


WIND (MPH)
  HIGHEST WIND SPEED    21   HIGHEST WIND DIRECTION    SE (120)
  HIGHEST GUST SPEED    25   HIGHEST GUST DIRECTION     E (110)
  AVERAGE WIND SPEED     8.7


SKY COVER
  POSSIBLE SUNSHINE  MM
  AVERAGE SKY COVER 1.0


WEATHER CONDITIONS
 THE FOLLOWING WEATHER WAS RECORDED TODAY.
  NO SIGNIFICANT WEATHER WAS OBSERVED.


RELATIVE HUMIDITY (PERCENT)
 HIGHEST    92          1200 AM
 LOWEST     66           200 PM
 AVERAGE    79

..........................................................


THE MITCHELL SD CLIMATE NORMALS FOR TOMORROW
                         NORMAL    RECORD    YEAR
 MAXIMUM TEMPERATURE (F)   67        96      1992
                                             1934
 MINIMUM TEMPERATURE (F)   42        14      1903


SUNRISE AND SUNSET
APRIL 29 2016.........SUNRISE   626 AM CDT   SUNSET   833 PM CDT
APRIL 30 2016.........SUNRISE   625 AM CDT   SUNSET   834 PM CDT


-  INDICATES NEGATIVE NUMBERS.
R  INDICATES RECORD WAS SET OR TIED.
MM INDICATES DATA IS MISSING.
T  INDICATES TRACE AMOUNT.




$$
