000
CDUS43 KFSD 160632
CLIMHE


CLIMATE REPORT
NATIONAL WEATHER SERVICE SIOUX FALLS SD
131 AM CDT TUE MAY 16 2017


...................................

...THE MITCHELL SD CLIMATE SUMMARY FOR MAY 15 2017...

CLIMATE NORMAL PERIOD 1981 TO 2010
CLIMATE RECORD PERIOD 1893 TO 2017


WEATHER ITEM   OBSERVED TIME   RECORD YEAR NORMAL DEPARTURE LAST
                VALUE   (LST)  VALUE       VALUE  FROM      YEAR
                                                  NORMAL
..................................................................
TEMPERATURE (F)
 YESTERDAY
  MAXIMUM         80    452 PM 100    1931  71      9       67
  MINIMUM         54    930 AM  25    1959  48      6       36
  AVERAGE         67                        59      8       52

PRECIPITATION (IN)
  YESTERDAY        0.51          1.25 1916   0.07   0.44     0.00
  MONTH TO DATE    0.81                      1.15  -0.34     0.98
  SINCE MAR 1      4.32                      4.39  -0.07     7.71
  SINCE JAN 1      5.48                      4.95   0.53     8.94

SNOWFALL (IN)
  YESTERDAY        0.0           T    1916  MM     MM        0.0
  MONTH TO DATE    0.0                      MM     MM        0.0
  SINCE MAR 1      5.2                      MM     MM        3.9
  SINCE JUL 1     30.6                      MM     MM       46.3
  SNOW DEPTH       0

DEGREE DAYS
 HEATING
  YESTERDAY        0                         7     -7       13
  MONTH TO DATE   73                       131    -58      125
  SINCE MAR 1   1418                      1609   -191     1318
  SINCE JUL 1   6152                      7131   -979     6107

 COOLING
  YESTERDAY        2                         1      1        0
  MONTH TO DATE   25                        12     13        8
  SINCE MAR 1     25                        14     11       12
  SINCE JAN 1     25                        14     11       12
..................................................................


WIND (MPH)
  HIGHEST WIND SPEED    30   HIGHEST WIND DIRECTION     N (20)
  HIGHEST GUST SPEED    37   HIGHEST GUST DIRECTION     N (20)
  AVERAGE WIND SPEED    13.1


SKY COVER
  POSSIBLE SUNSHINE  MM
  AVERAGE SKY COVER 0.2


WEATHER CONDITIONS
 THE FOLLOWING WEATHER WAS RECORDED YESTERDAY.
  THUNDERSTORM
  HEAVY RAIN
  RAIN
  LIGHT RAIN
  FOG


RELATIVE HUMIDITY (PERCENT)
 HIGHEST    87          1000 PM
 LOWEST     54           500 PM
 AVERAGE    71

..........................................................


THE MITCHELL SD CLIMATE NORMALS FOR TODAY
                         NORMAL    RECORD    YEAR
 MAXIMUM TEMPERATURE (F)   71        99      1934
 MINIMUM TEMPERATURE (F)   48        25      1929


SUNRISE AND SUNSET
MAY 16 2017...........SUNRISE   605 AM CDT   SUNSET   852 PM CDT
MAY 17 2017...........SUNRISE   604 AM CDT   SUNSET   853 PM CDT


-  INDICATES NEGATIVE NUMBERS.
R  INDICATES RECORD WAS SET OR TIED.
MM INDICATES DATA IS MISSING.
T  INDICATES TRACE AMOUNT.




$$
