000
CDUS43 KFSD 262226
CLIMHE


CLIMATE REPORT
NATIONAL WEATHER SERVICE SIOUX FALLS SD
525 PM CDT FRI JUN 26 2015


...................................

...THE MITCHELL SD CLIMATE SUMMARY FOR JUNE 26 2015...
VALID TODAY AS OF 0500 PM LOCAL TIME.

CLIMATE NORMAL PERIOD 1981 TO 2010
CLIMATE RECORD PERIOD 1893 TO 2015


WEATHER ITEM   OBSERVED TIME   RECORD YEAR NORMAL DEPARTURE LAST
                VALUE   (LST)  VALUE       VALUE  FROM      YEAR
                                                  NORMAL
..................................................................
TEMPERATURE (F)
 TODAY
  MAXIMUM         84    250 PM 108    1933  85     -1       88
                                      1931
  MINIMUM         62    612 AM  41    1926  61      1       68
  AVERAGE         73                        73      0       78

PRECIPITATION (IN)
  TODAY            0.00          1.70 1909   0.10  -0.10     0.04
  MONTH TO DATE    2.57                      3.75  -1.18     3.84
  SINCE JUN 1      2.57                      3.75  -1.18     3.84
  SINCE JAN 1      9.66                     10.48  -0.82     8.57

SNOWFALL (IN)
  TODAY            0.0           0.0    MM  MM     MM        0.0
  MONTH TO DATE    0.0                      MM     MM        0.0
  SINCE JUN 1      0.0                      MM     MM        0.0
  SINCE JUL 1     22.6                      MM     MM       30.8
  SNOW DEPTH       0

DEGREE DAYS
 HEATING
  TODAY            0                         0      0        0
  MONTH TO DATE    3                        33    -30       26
  SINCE JUN 1      3                        33    -30       26
  SINCE JUL 1   6876                      7243   -367     7791

 COOLING
  TODAY            8                         8      0       13
  MONTH TO DATE  163                       133     30      121
  SINCE JUN 1    163                       133     30      121
  SINCE JAN 1    194                       173     21      199
..................................................................


WIND (MPH)
  HIGHEST WIND SPEED    10   HIGHEST WIND DIRECTION     W (290)
  HIGHEST GUST SPEED    22   HIGHEST GUST DIRECTION     W (250)
  AVERAGE WIND SPEED     4.0


SKY COVER
  POSSIBLE SUNSHINE  MM
  AVERAGE SKY COVER 0.3


WEATHER CONDITIONS
 THE FOLLOWING WEATHER WAS RECORDED TODAY.
  THUNDERSTORM


RELATIVE HUMIDITY (PERCENT)
 HIGHEST    93           400 AM
 LOWEST     43           100 PM
 AVERAGE    68

..........................................................


THE MITCHELL SD CLIMATE NORMALS FOR TOMORROW
                         NORMAL    RECORD    YEAR
 MAXIMUM TEMPERATURE (F)   85       108      1931
 MINIMUM TEMPERATURE (F)   62        41      1898


SUNRISE AND SUNSET
JUNE 26 2015..........SUNRISE   552 AM CDT   SUNSET   918 PM CDT
JUNE 27 2015..........SUNRISE   552 AM CDT   SUNSET   918 PM CDT


-  INDICATES NEGATIVE NUMBERS.
R  INDICATES RECORD WAS SET OR TIED.
MM INDICATES DATA IS MISSING.
T  INDICATES TRACE AMOUNT.




$$
