000
CDUS43 KFSD 172221
CLIMHE


CLIMATE REPORT
NATIONAL WEATHER SERVICE SIOUX FALLS SD
520 PM CDT MON APR 17 2017


...................................

...THE MITCHELL SD CLIMATE SUMMARY FOR APRIL 17 2017...
VALID TODAY AS OF 0500 PM LOCAL TIME.

CLIMATE NORMAL PERIOD 1981 TO 2010
CLIMATE RECORD PERIOD 1893 TO 2017


WEATHER ITEM   OBSERVED TIME   RECORD YEAR NORMAL DEPARTURE LAST
                VALUE   (LST)  VALUE       VALUE  FROM      YEAR
                                                  NORMAL
..................................................................
TEMPERATURE (F)
 TODAY
  MAXIMUM         68    344 PM  90    1985  61      7       50
  MINIMUM         36    617 AM  11    1907  36      0       43
  AVERAGE         52                        49      3       47

PRECIPITATION (IN)
  TODAY            T             0.64 1896   0.08  -0.08     0.46
  MONTH TO DATE    2.00                      0.95   1.05     0.99
  SINCE MAR 1      2.34                      2.01   0.33     2.35
  SINCE JAN 1      3.50                      2.57   0.93     3.58

SNOWFALL (IN)
  TODAY            0.0           3.0  1910  MM     MM        0.0
  MONTH TO DATE    1.6                      MM     MM        0.2
  SINCE MAR 1      5.2                      MM     MM        3.9
  SINCE JUL 1     30.6                      MM     MM       46.3
  SNOW DEPTH       0

DEGREE DAYS
 HEATING
  TODAY           13                        16     -3       18
  MONTH TO DATE  242                       344   -102      297
  SINCE MAR 1   1111                      1302   -191     1002
  SINCE JUL 1   5845                      6824   -979     5791

 COOLING
  TODAY            0                         0      0        0
  MONTH TO DATE    0                         0      0        0
  SINCE MAR 1      0                         0      0        0
  SINCE JAN 1      0                         0      0        0
..................................................................


WIND (MPH)
  HIGHEST WIND SPEED    21   HIGHEST WIND DIRECTION    SE (140)
  HIGHEST GUST SPEED    26   HIGHEST GUST DIRECTION    SE (130)
  AVERAGE WIND SPEED    10.3


SKY COVER
  POSSIBLE SUNSHINE  MM
  AVERAGE SKY COVER 0.2


WEATHER CONDITIONS
 THE FOLLOWING WEATHER WAS RECORDED TODAY.
  LIGHT RAIN


RELATIVE HUMIDITY (PERCENT)
 HIGHEST    92           500 AM
 LOWEST     30           200 PM
 AVERAGE    61

..........................................................


THE MITCHELL SD CLIMATE NORMALS FOR TOMORROW
                         NORMAL    RECORD    YEAR
 MAXIMUM TEMPERATURE (F)   62        92      1985
 MINIMUM TEMPERATURE (F)   36        17      1953


SUNRISE AND SUNSET
APRIL 17 2017.........SUNRISE   645 AM CDT   SUNSET   819 PM CDT
APRIL 18 2017.........SUNRISE   644 AM CDT   SUNSET   820 PM CDT


-  INDICATES NEGATIVE NUMBERS.
R  INDICATES RECORD WAS SET OR TIED.
MM INDICATES DATA IS MISSING.
T  INDICATES TRACE AMOUNT.




$$
