000
CDUS43 KFSD 190629
CLIMHE


CLIMATE REPORT
NATIONAL WEATHER SERVICE SIOUX FALLS SD
127 AM CDT THU MAY 19 2016


...................................

...THE MITCHELL SD CLIMATE SUMMARY FOR MAY 18 2016...

CLIMATE NORMAL PERIOD 1981 TO 2010
CLIMATE RECORD PERIOD 1893 TO 2016


WEATHER ITEM   OBSERVED TIME   RECORD YEAR NORMAL DEPARTURE LAST
                VALUE   (LST)  VALUE       VALUE  FROM      YEAR
                                                  NORMAL
..................................................................
TEMPERATURE (F)
 YESTERDAY
  MAXIMUM         73    524 PM 104    1934  72      1       53
  MINIMUM         45    542 AM  29    2002  49     -4       37
                                      1915
  AVERAGE         59                        60     -1       45

PRECIPITATION (IN)
  YESTERDAY        0.00          1.93 1938   0.07  -0.07      T
  MONTH TO DATE    1.00                      1.37  -0.37     4.01
  SINCE MAR 1      7.73                      4.61   3.12     5.56
  SINCE JAN 1      8.96                      5.17   3.79     6.33

SNOWFALL (IN)
  YESTERDAY        0.0           T    1968  MM     MM        0.0
  MONTH TO DATE    0.0                      MM     MM        0.0
  SINCE MAR 1      3.9                      MM     MM        0.7
  SINCE JUL 1     46.3                      MM     MM       22.6
  SNOW DEPTH       0

DEGREE DAYS
 HEATING
  YESTERDAY        6                         6      0       20
  MONTH TO DATE  148                       151     -3      136
  SINCE MAR 1   1341                      1629   -288     1300
  SINCE JUL 1   6130                      7151  -1021     6790

 COOLING
  YESTERDAY        0                         1     -1        0
  MONTH TO DATE    8                        15     -7       11
  SINCE MAR 1     12                        17     -5       17
  SINCE JAN 1     12                        17     -5       17
..................................................................


WIND (MPH)
  HIGHEST WIND SPEED    17   HIGHEST WIND DIRECTION     S (180)
  HIGHEST GUST SPEED    24   HIGHEST GUST DIRECTION     S (190)
  AVERAGE WIND SPEED     9.4


SKY COVER
  POSSIBLE SUNSHINE  MM
  AVERAGE SKY COVER 0.0


WEATHER CONDITIONS
 THE FOLLOWING WEATHER WAS RECORDED YESTERDAY.
  NO SIGNIFICANT WEATHER WAS OBSERVED.


RELATIVE HUMIDITY (PERCENT)
 HIGHEST    76           200 AM
 LOWEST     27           200 PM
 AVERAGE    52

..........................................................


THE MITCHELL SD CLIMATE NORMALS FOR TODAY
                         NORMAL    RECORD    YEAR
 MAXIMUM TEMPERATURE (F)   72       104      1934
 MINIMUM TEMPERATURE (F)   49        29      2002


SUNRISE AND SUNSET
MAY 19 2016...........SUNRISE   602 AM CDT   SUNSET   856 PM CDT
MAY 20 2016...........SUNRISE   601 AM CDT   SUNSET   857 PM CDT


-  INDICATES NEGATIVE NUMBERS.
R  INDICATES RECORD WAS SET OR TIED.
MM INDICATES DATA IS MISSING.
T  INDICATES TRACE AMOUNT.




$$
