000
CDUS43 KFSD 302222
CLIMHE


CLIMATE REPORT
NATIONAL WEATHER SERVICE SIOUX FALLS SD
521 PM CDT FRI SEP 30 2016


...................................

...THE MITCHELL SD CLIMATE SUMMARY FOR SEPTEMBER 30 2016...
VALID TODAY AS OF 0500 PM LOCAL TIME.

CLIMATE NORMAL PERIOD 1981 TO 2010
CLIMATE RECORD PERIOD 1893 TO 2016


WEATHER ITEM   OBSERVED TIME   RECORD YEAR NORMAL DEPARTURE LAST
                VALUE   (LST)  VALUE       VALUE  FROM      YEAR
                                                  NORMAL
..................................................................
TEMPERATURE (F)
 TODAY
  MAXIMUM         75    139 PM  91    1992  70      5       72
                                      1932
  MINIMUM         44    629 AM  14    1899  43      1       52
  AVERAGE         60                        56      4       62

PRECIPITATION (IN)
  TODAY            0.00          1.43 1903   0.07  -0.07      T
  MONTH TO DATE    2.15                      2.32  -0.17     1.50
  SINCE SEP 1      2.15                      2.32  -0.17     1.50
  SINCE JAN 1     21.56                     18.67   2.89    18.43

SNOWFALL (IN)
  TODAY            0.0           0.0    MM  MM     MM        0.0
  MONTH TO DATE    0.0                      MM     MM        0.0
  SINCE SEP 1      0.0                      MM     MM        0.0
  SINCE JUL 1      0.0                      MM     MM        0.0
  SNOW DEPTH       0

DEGREE DAYS
 HEATING
  TODAY            5                         9     -4        3
  MONTH TO DATE   76                       141    -65       54
  SINCE SEP 1     76                       141    -65       54
  SINCE JUL 1     84                       158    -74       82

 COOLING
  TODAY            0                         1     -1        0
  MONTH TO DATE   99                        72     27      159
  SINCE SEP 1     99                        72     27      159
  SINCE JAN 1   1031                       817    214      883
..................................................................


WIND (MPH)
  HIGHEST WIND SPEED    20   HIGHEST WIND DIRECTION    SE (130)
  HIGHEST GUST SPEED    26   HIGHEST GUST DIRECTION    SE (130)
  AVERAGE WIND SPEED     9.1


SKY COVER
  POSSIBLE SUNSHINE  MM
  AVERAGE SKY COVER 0.0


WEATHER CONDITIONS
 THE FOLLOWING WEATHER WAS RECORDED TODAY.
  NO SIGNIFICANT WEATHER WAS OBSERVED.


RELATIVE HUMIDITY (PERCENT)
 HIGHEST    93           300 AM
 LOWEST     35           100 PM
 AVERAGE    64

..........................................................


THE MITCHELL SD CLIMATE NORMALS FOR TOMORROW
                         NORMAL    RECORD    YEAR
 MAXIMUM TEMPERATURE (F)   69        93      1951
 MINIMUM TEMPERATURE (F)   43        22      1974


SUNRISE AND SUNSET
SEPTEMBER 30 2016.....SUNRISE   729 AM CDT   SUNSET   714 PM CDT
OCTOBER  1 2016.......SUNRISE   730 AM CDT   SUNSET   712 PM CDT


-  INDICATES NEGATIVE NUMBERS.
R  INDICATES RECORD WAS SET OR TIED.
MM INDICATES DATA IS MISSING.
T  INDICATES TRACE AMOUNT.




$$
