000
CDUS43 KFSD 190646
CLIMHE


CLIMATE REPORT
NATIONAL WEATHER SERVICE SIOUX FALLS SD
1246 AM CST SUN FEB 19 2017


...................................

...THE MITCHELL SD CLIMATE SUMMARY FOR FEBRUARY 18 2017...

CLIMATE NORMAL PERIOD 1981 TO 2010
CLIMATE RECORD PERIOD 1893 TO 2017


WEATHER ITEM   OBSERVED TIME   RECORD YEAR NORMAL DEPARTURE LAST
                VALUE   (LST)  VALUE       VALUE  FROM      YEAR
                                                  NORMAL
..................................................................
TEMPERATURE (F)
 YESTERDAY
  MAXIMUM         61    404 PM  71    1930  35     26       50
  MINIMUM         30    731 AM -25    1938  15     15       34
  AVERAGE         46                        25     21       42

PRECIPITATION (IN)
  YESTERDAY        0.00          1.56 1962   0.01  -0.01     0.00
  MONTH TO DATE    0.18                      0.22  -0.04     0.24
  SINCE DEC 1      2.05                      0.89   1.16     1.72
  SINCE JAN 1      0.94                      0.44   0.50     0.69

SNOWFALL (IN)
  YESTERDAY        0.0          15.0  1962  MM     MM        0.0
  MONTH TO DATE    T                        MM     MM        2.7
  SINCE DEC 1     17.5                      MM     MM       23.8
  SINCE JUL 1     23.0                      MM     MM       37.0
  SNOW DEPTH       0

DEGREE DAYS
 HEATING
  YESTERDAY       19                        40    -21       23
  MONTH TO DATE  613                       770   -157      689
  SINCE DEC 1   3368                      3569   -201     3307
  SINCE JUL 1   4462                      5137   -675     4490

 COOLING
  YESTERDAY        0                         0      0        0
  MONTH TO DATE    0                         0      0        0
  SINCE DEC 1      0                         0      0        0
  SINCE JAN 1      0                         0      0        0
..................................................................


WIND (MPH)
  HIGHEST WIND SPEED    14   HIGHEST WIND DIRECTION     S (160)
  HIGHEST GUST SPEED    18   HIGHEST GUST DIRECTION     S (160)
  AVERAGE WIND SPEED     7.4


SKY COVER
  POSSIBLE SUNSHINE  MM
  AVERAGE SKY COVER 0.0


WEATHER CONDITIONS
 THE FOLLOWING WEATHER WAS RECORDED YESTERDAY.
  NO SIGNIFICANT WEATHER WAS OBSERVED.


RELATIVE HUMIDITY (PERCENT)
 HIGHEST    86          1100 PM
 LOWEST     46           300 PM
 AVERAGE    66

..........................................................


THE MITCHELL SD CLIMATE NORMALS FOR TODAY
                         NORMAL    RECORD    YEAR
 MAXIMUM TEMPERATURE (F)   35        67      1996
 MINIMUM TEMPERATURE (F)   15       -26      1959
                                             1929


SUNRISE AND SUNSET
FEBRUARY 19 2017......SUNRISE   724 AM CST   SUNSET   608 PM CST
FEBRUARY 20 2017......SUNRISE   723 AM CST   SUNSET   609 PM CST


-  INDICATES NEGATIVE NUMBERS.
R  INDICATES RECORD WAS SET OR TIED.
MM INDICATES DATA IS MISSING.
T  INDICATES TRACE AMOUNT.




$$
