000
CDUS43 KFSD 140651
CLIMHE


CLIMATE REPORT
NATIONAL WEATHER SERVICE SIOUX FALLS SD
1250 AM CST SUN JAN 14 2018


...................................

...THE MITCHELL SD CLIMATE SUMMARY FOR JANUARY 13 2018...

CLIMATE NORMAL PERIOD 1981 TO 2010
CLIMATE RECORD PERIOD 1893 TO 2018


WEATHER ITEM   OBSERVED TIME   RECORD YEAR NORMAL DEPARTURE LAST
                VALUE   (LST)  VALUE       VALUE  FROM      YEAR
                                                  NORMAL
..................................................................
TEMPERATURE (F)
 YESTERDAY
  MAXIMUM         14   1159 PM  63    1987  28    -14       19
  MINIMUM         -7    740 AM -37    1916   9    -16       -3
  AVERAGE          4                        18    -14        8

PRECIPITATION (IN)
  YESTERDAY        0.00          1.00 1910   0.01  -0.01     0.03
  MONTH TO DATE    0.07                      0.09  -0.02     0.13
  SINCE DEC 1      0.69                      0.54   0.15     1.24
  SINCE JAN 1      0.07                      0.09  -0.02     0.13

SNOWFALL (IN)
  YESTERDAY        0.0          16.0  1910  MM     MM        0.6
  MONTH TO DATE    1.0                      MM     MM        2.0
  SINCE DEC 1     11.5                      MM     MM       10.1
  SINCE JUL 1     12.7                      MM     MM       15.6
  SNOW DEPTH       3

DEGREE DAYS
 HEATING
  YESTERDAY       61                        47     14       57
  MONTH TO DATE  683                       608     75      709
  SINCE DEC 1   1977                      1975      2     2097
  SINCE JUL 1   3366                      3543   -177     3191

 COOLING
  YESTERDAY        0                         0      0        0
  MONTH TO DATE    0                         0      0        0
  SINCE DEC 1      0                         0      0        0
  SINCE JAN 1      0                         0      0        0
..................................................................


WIND (MPH)
  HIGHEST WIND SPEED    17   HIGHEST WIND DIRECTION     S (160)
  HIGHEST GUST SPEED    20   HIGHEST GUST DIRECTION     S (160)
  AVERAGE WIND SPEED     7.8


SKY COVER
  POSSIBLE SUNSHINE  MM
  AVERAGE SKY COVER 0.3


WEATHER CONDITIONS
 THE FOLLOWING WEATHER WAS RECORDED YESTERDAY.
  NO SIGNIFICANT WEATHER WAS OBSERVED.


RELATIVE HUMIDITY (PERCENT)
 HIGHEST    82           700 AM
 LOWEST     55           100 PM
 AVERAGE    69

..........................................................


THE MITCHELL SD CLIMATE NORMALS FOR TODAY
                         NORMAL    RECORD    YEAR
 MAXIMUM TEMPERATURE (F)   28        59      1901
 MINIMUM TEMPERATURE (F)    9       -35      1916


SUNRISE AND SUNSET
JANUARY 14 2018.......SUNRISE   803 AM CST   SUNSET   520 PM CST
JANUARY 15 2018.......SUNRISE   803 AM CST   SUNSET   521 PM CST


-  INDICATES NEGATIVE NUMBERS.
R  INDICATES RECORD WAS SET OR TIED.
MM INDICATES DATA IS MISSING.
T  INDICATES TRACE AMOUNT.




$$
