000
CDUS43 KFSD 150645
CLIMHE


CLIMATE REPORT
NATIONAL WEATHER SERVICE SIOUX FALLS SD
144 AM CDT MON SEP 15 2014


...................................

...THE MITCHELL SD CLIMATE SUMMARY FOR SEPTEMBER 14 2014...

CLIMATE NORMAL PERIOD 1981 TO 2010
CLIMATE RECORD PERIOD 1893 TO 2014


WEATHER ITEM   OBSERVED TIME   RECORD YEAR NORMAL DEPARTURE LAST
                VALUE   (LST)  VALUE       VALUE  FROM      YEAR
                                                  NORMAL
..................................................................
TEMPERATURE (F)
 YESTERDAY
  MAXIMUM         61   1244 PM 100    1939  77    -16       81
  MINIMUM         37    545 AM  33    1903  50    -13       57
  AVERAGE         49                        64    -15       69

PRECIPITATION (IN)
  YESTERDAY        T             2.25 1936   0.08  -0.08     0.09
  MONTH TO DATE    0.88                      1.11  -0.23     0.23
  SINCE SEP 1      0.88                      1.11  -0.23     0.23
  SINCE JAN 1     15.98                     17.46  -1.48    18.72

SNOWFALL (IN)
  YESTERDAY        0.0           0.0    MM  MM     MM        0.0
  MONTH TO DATE    0.0                      MM     MM        0.0
  SINCE SEP 1      0.0                      MM     MM        0.0
  SINCE JUL 1      0.0                      MM     MM        0.0
  SNOW DEPTH       0

DEGREE DAYS
 HEATING
  YESTERDAY       16                         4     12        0
  MONTH TO DATE   82                        36     46        4
  SINCE SEP 1     82                        36     46        4
  SINCE JUL 1     94                        53     41       27

 COOLING
  YESTERDAY        0                         2     -2        4
  MONTH TO DATE   26                        53    -27      115
  SINCE SEP 1     26                        53    -27      115
  SINCE JAN 1    672                       798   -126      896
..................................................................


WIND (MPH)
  HIGHEST WIND SPEED    12   HIGHEST WIND DIRECTION    NE (40)
  HIGHEST GUST SPEED    15   HIGHEST GUST DIRECTION    NE (40)
  AVERAGE WIND SPEED     4.5


SKY COVER
  POSSIBLE SUNSHINE  MM
  AVERAGE SKY COVER 0.6


WEATHER CONDITIONS
 THE FOLLOWING WEATHER WAS RECORDED YESTERDAY.
  LIGHT RAIN


RELATIVE HUMIDITY (PERCENT)
 HIGHEST   100           600 AM
 LOWEST     46           100 PM
 AVERAGE    73

..........................................................


THE MITCHELL SD CLIMATE NORMALS FOR TODAY
                         NORMAL    RECORD    YEAR
 MAXIMUM TEMPERATURE (F)   76       103      1955
 MINIMUM TEMPERATURE (F)   50        29      1916


SUNRISE AND SUNSET
SEPTEMBER 15 2014.....SUNRISE   711 AM CDT   SUNSET   742 PM CDT
SEPTEMBER 16 2014.....SUNRISE   713 AM CDT   SUNSET   741 PM CDT


-  INDICATES NEGATIVE NUMBERS.
R  INDICATES RECORD WAS SET OR TIED.
MM INDICATES DATA IS MISSING.
T  INDICATES TRACE AMOUNT.




$$
