000
CDUS43 KFSD 110033
CLIMHE


CLIMATE REPORT
NATIONAL WEATHER SERVICE SIOUX FALLS SD
733 PM CDT THU APR 10 2014


...................................

...THE MITCHELL SD CLIMATE SUMMARY FOR APRIL 10 2014...
VALID AS OF 0700 PM LOCAL TIME.

CLIMATE NORMAL PERIOD 1981 TO 2010
CLIMATE RECORD PERIOD 1893 TO 2014


WEATHER ITEM   OBSERVED TIME   RECORD YEAR NORMAL DEPARTURE LAST
                VALUE   (LST)  VALUE       VALUE  FROM      YEAR
                                                  NORMAL
..................................................................
TEMPERATURE (F)
 TODAY
  MAXIMUM         66    435 PM  88    1977  58      8       31
  MINIMUM         40    625 AM  13    1939  33      7       24
  AVERAGE         53                        45      8       28

PRECIPITATION (IN)
  TODAY            0.00          1.25 2008   0.07  -0.07     0.39
  MONTH TO DATE    T                         0.42  -0.42     1.08
  SINCE MAR 1      1.04                      1.48  -0.44     1.88
  SINCE JAN 1      1.54                      2.04  -0.50     3.45

SNOWFALL (IN)
  TODAY            0.0          11.0  1995  MM     MM        5.0
  MONTH TO DATE    T                        MM     MM        9.8
  SINCE MAR 1      8.6                      MM     MM       13.2
  SINCE JUL 1     30.8                      MM     MM       41.1
  SNOW DEPTH       0

DEGREE DAYS
 HEATING
  TODAY           12                        20     -8       37
  MONTH TO DATE  222                       220      2      251
  SINCE MAR 1   1268                      1178     90     1390
  SINCE JUL 1   7218                      6700    518     6855

 COOLING
  TODAY            0                         0      0        0
  MONTH TO DATE    0                         0      0        0
  SINCE MAR 1      0                         0      0        0
  SINCE JAN 1      0                         0      0        0
..................................................................


WIND (MPH)
  HIGHEST WIND SPEED    25   HIGHEST WIND DIRECTION    NW (330)
  HIGHEST GUST SPEED    33   HIGHEST GUST DIRECTION    NW (310)
  AVERAGE WIND SPEED    12.6


SKY COVER
  POSSIBLE SUNSHINE  MM
  AVERAGE SKY COVER 0.1


WEATHER CONDITIONS
 THE FOLLOWING WEATHER WAS RECORDED TODAY.
  NO SIGNIFICANT WEATHER WAS OBSERVED.


RELATIVE HUMIDITY (PERCENT)
 HIGHEST    MM
 LOWEST     MM
 AVERAGE    MM

..........................................................


THE MITCHELL SD CLIMATE NORMALS FOR TOMORROW
                         NORMAL    RECORD    YEAR
 MAXIMUM TEMPERATURE (F)   58        89      1968
 MINIMUM TEMPERATURE (F)   33        14      1997
                                             1939


SUNRISE AND SUNSET
APRIL 10 2014.........SUNRISE   658 AM CDT   SUNSET   810 PM CDT
APRIL 11 2014.........SUNRISE   656 AM CDT   SUNSET   811 PM CDT


-  INDICATES NEGATIVE NUMBERS.
R  INDICATES RECORD WAS SET OR TIED.
MM INDICATES DATA IS MISSING.
T  INDICATES TRACE AMOUNT.

$$
