653
CDUS43 KFSD 300631
CLIMHE


CLIMATE REPORT
NATIONAL WEATHER SERVICE SIOUX FALLS SD
1228 AM CST WED NOV 30 2016


...................................

...THE MITCHELL SD CLIMATE SUMMARY FOR NOVEMBER 29 2016...

CLIMATE NORMAL PERIOD 1981 TO 2010
CLIMATE RECORD PERIOD 1893 TO 2016


WEATHER ITEM   OBSERVED TIME   RECORD YEAR NORMAL DEPARTURE LAST
                VALUE   (LST)  VALUE       VALUE  FROM      YEAR
                                                  NORMAL
..................................................................
TEMPERATURE (F)
 YESTERDAY
  MAXIMUM         34        MM  63    1932  36     -2       35
  MINIMUM         31        MM -16    1896  17     14       26
  AVERAGE         33                        26      7       31

PRECIPITATION (IN)
  YESTERDAY        0.06          0.38 1908   0.02   0.04     0.00
  MONTH TO DATE    1.67                      0.76   0.91     1.80
  SINCE SEP 1      5.77                      4.70   1.07     4.84
  SINCE JAN 1     25.18                     21.05   4.13    21.77

SNOWFALL (IN)
  YESTERDAY        0.6           3.0  1985  MM     MM        0.0
  MONTH TO DATE    5.2                      MM     MM        6.0
  SINCE SEP 1      5.2                      MM     MM        6.0
  SINCE JUL 1      5.2                      MM     MM        6.0
  SNOW DEPTH       0

DEGREE DAYS
 HEATING
  YESTERDAY       32                        39     -7       34
  MONTH TO DATE  610                       888   -278      725
  SINCE SEP 1   1053                      1512   -459     1119
  SINCE JUL 1   1061                      1529   -468     1147

 COOLING
  YESTERDAY        0                         0      0        0
  MONTH TO DATE    0                         0      0        0
  SINCE SEP 1    104                        79     25      170
  SINCE JAN 1   1036                       824    212      894
..................................................................


WIND (MPH)
  HIGHEST WIND SPEED    28   HIGHEST WIND DIRECTION    NW (310)
  HIGHEST GUST SPEED    37   HIGHEST GUST DIRECTION    NW (300)
  AVERAGE WIND SPEED    21.8


SKY COVER
  POSSIBLE SUNSHINE  MM
  AVERAGE SKY COVER 1.0


WEATHER CONDITIONS
 THE FOLLOWING WEATHER WAS RECORDED YESTERDAY.
  LIGHT SNOW
  FOG


RELATIVE HUMIDITY (PERCENT)
 HIGHEST   100          1100 PM
 LOWEST     82          1200 AM
 AVERAGE    91

..........................................................


THE MITCHELL SD CLIMATE NORMALS FOR TODAY
                         NORMAL    RECORD    YEAR
 MAXIMUM TEMPERATURE (F)   35        64      1932
 MINIMUM TEMPERATURE (F)   16       -15      1964
                                             1896


SUNRISE AND SUNSET
NOVEMBER 30 2016......SUNRISE   746 AM CST   SUNSET   456 PM CST
DECEMBER  1 2016......SUNRISE   747 AM CST   SUNSET   456 PM CST


-  INDICATES NEGATIVE NUMBERS.
R  INDICATES RECORD WAS SET OR TIED.
MM INDICATES DATA IS MISSING.
T  INDICATES TRACE AMOUNT.




$$
