000
CDUS43 KFSD 280624
CLIMHE


CLIMATE REPORT
NATIONAL WEATHER SERVICE SIOUX FALLS SD
123 AM CDT THU APR 28 2016


...................................

...THE MITCHELL SD CLIMATE SUMMARY FOR APRIL 27 2016...

CLIMATE NORMAL PERIOD 1981 TO 2010
CLIMATE RECORD PERIOD 1893 TO 2016


WEATHER ITEM   OBSERVED TIME   RECORD YEAR NORMAL DEPARTURE LAST
                VALUE   (LST)  VALUE       VALUE  FROM      YEAR
                                                  NORMAL
..................................................................
TEMPERATURE (F)
 YESTERDAY
  MAXIMUM         47    135 AM  89    1952  66    -19       71
  MINIMUM         40    944 AM  19    1909  40      0       35
  AVERAGE         44                        53     -9       53

PRECIPITATION (IN)
  YESTERDAY        2.32R         1.15 1971   0.10   2.22     0.00
  MONTH TO DATE    4.36                      1.88   2.48     1.42
  SINCE MAR 1      5.72                      2.94   2.78     1.55
  SINCE JAN 1      6.95                      3.50   3.45     2.32

SNOWFALL (IN)
  YESTERDAY        0.0          12.0  1907  MM     MM        0.0
  MONTH TO DATE    0.2                      MM     MM        0.0
  SINCE MAR 1      3.9                      MM     MM        0.7
  SINCE JUL 1     46.3                      MM     MM       22.6
  SNOW DEPTH       0

DEGREE DAYS
 HEATING
  YESTERDAY       21                        12      9       12
  MONTH TO DATE  425                       484    -59      372
  SINCE MAR 1   1130                      1442   -312     1140
  SINCE JUL 1   5919                      6964  -1045     6630

 COOLING
  YESTERDAY        0                         0      0        0
  MONTH TO DATE    4                         0      4        2
  SINCE MAR 1      4                         0      4        6
  SINCE JAN 1      4                         0      4        6
..................................................................


WIND (MPH)
  HIGHEST WIND SPEED    25   HIGHEST WIND DIRECTION     E (80)
  HIGHEST GUST SPEED    30   HIGHEST GUST DIRECTION     E (70)
  AVERAGE WIND SPEED    14.9


SKY COVER
  POSSIBLE SUNSHINE  MM
  AVERAGE SKY COVER 1.0


WEATHER CONDITIONS
 THE FOLLOWING WEATHER WAS RECORDED YESTERDAY.
  HEAVY RAIN
  RAIN
  LIGHT RAIN
  FOG


RELATIVE HUMIDITY (PERCENT)
 HIGHEST   100           400 AM
 LOWEST     86          1100 AM
 AVERAGE    93

..........................................................


THE MITCHELL SD CLIMATE NORMALS FOR TODAY
                         NORMAL    RECORD    YEAR
 MAXIMUM TEMPERATURE (F)   66        95      1910
 MINIMUM TEMPERATURE (F)   41        24      2008
                                             1907


SUNRISE AND SUNSET
APRIL 28 2016.........SUNRISE   628 AM CDT   SUNSET   832 PM CDT
APRIL 29 2016.........SUNRISE   626 AM CDT   SUNSET   833 PM CDT


-  INDICATES NEGATIVE NUMBERS.
R  INDICATES RECORD WAS SET OR TIED.
MM INDICATES DATA IS MISSING.
T  INDICATES TRACE AMOUNT.




$$
