000
CDUS43 KFSD 120650
CLIMHE


CLIMATE REPORT
NATIONAL WEATHER SERVICE SIOUX FALLS SD
1250 AM CST SUN FEB 12 2017


...................................

...THE MITCHELL SD CLIMATE SUMMARY FOR FEBRUARY 11 2017...

CLIMATE NORMAL PERIOD 1981 TO 2010
CLIMATE RECORD PERIOD 1893 TO 2017


WEATHER ITEM   OBSERVED TIME   RECORD YEAR NORMAL DEPARTURE LAST
                VALUE   (LST)  VALUE       VALUE  FROM      YEAR
                                                  NORMAL
..................................................................
TEMPERATURE (F)
 YESTERDAY
  MAXIMUM         44    323 PM  63    1987  32     12       22
  MINIMUM         34    504 AM -39    1899  13     21       15
  AVERAGE         39                        22     17       19

PRECIPITATION (IN)
  YESTERDAY        0.18          0.70 1909   0.01   0.17     0.08
  MONTH TO DATE    0.18                      0.14   0.04     0.14
  SINCE DEC 1      2.05                      0.81   1.24     1.62
  SINCE JAN 1      0.94                      0.36   0.58     0.59

SNOWFALL (IN)
  YESTERDAY        0.0          10.0  1909  MM     MM        0.9
  MONTH TO DATE    T                        MM     MM        1.8
  SINCE DEC 1     17.5                      MM     MM       22.9
  SINCE JUL 1     23.0                      MM     MM       36.1
  SNOW DEPTH       0

DEGREE DAYS
 HEATING
  YESTERDAY       26                        42    -16       46
  MONTH TO DATE  452                       481    -29      424
  SINCE DEC 1   3207                      3280    -73     3042
  SINCE JUL 1   4301                      4848   -547     4225

 COOLING
  YESTERDAY        0                         0      0        0
  MONTH TO DATE    0                         0      0        0
  SINCE DEC 1      0                         0      0        0
  SINCE JAN 1      0                         0      0        0
..................................................................


WIND (MPH)
  HIGHEST WIND SPEED    15   HIGHEST WIND DIRECTION    NW (300)
  HIGHEST GUST SPEED    19   HIGHEST GUST DIRECTION     W (290)
  AVERAGE WIND SPEED     4.8


SKY COVER
  POSSIBLE SUNSHINE  MM
  AVERAGE SKY COVER 0.8


WEATHER CONDITIONS
 THE FOLLOWING WEATHER WAS RECORDED YESTERDAY.
  LIGHT RAIN
  FOG


RELATIVE HUMIDITY (PERCENT)
 HIGHEST   100           700 PM
 LOWEST     76          1100 PM
 AVERAGE    88

..........................................................


THE MITCHELL SD CLIMATE NORMALS FOR TODAY
                         NORMAL    RECORD    YEAR
 MAXIMUM TEMPERATURE (F)   33        59      1990
                                             1976
 MINIMUM TEMPERATURE (F)   13       -32      1905


SUNRISE AND SUNSET
FEBRUARY 12 2017......SUNRISE   735 AM CST   SUNSET   559 PM CST
FEBRUARY 13 2017......SUNRISE   733 AM CST   SUNSET   600 PM CST


-  INDICATES NEGATIVE NUMBERS.
R  INDICATES RECORD WAS SET OR TIED.
MM INDICATES DATA IS MISSING.
T  INDICATES TRACE AMOUNT.




$$
