000
CDUS43 KFSD 080644
CLIMHE


CLIMATE REPORT
NATIONAL WEATHER SERVICE SIOUX FALLS SD
143 AM CDT SUN OCT 8 2017


...................................

...THE MITCHELL SD CLIMATE SUMMARY FOR OCTOBER 7 2017...

CLIMATE NORMAL PERIOD 1981 TO 2010
CLIMATE RECORD PERIOD 1893 TO 2017


WEATHER ITEM   OBSERVED TIME   RECORD YEAR NORMAL DEPARTURE LAST
                VALUE   (LST)  VALUE       VALUE  FROM      YEAR
                                                  NORMAL
..................................................................
TEMPERATURE (F)
 YESTERDAY
  MAXIMUM         76    312 PM  90    1942  66     10       56
                                      1910
  MINIMUM         44    707 AM  19    1952  40      4       33
  AVERAGE         60                        53      7       45

PRECIPITATION (IN)
  YESTERDAY        0.00          1.02 1984   0.06  -0.06     0.00
  MONTH TO DATE    2.86                      0.45   2.41     1.87
  SINCE SEP 1      5.47                      2.77   2.70     4.02
  SINCE JAN 1     19.29                     19.12   0.17    23.43

SNOWFALL (IN)
  YESTERDAY        0.0           2.0  1970  MM     MM        0.0
  MONTH TO DATE    0.0                      MM     MM         T
  SINCE SEP 1      0.0                      MM     MM         T
  SINCE JUL 1      0.0                      MM     MM         T
  SNOW DEPTH       0

DEGREE DAYS
 HEATING
  YESTERDAY        5                        12     -7       20
  MONTH TO DATE   58                        77    -19       63
  SINCE SEP 1    152                       218    -66      139
  SINCE JUL 1    154                       235    -81      147

 COOLING
  YESTERDAY        0                         1     -1        0
  MONTH TO DATE    5                         7     -2        4
  SINCE SEP 1    118                        79     39      103
  SINCE JAN 1    888                       824     64     1035
..................................................................


WIND (MPH)
  HIGHEST WIND SPEED    15   HIGHEST WIND DIRECTION     W (270)
  HIGHEST GUST SPEED    20   HIGHEST GUST DIRECTION     W (280)
  AVERAGE WIND SPEED     6.8


SKY COVER
  POSSIBLE SUNSHINE  MM
  AVERAGE SKY COVER 0.2


WEATHER CONDITIONS
 THE FOLLOWING WEATHER WAS RECORDED YESTERDAY.
  FOG
  FOG W/VISIBILITY <= 1/4 MILE


RELATIVE HUMIDITY (PERCENT)
 HIGHEST   100          1200 AM
 LOWEST     33           300 PM
 AVERAGE    67

..........................................................


THE MITCHELL SD CLIMATE NORMALS FOR TODAY
                         NORMAL    RECORD    YEAR
 MAXIMUM TEMPERATURE (F)   66        89      1980
 MINIMUM TEMPERATURE (F)   40        17      2000


SUNRISE AND SUNSET
OCTOBER  8 2017.......SUNRISE   738 AM CDT   SUNSET   700 PM CDT
OCTOBER  9 2017.......SUNRISE   740 AM CDT   SUNSET   658 PM CDT


-  INDICATES NEGATIVE NUMBERS.
R  INDICATES RECORD WAS SET OR TIED.
MM INDICATES DATA IS MISSING.
T  INDICATES TRACE AMOUNT.




$$
