000
CDUS43 KFSD 230644
CLIMHE


CLIMATE REPORT
NATIONAL WEATHER SERVICE SIOUX FALLS SD
1243 AM CST MON FEB 23 2015


...................................

...THE MITCHELL SD CLIMATE SUMMARY FOR FEBRUARY 22 2015...

CLIMATE NORMAL PERIOD 1981 TO 2010
CLIMATE RECORD PERIOD 1893 TO 2015


WEATHER ITEM   OBSERVED TIME   RECORD YEAR NORMAL DEPARTURE LAST
                VALUE   (LST)  VALUE       VALUE  FROM      YEAR
                                                  NORMAL
..................................................................
TEMPERATURE (F)
 YESTERDAY
  MAXIMUM          8    439 PM  66    2000  36    -28       30
  MINIMUM         -4   1159 PM -21    1962  16    -20       10
  AVERAGE          2                        26    -24       20

PRECIPITATION (IN)
  YESTERDAY        0.00          0.43 1922   0.01  -0.01     0.00
  MONTH TO DATE    0.24                      0.27  -0.03     0.20
  SINCE DEC 1      1.99                      0.94   1.05     1.02
  SINCE JAN 1      0.77                      0.49   0.28     0.37

SNOWFALL (IN)
  YESTERDAY        0.0           4.3  1922  MM     MM        0.0
  MONTH TO DATE    2.7                      MM     MM        3.2
  SINCE DEC 1     16.2                      MM     MM       15.4
  SINCE JUL 1     21.8                      MM     MM       19.4
  SNOW DEPTH       T

DEGREE DAYS
 HEATING
  YESTERDAY       63                        39     24       45
  MONTH TO DATE 1005                       928     77     1048
  SINCE DEC 1   3543                      3727   -184     4103
  SINCE JUL 1   5199                      5295    -96     5611

 COOLING
  YESTERDAY        0                         0      0        0
  MONTH TO DATE    0                         0      0        0
  SINCE DEC 1      0                         0      0        0
  SINCE JAN 1      0                         0      0        0
..................................................................


WIND (MPH)
  HIGHEST WIND SPEED    18   HIGHEST WIND DIRECTION    NW (320)
  HIGHEST GUST SPEED    25   HIGHEST GUST DIRECTION    NW (330)
  AVERAGE WIND SPEED     9.8


SKY COVER
  POSSIBLE SUNSHINE  MM
  AVERAGE SKY COVER 0.2


WEATHER CONDITIONS
 THE FOLLOWING WEATHER WAS RECORDED YESTERDAY.
  NO SIGNIFICANT WEATHER WAS OBSERVED.


RELATIVE HUMIDITY (PERCENT)
 HIGHEST    87           300 AM
 LOWEST     45           400 PM
 AVERAGE    66

..........................................................


THE MITCHELL SD CLIMATE NORMALS FOR TODAY
                         NORMAL    RECORD    YEAR
 MAXIMUM TEMPERATURE (F)   36        70      1958
 MINIMUM TEMPERATURE (F)   17       -24      1914


SUNRISE AND SUNSET
FEBRUARY 23 2015......SUNRISE   719 AM CST   SUNSET   613 PM CST
FEBRUARY 24 2015......SUNRISE   717 AM CST   SUNSET   614 PM CST


-  INDICATES NEGATIVE NUMBERS.
R  INDICATES RECORD WAS SET OR TIED.
MM INDICATES DATA IS MISSING.
T  INDICATES TRACE AMOUNT.




$$
