000
CDUS43 KFSD 270727
CLIMHE


CLIMATE REPORT
NATIONAL WEATHER SERVICE SIOUX FALLS SD
115 AM CST FRI FEB 27 2015


...................................

...THE MITCHELL SD CLIMATE SUMMARY FOR FEBRUARY 26 2015...

CLIMATE NORMAL PERIOD 1981 TO 2010
CLIMATE RECORD PERIOD 1893 TO 2015


WEATHER ITEM   OBSERVED TIME   RECORD YEAR NORMAL DEPARTURE LAST
                VALUE   (LST)  VALUE       VALUE  FROM      YEAR
                                                  NORMAL
..................................................................
TEMPERATURE (F)
 YESTERDAY
  MAXIMUM          9    421 PM  69    1896  37    -28       29
  MINIMUM         -8    710 AM -25    1897  18    -26       -9
  AVERAGE          1                        27    -26       10

PRECIPITATION (IN)
  YESTERDAY        0.00          0.42 1944   0.02  -0.02     0.00
  MONTH TO DATE    0.24                      0.32  -0.08     0.33
  SINCE DEC 1      1.99                      0.99   1.00     1.15
  SINCE JAN 1      0.77                      0.54   0.23     0.50

SNOWFALL (IN)
  YESTERDAY        0.0           3.0  1971  MM     MM        0.0
                                      1936
  MONTH TO DATE    2.8                      MM     MM        6.0
  SINCE DEC 1     16.3                      MM     MM       18.2
  SINCE JUL 1     21.9                      MM     MM       22.2
  SNOW DEPTH       T

DEGREE DAYS
 HEATING
  YESTERDAY       64                        38     26       55
  MONTH TO DATE 1196                      1081    115     1271
  SINCE DEC 1   3734                      3880   -146     4326
  SINCE JUL 1   5390                      5448    -58     5834

 COOLING
  YESTERDAY        0                         0      0        0
  MONTH TO DATE    0                         0      0        0
  SINCE DEC 1      0                         0      0        0
  SINCE JAN 1      0                         0      0        0
..................................................................


WIND (MPH)
  HIGHEST WIND SPEED    21   HIGHEST WIND DIRECTION     N (350)
  HIGHEST GUST SPEED    26   HIGHEST GUST DIRECTION    NW (330)
  AVERAGE WIND SPEED    11.6


SKY COVER
  POSSIBLE SUNSHINE  MM
  AVERAGE SKY COVER 0.0


WEATHER CONDITIONS
 THE FOLLOWING WEATHER WAS RECORDED YESTERDAY.
  NO SIGNIFICANT WEATHER WAS OBSERVED.


RELATIVE HUMIDITY (PERCENT)
 HIGHEST    83           700 AM
 LOWEST     57           300 PM
 AVERAGE    70

..........................................................


THE MITCHELL SD CLIMATE NORMALS FOR TODAY
                         NORMAL    RECORD    YEAR
 MAXIMUM TEMPERATURE (F)   38        64      1926
                                             1921
 MINIMUM TEMPERATURE (F)   18       -21      1962


SUNRISE AND SUNSET
FEBRUARY 27 2015......SUNRISE   712 AM CST   SUNSET   618 PM CST
FEBRUARY 28 2015......SUNRISE   711 AM CST   SUNSET   619 PM CST


-  INDICATES NEGATIVE NUMBERS.
R  INDICATES RECORD WAS SET OR TIED.
MM INDICATES DATA IS MISSING.
T  INDICATES TRACE AMOUNT.




$$
