000
CDUS43 KFSD 220638
CLIMHE


CLIMATE REPORT
NATIONAL WEATHER SERVICE SIOUX FALLS SD
137 AM CDT FRI APR 22 2016


...................................

...THE MITCHELL SD CLIMATE SUMMARY FOR APRIL 21 2016...

CLIMATE NORMAL PERIOD 1981 TO 2010
CLIMATE RECORD PERIOD 1893 TO 2016


WEATHER ITEM   OBSERVED TIME   RECORD YEAR NORMAL DEPARTURE LAST
                VALUE   (LST)  VALUE       VALUE  FROM      YEAR
                                                  NORMAL
..................................................................
TEMPERATURE (F)
 YESTERDAY
  MAXIMUM         64    515 PM  97    1980  63      1       55
  MINIMUM         41   1159 PM  15    1927  38      3       29
  AVERAGE         53                        50      3       42

PRECIPITATION (IN)
  YESTERDAY        0.00          1.37 1921   0.09  -0.09     0.00
  MONTH TO DATE    1.71                      1.30   0.41     0.49
  SINCE MAR 1      3.07                      2.36   0.71     0.62
  SINCE JAN 1      4.30                      2.92   1.38     1.39

SNOWFALL (IN)
  YESTERDAY        0.0           2.0  1927  MM     MM        0.0
  MONTH TO DATE    0.2                      MM     MM        0.0
  SINCE MAR 1      3.9                      MM     MM        0.7
  SINCE JUL 1     46.3                      MM     MM       22.6
  SNOW DEPTH       0

DEGREE DAYS
 HEATING
  YESTERDAY       12                        15     -3       23
  MONTH TO DATE  360                       405    -45      297
  SINCE MAR 1   1065                      1363   -298     1065
  SINCE JUL 1   5854                      6885  -1031     6555

 COOLING
  YESTERDAY        0                         0      0        0
  MONTH TO DATE    0                         0      0        0
  SINCE MAR 1      0                         0      0        4
  SINCE JAN 1      0                         0      0        4
..................................................................


WIND (MPH)
  HIGHEST WIND SPEED    26   HIGHEST WIND DIRECTION     N (10)
  HIGHEST GUST SPEED    34   HIGHEST GUST DIRECTION     N (350)
  AVERAGE WIND SPEED    13.7


SKY COVER
  POSSIBLE SUNSHINE  MM
  AVERAGE SKY COVER 0.3


WEATHER CONDITIONS
 THE FOLLOWING WEATHER WAS RECORDED YESTERDAY.
  NO SIGNIFICANT WEATHER WAS OBSERVED.


RELATIVE HUMIDITY (PERCENT)
 HIGHEST   100           500 AM
 LOWEST     39           600 PM
 AVERAGE    70

..........................................................


THE MITCHELL SD CLIMATE NORMALS FOR TODAY
                         NORMAL    RECORD    YEAR
 MAXIMUM TEMPERATURE (F)   64        93      1990
 MINIMUM TEMPERATURE (F)   38        23      1927


SUNRISE AND SUNSET
APRIL 22 2016.........SUNRISE   637 AM CDT   SUNSET   825 PM CDT
APRIL 23 2016.........SUNRISE   635 AM CDT   SUNSET   826 PM CDT


-  INDICATES NEGATIVE NUMBERS.
R  INDICATES RECORD WAS SET OR TIED.
MM INDICATES DATA IS MISSING.
T  INDICATES TRACE AMOUNT.




$$
