000
CDUS43 KFSD 010637
CLIMHE


CLIMATE REPORT
NATIONAL WEATHER SERVICE SIOUX FALLS SD
1237 AM CST MON FEB 1 2016


...................................

...THE MITCHELL SD CLIMATE SUMMARY FOR JANUARY 31 2016...

CLIMATE NORMAL PERIOD 1981 TO 2010
CLIMATE RECORD PERIOD 1893 TO 2016


WEATHER ITEM   OBSERVED TIME   RECORD YEAR NORMAL DEPARTURE LAST
                VALUE   (LST)  VALUE       VALUE  FROM      YEAR
                                                  NORMAL
..................................................................
TEMPERATURE (F)
 YESTERDAY
  MAXIMUM         41    245 PM  57    2009  30     11       28
  MINIMUM         30   1159 PM -26    1918  10     20       16
  AVERAGE         36                        20     16       22

PRECIPITATION (IN)
  YESTERDAY        0.00          0.28 1981   0.01  -0.01     0.13
  MONTH TO DATE    1.17                      0.22   0.95     0.53
  SINCE DEC 1      2.20                      0.67   1.53     1.75
  SINCE JAN 1      1.17                      0.22   0.95     0.53

SNOWFALL (IN)
  YESTERDAY        0.0           5.0  1981  MM     MM        0.6
  MONTH TO DATE    6.3                      MM     MM        5.8
  SINCE DEC 1     21.1                      MM     MM       13.5
  SINCE JUL 1     34.3                      MM     MM       19.1
  SNOW DEPTH       4

DEGREE DAYS
 HEATING
  YESTERDAY       29                        45    -16       43
  MONTH TO DATE 1431                      1433     -2     1313
  SINCE DEC 1   2618                      2799   -181     2538
  SINCE JUL 1   3801                      4367   -566     4194

 COOLING
  YESTERDAY        0                         0      0        0
  MONTH TO DATE    0                         0      0        0
  SINCE DEC 1      0                         0      0        0
  SINCE JAN 1      0                         0      0        0
..................................................................


WIND (MPH)
  HIGHEST WIND SPEED    15   HIGHEST WIND DIRECTION     W (280)
  HIGHEST GUST SPEED    20   HIGHEST GUST DIRECTION     W (280)
  AVERAGE WIND SPEED     8.9


SKY COVER
  POSSIBLE SUNSHINE  MM
  AVERAGE SKY COVER 0.5


WEATHER CONDITIONS
 THE FOLLOWING WEATHER WAS RECORDED YESTERDAY.
  NO SIGNIFICANT WEATHER WAS OBSERVED.


RELATIVE HUMIDITY (PERCENT)
 HIGHEST   100           500 AM
 LOWEST     75           700 PM
 AVERAGE    88

..........................................................


THE MITCHELL SD CLIMATE NORMALS FOR TODAY
                         NORMAL    RECORD    YEAR
 MAXIMUM TEMPERATURE (F)   30        59      1931
 MINIMUM TEMPERATURE (F)   10       -31      1996


SUNRISE AND SUNSET
FEBRUARY  1 2016......SUNRISE   749 AM CST   SUNSET   542 PM CST
FEBRUARY  2 2016......SUNRISE   748 AM CST   SUNSET   544 PM CST


-  INDICATES NEGATIVE NUMBERS.
R  INDICATES RECORD WAS SET OR TIED.
MM INDICATES DATA IS MISSING.
T  INDICATES TRACE AMOUNT.




$$
