000
CDUS43 KFSD 050703
CLIMHE


CLIMATE REPORT
NATIONAL WEATHER SERVICE SIOUX FALLS SD
102 AM CST THU JAN 5 2017


...................................

...THE MITCHELL SD CLIMATE SUMMARY FOR JANUARY 4 2017...

CLIMATE NORMAL PERIOD 1981 TO 2010
CLIMATE RECORD PERIOD 1893 TO 2017


WEATHER ITEM   OBSERVED TIME   RECORD YEAR NORMAL DEPARTURE LAST
                VALUE   (LST)  VALUE       VALUE  FROM      YEAR
                                                  NORMAL
..................................................................
TEMPERATURE (F)
 YESTERDAY
  MAXIMUM          6    829 PM  58    2012  27    -21       19
  MINIMUM         -6    851 AM -23    1968  10    -16        8
  AVERAGE          0                        18    -18       14

PRECIPITATION (IN)
  YESTERDAY        0.00          0.44 1910   0.01  -0.01     0.00
  MONTH TO DATE    0.02                      0.03  -0.01     0.00
  SINCE DEC 1      1.13                      0.48   0.65     1.03
  SINCE JAN 1      0.02                      0.03  -0.01     0.00

SNOWFALL (IN)
  YESTERDAY        0.0           6.0  1910  MM     MM        0.0
  MONTH TO DATE    0.2                      MM     MM        0.0
  SINCE DEC 1      8.3                      MM     MM       14.8
  SINCE JUL 1     13.8                      MM     MM       28.0
  SNOW DEPTH       T

DEGREE DAYS
 HEATING
  YESTERDAY       65                        47     18       51
  MONTH TO DATE  208                       185     23      185
  SINCE DEC 1   1596                      1552     44     1372
  SINCE JUL 1   2690                      3120   -430     2555

 COOLING
  YESTERDAY        0                         0      0        0
  MONTH TO DATE    0                         0      0        0
  SINCE DEC 1      0                         0      0        0
  SINCE JAN 1      0                         0      0        0
..................................................................


WIND (MPH)
  HIGHEST WIND SPEED    16   HIGHEST WIND DIRECTION    NW (310)
  HIGHEST GUST SPEED    19   HIGHEST GUST DIRECTION    NW (300)
  AVERAGE WIND SPEED    10.4


SKY COVER
  POSSIBLE SUNSHINE  MM
  AVERAGE SKY COVER 0.0


WEATHER CONDITIONS
 THE FOLLOWING WEATHER WAS RECORDED YESTERDAY.
  NO SIGNIFICANT WEATHER WAS OBSERVED.


RELATIVE HUMIDITY (PERCENT)
 HIGHEST    87          1100 PM
 LOWEST     69           600 PM
 AVERAGE    78

..........................................................


THE MITCHELL SD CLIMATE NORMALS FOR TODAY
                         NORMAL    RECORD    YEAR
 MAXIMUM TEMPERATURE (F)   27        68      2012
 MINIMUM TEMPERATURE (F)   10       -29      1924


SUNRISE AND SUNSET
JANUARY  5 2017.......SUNRISE   806 AM CST   SUNSET   510 PM CST
JANUARY  6 2017.......SUNRISE   806 AM CST   SUNSET   511 PM CST


-  INDICATES NEGATIVE NUMBERS.
R  INDICATES RECORD WAS SET OR TIED.
MM INDICATES DATA IS MISSING.
T  INDICATES TRACE AMOUNT.




$$
