000
CDUS43 KFSD 202238
CLIMHE


CLIMATE REPORT
NATIONAL WEATHER SERVICE SIOUX FALLS SD
437 PM CST SUN NOV 20 2016


...................................

...THE MITCHELL SD CLIMATE SUMMARY FOR NOVEMBER 20 2016...
VALID TODAY AS OF 0400 PM LOCAL TIME.

CLIMATE NORMAL PERIOD 1981 TO 2010
CLIMATE RECORD PERIOD 1893 TO 2016


WEATHER ITEM   OBSERVED TIME   RECORD YEAR NORMAL DEPARTURE LAST
                VALUE   (LST)  VALUE       VALUE  FROM      YEAR
                                                  NORMAL
..................................................................
TEMPERATURE (F)
 TODAY
  MAXIMUM         33    359 PM  76    1962  41     -8       32
  MINIMUM         20    259 AM  -8    1937  21     -1        8
                                      1921
  AVERAGE         27                        31     -4       20

PRECIPITATION (IN)
  TODAY            0.00          1.22 1930   0.02  -0.02     0.48
  MONTH TO DATE    0.52                      0.60  -0.08     1.80
  SINCE SEP 1      4.62                      4.54   0.08     4.84
  SINCE JAN 1     24.03                     20.89   3.14    21.77

SNOWFALL (IN)
  TODAY            0.0           7.7  1953  MM     MM        6.0
  MONTH TO DATE    4.2                      MM     MM        6.0
  SINCE SEP 1      4.2                      MM     MM        6.0
  SINCE JUL 1      4.2                      MM     MM        6.0
  SNOW DEPTH       3

DEGREE DAYS
 HEATING
  TODAY           38                        34      4       45
  MONTH TO DATE  347                       559   -212      382
  SINCE SEP 1    790                      1183   -393      776
  SINCE JUL 1    798                      1200   -402      804

 COOLING
  TODAY            0                         0      0        0
  MONTH TO DATE    0                         0      0        0
  SINCE SEP 1    104                        79     25      170
  SINCE JAN 1   1036                       824    212      894
..................................................................


WIND (MPH)
  HIGHEST WIND SPEED    26   HIGHEST WIND DIRECTION     S (160)
  HIGHEST GUST SPEED    32   HIGHEST GUST DIRECTION     S (170)
  AVERAGE WIND SPEED    16.4


SKY COVER
  POSSIBLE SUNSHINE  MM
  AVERAGE SKY COVER 0.0


WEATHER CONDITIONS
 THE FOLLOWING WEATHER WAS RECORDED TODAY.
  NO SIGNIFICANT WEATHER WAS OBSERVED.


RELATIVE HUMIDITY (PERCENT)
 HIGHEST    91          1200 AM
 LOWEST     69          1100 AM
 AVERAGE    80

..........................................................


THE MITCHELL SD CLIMATE NORMALS FOR TOMORROW
                         NORMAL    RECORD    YEAR
 MAXIMUM TEMPERATURE (F)   41        75      1960
 MINIMUM TEMPERATURE (F)   21        -9      1937


SUNRISE AND SUNSET
NOVEMBER 20 2016......SUNRISE   734 AM CST   SUNSET   502 PM CST
NOVEMBER 21 2016......SUNRISE   735 AM CST   SUNSET   501 PM CST


-  INDICATES NEGATIVE NUMBERS.
R  INDICATES RECORD WAS SET OR TIED.
MM INDICATES DATA IS MISSING.
T  INDICATES TRACE AMOUNT.




$$
