000
CDUS43 KFSD 031223
CLIMHE


CLIMATE REPORT
NATIONAL WEATHER SERVICE SIOUX FALLS SD
623 AM CST SAT DEC 3 2016


...................................

...THE MITCHELL SD CLIMATE SUMMARY FOR DECEMBER 2 2016...

CLIMATE NORMAL PERIOD 1981 TO 2010
CLIMATE RECORD PERIOD 1893 TO 2016


WEATHER ITEM   OBSERVED TIME   RECORD YEAR NORMAL DEPARTURE LAST
                VALUE   (LST)  VALUE       VALUE  FROM      YEAR
                                                  NORMAL
..................................................................
TEMPERATURE (F)
 YESTERDAY
  MAXIMUM         33    334 PM  69    1998  34     -1       34
  MINIMUM         28   1159 PM -17    1985  16     12        9
  AVERAGE         31                        25      6       22

PRECIPITATION (IN)
  YESTERDAY        T             0.55 1909   0.02  -0.02     0.00
  MONTH TO DATE    T                         0.05  -0.05     0.16
  SINCE DEC 1      T                         0.05  -0.05     0.16
  SINCE JAN 1     25.21                     21.12   4.09    22.57

SNOWFALL (IN)
  YESTERDAY        T             6.0  1978  MM     MM        0.0
  MONTH TO DATE    T                        MM     MM        2.6
  SINCE DEC 1      T                        MM     MM        2.6
  SINCE JUL 1      5.5                      MM     MM       15.8
  SNOW DEPTH       1

DEGREE DAYS
 HEATING
  YESTERDAY       34                        40     -6       43
  MONTH TO DATE   67                        80    -13       78
  SINCE DEC 1     67                        80    -13       78
  SINCE JUL 1   1161                      1648   -487     1261

 COOLING
  YESTERDAY        0                         0      0        0
  MONTH TO DATE    0                         0      0        0
  SINCE DEC 1      0                         0      0        0
  SINCE JAN 1   1036                       824    212      894
..................................................................


WIND (MPH)
  HIGHEST WIND SPEED    10   HIGHEST WIND DIRECTION     N (10)
  HIGHEST GUST SPEED    12   HIGHEST GUST DIRECTION     N (360)
  AVERAGE WIND SPEED     4.4


SKY COVER
  POSSIBLE SUNSHINE  MM
  AVERAGE SKY COVER 1.0


WEATHER CONDITIONS
 THE FOLLOWING WEATHER WAS RECORDED YESTERDAY.
  LIGHT SNOW
  FOG


RELATIVE HUMIDITY (PERCENT)
 HIGHEST   100           300 AM
 LOWEST     78           200 PM
 AVERAGE    89

..........................................................


THE MITCHELL SD CLIMATE NORMALS FOR TODAY
                         NORMAL    RECORD    YEAR
 MAXIMUM TEMPERATURE (F)   34        68      1941
 MINIMUM TEMPERATURE (F)   15       -10      1985


SUNRISE AND SUNSET
DECEMBER  3 2016......SUNRISE   749 AM CST   SUNSET   455 PM CST
DECEMBER  4 2016......SUNRISE   750 AM CST   SUNSET   455 PM CST


-  INDICATES NEGATIVE NUMBERS.
R  INDICATES RECORD WAS SET OR TIED.
MM INDICATES DATA IS MISSING.
T  INDICATES TRACE AMOUNT.




$$
