000
CDUS43 KFSD 210625
CLIMHE


CLIMATE REPORT
NATIONAL WEATHER SERVICE SIOUX FALLS SD
1225 AM CST SUN JAN 21 2018


...................................

...THE MITCHELL SD CLIMATE SUMMARY FOR JANUARY 20 2018...

CLIMATE NORMAL PERIOD 1981 TO 2010
CLIMATE RECORD PERIOD 1893 TO 2018


WEATHER ITEM   OBSERVED TIME   RECORD YEAR NORMAL DEPARTURE LAST
                VALUE   (LST)  VALUE       VALUE  FROM      YEAR
                                                  NORMAL
..................................................................
TEMPERATURE (F)
 YESTERDAY
  MAXIMUM         43    359 PM  65    1944  28     15       49
  MINIMUM         22    828 AM -25    1985   9     13       37
  AVERAGE         33                        19     14       43

PRECIPITATION (IN)
  YESTERDAY        0.00          1.05 1988   0.01  -0.01      T
  MONTH TO DATE    0.13                      0.14  -0.01     0.13
  SINCE DEC 1      0.75                      0.59   0.16     1.24
  SINCE JAN 1      0.13                      0.14  -0.01     0.13

SNOWFALL (IN)
  YESTERDAY        0.0           4.2  2012  MM     MM        0.0
  MONTH TO DATE    1.5                      MM     MM        2.0
  SINCE DEC 1     12.0                      MM     MM       10.1
  SINCE JUL 1     13.2                      MM     MM       15.6
  SNOW DEPTH       2

DEGREE DAYS
 HEATING
  YESTERDAY       32                        46    -14       22
  MONTH TO DATE 1002                       931     71      976
  SINCE DEC 1   2296                      2298     -2     2364
  SINCE JUL 1   3685                      3866   -181     3458

 COOLING
  YESTERDAY        0                         0      0        0
  MONTH TO DATE    0                         0      0        0
  SINCE DEC 1      0                         0      0        0
  SINCE JAN 1      0                         0      0        0
..................................................................


WIND (MPH)
  HIGHEST WIND SPEED     9   HIGHEST WIND DIRECTION     N (350)
  HIGHEST GUST SPEED    11   HIGHEST GUST DIRECTION     N (340)
  AVERAGE WIND SPEED     4.3


SKY COVER
  POSSIBLE SUNSHINE  MM
  AVERAGE SKY COVER 0.1


WEATHER CONDITIONS
 THE FOLLOWING WEATHER WAS RECORDED YESTERDAY.
  NO SIGNIFICANT WEATHER WAS OBSERVED.


RELATIVE HUMIDITY (PERCENT)
 HIGHEST   100           400 AM
 LOWEST     70           200 PM
 AVERAGE    85

..........................................................


THE MITCHELL SD CLIMATE NORMALS FOR TODAY
                         NORMAL    RECORD    YEAR
 MAXIMUM TEMPERATURE (F)   28        64      1900
 MINIMUM TEMPERATURE (F)    9       -26      1954


SUNRISE AND SUNSET
JANUARY 21 2018.......SUNRISE   759 AM CST   SUNSET   528 PM CST
JANUARY 22 2018.......SUNRISE   758 AM CST   SUNSET   530 PM CST


-  INDICATES NEGATIVE NUMBERS.
R  INDICATES RECORD WAS SET OR TIED.
MM INDICATES DATA IS MISSING.
T  INDICATES TRACE AMOUNT.




$$
