000
CDUS43 KFSD 190635
CLIMHE


CLIMATE REPORT
NATIONAL WEATHER SERVICE SIOUX FALLS SD
132 AM CDT TUE APR 19 2016


...................................

...THE MITCHELL SD CLIMATE SUMMARY FOR APRIL 18 2016...

CLIMATE NORMAL PERIOD 1981 TO 2010
CLIMATE RECORD PERIOD 1893 TO 2016


WEATHER ITEM   OBSERVED TIME   RECORD YEAR NORMAL DEPARTURE LAST
                VALUE   (LST)  VALUE       VALUE  FROM      YEAR
                                                  NORMAL
..................................................................
TEMPERATURE (F)
 YESTERDAY
  MAXIMUM         47    621 PM  92    1985  62    -15       62
  MINIMUM         40   1159 PM  17    1953  36      4       53
  AVERAGE         44                        49     -5       58

PRECIPITATION (IN)
  YESTERDAY        0.59          3.29 1955   0.09   0.50     0.22
  MONTH TO DATE    1.58                      1.04   0.54     0.48
  SINCE MAR 1      2.94                      2.10   0.84     0.61
  SINCE JAN 1      4.17                      2.66   1.51     1.38

SNOWFALL (IN)
  YESTERDAY        0.0           3.3  2013  MM     MM        0.0
  MONTH TO DATE    0.2                      MM     MM        0.0
  SINCE MAR 1      3.9                      MM     MM        0.7
  SINCE JUL 1     46.3                      MM     MM       22.6
  SNOW DEPTH       0

DEGREE DAYS
 HEATING
  YESTERDAY       21                        16      5        7
  MONTH TO DATE  318                       360    -42      239
  SINCE MAR 1   1023                      1318   -295     1007
  SINCE JUL 1   5812                      6840  -1028     6497

 COOLING
  YESTERDAY        0                         0      0        0
  MONTH TO DATE    0                         0      0        0
  SINCE MAR 1      0                         0      0        4
  SINCE JAN 1      0                         0      0        4
..................................................................


WIND (MPH)
  HIGHEST WIND SPEED    21   HIGHEST WIND DIRECTION     W (270)
  HIGHEST GUST SPEED    25   HIGHEST GUST DIRECTION     W (270)
  AVERAGE WIND SPEED    12.4


SKY COVER
  POSSIBLE SUNSHINE  MM
  AVERAGE SKY COVER 0.8


WEATHER CONDITIONS
 THE FOLLOWING WEATHER WAS RECORDED YESTERDAY.
  RAIN
  LIGHT RAIN
  FOG


RELATIVE HUMIDITY (PERCENT)
 HIGHEST   100           200 AM
 LOWEST     82           700 PM
 AVERAGE    91

..........................................................


THE MITCHELL SD CLIMATE NORMALS FOR TODAY
                         NORMAL    RECORD    YEAR
 MAXIMUM TEMPERATURE (F)   62        90      1923
 MINIMUM TEMPERATURE (F)   37        16      1928


SUNRISE AND SUNSET
APRIL 19 2016.........SUNRISE   642 AM CDT   SUNSET   821 PM CDT
APRIL 20 2016.........SUNRISE   640 AM CDT   SUNSET   822 PM CDT


-  INDICATES NEGATIVE NUMBERS.
R  INDICATES RECORD WAS SET OR TIED.
MM INDICATES DATA IS MISSING.
T  INDICATES TRACE AMOUNT.




$$
