000
CDUS43 KFSD 070632
CLIMHE


CLIMATE REPORT
NATIONAL WEATHER SERVICE SIOUX FALLS SD
1230 AM CST TUE FEB 7 2017


...................................

...THE MITCHELL SD CLIMATE SUMMARY FOR FEBRUARY 6 2017...

CLIMATE NORMAL PERIOD 1981 TO 2010
CLIMATE RECORD PERIOD 1893 TO 2017


WEATHER ITEM   OBSERVED TIME   RECORD YEAR NORMAL DEPARTURE LAST
                VALUE   (LST)  VALUE       VALUE  FROM      YEAR
                                                  NORMAL
..................................................................
TEMPERATURE (F)
 YESTERDAY
  MAXIMUM         35    508 PM  58    1987  31      4       43
  MINIMUM         22    824 AM -25    1899  11     11       24
  AVERAGE         29                        21      8       34

PRECIPITATION (IN)
  YESTERDAY        0.00          0.54 1928   0.02  -0.02     0.00
  MONTH TO DATE    T                         0.08  -0.08     0.06
  SINCE DEC 1      1.87                      0.75   1.12     1.54
  SINCE JAN 1      0.76                      0.30   0.46     0.51

SNOWFALL (IN)
  YESTERDAY        0.0           4.0  1948  MM     MM        0.0
  MONTH TO DATE    T                        MM     MM        0.9
  SINCE DEC 1     17.5                      MM     MM       22.0
  SINCE JUL 1     23.0                      MM     MM       35.2
  SNOW DEPTH       T

DEGREE DAYS
 HEATING
  YESTERDAY       36                        44     -8       31
  MONTH TO DATE  257                       266     -9      227
  SINCE DEC 1   3012                      3065    -53     2845
  SINCE JUL 1   4106                      4633   -527     4028

 COOLING
  YESTERDAY        0                         0      0        0
  MONTH TO DATE    0                         0      0        0
  SINCE DEC 1      0                         0      0        0
  SINCE JAN 1      0                         0      0        0
..................................................................


WIND (MPH)
  HIGHEST WIND SPEED    18   HIGHEST WIND DIRECTION     N (350)
  HIGHEST GUST SPEED    23   HIGHEST GUST DIRECTION     N (340)
  AVERAGE WIND SPEED     9.1


SKY COVER
  POSSIBLE SUNSHINE  MM
  AVERAGE SKY COVER 0.1


WEATHER CONDITIONS
 THE FOLLOWING WEATHER WAS RECORDED YESTERDAY.
  FOG


RELATIVE HUMIDITY (PERCENT)
 HIGHEST    96           300 AM
 LOWEST     69           200 PM
 AVERAGE    83

..........................................................


THE MITCHELL SD CLIMATE NORMALS FOR TODAY
                         NORMAL    RECORD    YEAR
 MAXIMUM TEMPERATURE (F)   31        66      1987
 MINIMUM TEMPERATURE (F)   12       -25      1914


SUNRISE AND SUNSET
FEBRUARY  7 2017......SUNRISE   741 AM CST   SUNSET   552 PM CST
FEBRUARY  8 2017......SUNRISE   740 AM CST   SUNSET   553 PM CST


-  INDICATES NEGATIVE NUMBERS.
R  INDICATES RECORD WAS SET OR TIED.
MM INDICATES DATA IS MISSING.
T  INDICATES TRACE AMOUNT.




$$
