000
CDUS43 KFSD 110624
CLIMHE


CLIMATE REPORT
NATIONAL WEATHER SERVICE SIOUX FALLS SD
1223 AM CST SAT FEB 11 2017


...................................

...THE MITCHELL SD CLIMATE SUMMARY FOR FEBRUARY 10 2017...

CLIMATE NORMAL PERIOD 1981 TO 2010
CLIMATE RECORD PERIOD 1893 TO 2017


WEATHER ITEM   OBSERVED TIME   RECORD YEAR NORMAL DEPARTURE LAST
                VALUE   (LST)  VALUE       VALUE  FROM      YEAR
                                                  NORMAL
..................................................................
TEMPERATURE (F)
 YESTERDAY
  MAXIMUM         64    150 PM  66    1951  32     32       31
  MINIMUM         23   1217 AM -40    1994  12     11       19
  AVERAGE         44                        22     22       25

PRECIPITATION (IN)
  YESTERDAY        0.00          0.95 2013   0.01  -0.01     0.00
  MONTH TO DATE    T                         0.13  -0.13     0.06
  SINCE DEC 1      1.87                      0.80   1.07     1.54
  SINCE JAN 1      0.76                      0.35   0.41     0.51

SNOWFALL (IN)
  YESTERDAY        0.0           9.6  2013  MM     MM        0.0
  MONTH TO DATE    T                        MM     MM        0.9
  SINCE DEC 1     17.5                      MM     MM       22.0
  SINCE JUL 1     23.0                      MM     MM       35.2
  SNOW DEPTH       T

DEGREE DAYS
 HEATING
  YESTERDAY       21                        43    -22       40
  MONTH TO DATE  426                       439    -13      378
  SINCE DEC 1   3181                      3238    -57     2996
  SINCE JUL 1   4275                      4806   -531     4179

 COOLING
  YESTERDAY        0                         0      0        0
  MONTH TO DATE    0                         0      0        0
  SINCE DEC 1      0                         0      0        0
  SINCE JAN 1      0                         0      0        0
..................................................................


WIND (MPH)
  HIGHEST WIND SPEED    21   HIGHEST WIND DIRECTION     S (160)
  HIGHEST GUST SPEED    24   HIGHEST GUST DIRECTION    NW (320)
  AVERAGE WIND SPEED     8.6


SKY COVER
  POSSIBLE SUNSHINE  MM
  AVERAGE SKY COVER 0.0


WEATHER CONDITIONS
 THE FOLLOWING WEATHER WAS RECORDED YESTERDAY.
  NO SIGNIFICANT WEATHER WAS OBSERVED.


RELATIVE HUMIDITY (PERCENT)
 HIGHEST    85           900 PM
 LOWEST     39           200 PM
 AVERAGE    62

..........................................................


THE MITCHELL SD CLIMATE NORMALS FOR TODAY
                         NORMAL    RECORD    YEAR
 MAXIMUM TEMPERATURE (F)   32        63      1987
 MINIMUM TEMPERATURE (F)   13       -39      1899


SUNRISE AND SUNSET
FEBRUARY 11 2017......SUNRISE   736 AM CST   SUNSET   557 PM CST
FEBRUARY 12 2017......SUNRISE   735 AM CST   SUNSET   559 PM CST


-  INDICATES NEGATIVE NUMBERS.
R  INDICATES RECORD WAS SET OR TIED.
MM INDICATES DATA IS MISSING.
T  INDICATES TRACE AMOUNT.




$$
