000
CDUS43 KFSD 142224
CLIMHE


CLIMATE REPORT
NATIONAL WEATHER SERVICE SIOUX FALLS SD
523 PM CDT FRI APR 14 2017


...................................

...THE MITCHELL SD CLIMATE SUMMARY FOR APRIL 14 2017...
VALID TODAY AS OF 0500 PM LOCAL TIME.

CLIMATE NORMAL PERIOD 1981 TO 2010
CLIMATE RECORD PERIOD 1893 TO 2017


WEATHER ITEM   OBSERVED TIME   RECORD YEAR NORMAL DEPARTURE LAST
                VALUE   (LST)  VALUE       VALUE  FROM      YEAR
                                                  NORMAL
..................................................................
TEMPERATURE (F)
 TODAY
  MAXIMUM         71    115 PM  91    2003  60     11       80
                                      1908
  MINIMUM         50    537 AM   9    1928  35     15       42
  AVERAGE         61                        47     14       61

PRECIPITATION (IN)
  TODAY            0.00          1.61 1941   0.07  -0.07     0.00
  MONTH TO DATE    1.87                      0.71   1.16     0.07
  SINCE MAR 1      2.21                      1.77   0.44     1.43
  SINCE JAN 1      3.37                      2.33   1.04     2.66

SNOWFALL (IN)
  TODAY            0.0           3.8  1928  MM     MM        0.0
  MONTH TO DATE    1.6                      MM     MM        0.2
  SINCE MAR 1      5.2                      MM     MM        3.9
  SINCE JUL 1     30.6                      MM     MM       46.3
  SNOW DEPTH       0

DEGREE DAYS
 HEATING
  TODAY            4                        18    -14        4
  MONTH TO DATE  208                       294    -86      266
  SINCE MAR 1   1077                      1252   -175      971
  SINCE JUL 1   5811                      6774   -963     5760

 COOLING
  TODAY            0                         0      0        0
  MONTH TO DATE    0                         0      0        0
  SINCE MAR 1      0                         0      0        0
  SINCE JAN 1      0                         0      0        0
..................................................................


WIND (MPH)
  HIGHEST WIND SPEED    28   HIGHEST WIND DIRECTION     S (160)
  HIGHEST GUST SPEED    34   HIGHEST GUST DIRECTION    SE (150)
  AVERAGE WIND SPEED    16.3


SKY COVER
  POSSIBLE SUNSHINE  MM
  AVERAGE SKY COVER 0.6


WEATHER CONDITIONS
 THE FOLLOWING WEATHER WAS RECORDED TODAY.
  FOG


RELATIVE HUMIDITY (PERCENT)
 HIGHEST   100           700 AM
 LOWEST     68           200 PM
 AVERAGE    84

..........................................................


THE MITCHELL SD CLIMATE NORMALS FOR TOMORROW
                         NORMAL    RECORD    YEAR
 MAXIMUM TEMPERATURE (F)   60        88      1898
 MINIMUM TEMPERATURE (F)   35        18      2014


SUNRISE AND SUNSET
APRIL 14 2017.........SUNRISE   650 AM CDT   SUNSET   815 PM CDT
APRIL 15 2017.........SUNRISE   649 AM CDT   SUNSET   816 PM CDT


-  INDICATES NEGATIVE NUMBERS.
R  INDICATES RECORD WAS SET OR TIED.
MM INDICATES DATA IS MISSING.
T  INDICATES TRACE AMOUNT.




$$
