000
CDUS43 KFSD 290636
CLIMHE


CLIMATE REPORT
NATIONAL WEATHER SERVICE SIOUX FALLS SD
1236 AM CST FRI JAN 29 2016


...................................

...THE MITCHELL SD CLIMATE SUMMARY FOR JANUARY 28 2016...

CLIMATE NORMAL PERIOD 1981 TO 2010
CLIMATE RECORD PERIOD 1893 TO 2016


WEATHER ITEM   OBSERVED TIME   RECORD YEAR NORMAL DEPARTURE LAST
                VALUE   (LST)  VALUE       VALUE  FROM      YEAR
                                                  NORMAL
..................................................................
TEMPERATURE (F)
 YESTERDAY
  MAXIMUM         38    110 AM  60    1906  29      9       47
  MINIMUM         31    730 PM -20    1997  10     21       34
  AVERAGE         35                        20     15       41

PRECIPITATION (IN)
  YESTERDAY        0.00          0.33 1925   0.00   0.00     0.00
  MONTH TO DATE    1.17                      0.20   0.97     0.40
  SINCE DEC 1      2.20                      0.65   1.55     1.62
  SINCE JAN 1      1.17                      0.20   0.97     0.40

SNOWFALL (IN)
  YESTERDAY        0.0           4.0  1925  MM     MM        0.0
  MONTH TO DATE    6.3                      MM     MM        5.2
  SINCE DEC 1     21.1                      MM     MM       12.9
  SINCE JUL 1     34.3                      MM     MM       18.5
  SNOW DEPTH       7

DEGREE DAYS
 HEATING
  YESTERDAY       30                        45    -15       24
  MONTH TO DATE 1345                      1298     47     1201
  SINCE DEC 1   2532                      2665   -133     2426
  SINCE JUL 1   3715                      4233   -518     4082

 COOLING
  YESTERDAY        0                         0      0        0
  MONTH TO DATE    0                         0      0        0
  SINCE DEC 1      0                         0      0        0
  SINCE JAN 1      0                         0      0        0
..................................................................


WIND (MPH)
  HIGHEST WIND SPEED    24   HIGHEST WIND DIRECTION    NW (300)
  HIGHEST GUST SPEED    30   HIGHEST GUST DIRECTION     W (290)
  AVERAGE WIND SPEED    11.9


SKY COVER
  POSSIBLE SUNSHINE  MM
  AVERAGE SKY COVER 0.0


WEATHER CONDITIONS
 THE FOLLOWING WEATHER WAS RECORDED YESTERDAY.
  NO SIGNIFICANT WEATHER WAS OBSERVED.


RELATIVE HUMIDITY (PERCENT)
 HIGHEST    85           800 PM
 LOWEST     70           300 PM
 AVERAGE    78

..........................................................


THE MITCHELL SD CLIMATE NORMALS FOR TODAY
                         NORMAL    RECORD    YEAR
 MAXIMUM TEMPERATURE (F)   30        67      1931
 MINIMUM TEMPERATURE (F)   10       -31      1966


SUNRISE AND SUNSET
JANUARY 29 2016.......SUNRISE   753 AM CST   SUNSET   538 PM CST
JANUARY 30 2016.......SUNRISE   752 AM CST   SUNSET   540 PM CST


-  INDICATES NEGATIVE NUMBERS.
R  INDICATES RECORD WAS SET OR TIED.
MM INDICATES DATA IS MISSING.
T  INDICATES TRACE AMOUNT.




$$
