771
CDUS43 KFSD 150620
CLIMHE


CLIMATE REPORT
NATIONAL WEATHER SERVICE SIOUX FALLS SD
1219 AM CST WED FEB 15 2017


...................................

...THE MITCHELL SD CLIMATE SUMMARY FOR FEBRUARY 14 2017...

CLIMATE NORMAL PERIOD 1981 TO 2010
CLIMATE RECORD PERIOD 1893 TO 2017


WEATHER ITEM   OBSERVED TIME   RECORD YEAR NORMAL DEPARTURE LAST
                VALUE   (LST)  VALUE       VALUE  FROM      YEAR
                                                  NORMAL
..................................................................
TEMPERATURE (F)
 YESTERDAY
  MAXIMUM         46    319 PM  65    1954  33     13       31
  MINIMUM         30   1159 PM -30    1936  14     16       16
  AVERAGE         38                        23     15       24

PRECIPITATION (IN)
  YESTERDAY        0.00          1.45 1915   0.01  -0.01     0.04
  MONTH TO DATE    0.18                      0.18   0.00     0.18
  SINCE DEC 1      2.05                      0.85   1.20     1.66
  SINCE JAN 1      0.94                      0.40   0.54     0.63

SNOWFALL (IN)
  YESTERDAY        0.0          18.0  1915  MM     MM        0.9
  MONTH TO DATE    T                        MM     MM        2.7
  SINCE DEC 1     17.5                      MM     MM       23.8
  SINCE JUL 1     23.0                      MM     MM       37.0
  SNOW DEPTH       0

DEGREE DAYS
 HEATING
  YESTERDAY       27                        42    -15       41
  MONTH TO DATE  529                       607    -78      571
  SINCE DEC 1   3284                      3406   -122     3189
  SINCE JUL 1   4378                      4974   -596     4372

 COOLING
  YESTERDAY        0                         0      0        0
  MONTH TO DATE    0                         0      0        0
  SINCE DEC 1      0                         0      0        0
  SINCE JAN 1      0                         0      0        0
..................................................................


WIND (MPH)
  HIGHEST WIND SPEED    24   HIGHEST WIND DIRECTION    NW (330)
  HIGHEST GUST SPEED    29   HIGHEST GUST DIRECTION    NW (330)
  AVERAGE WIND SPEED    13.3


SKY COVER
  POSSIBLE SUNSHINE  MM
  AVERAGE SKY COVER 0.0


WEATHER CONDITIONS
 THE FOLLOWING WEATHER WAS RECORDED YESTERDAY.
  NO SIGNIFICANT WEATHER WAS OBSERVED.


RELATIVE HUMIDITY (PERCENT)
 HIGHEST    85           100 AM
 LOWEST     53           300 PM
 AVERAGE    69

..........................................................


THE MITCHELL SD CLIMATE NORMALS FOR TODAY
                         NORMAL    RECORD    YEAR
 MAXIMUM TEMPERATURE (F)   34        66      1921
 MINIMUM TEMPERATURE (F)   14       -21      1936
                                             1909
                                             1903


SUNRISE AND SUNSET
FEBRUARY 15 2017......SUNRISE   730 AM CST   SUNSET   603 PM CST
FEBRUARY 16 2017......SUNRISE   729 AM CST   SUNSET   604 PM CST


-  INDICATES NEGATIVE NUMBERS.
R  INDICATES RECORD WAS SET OR TIED.
MM INDICATES DATA IS MISSING.
T  INDICATES TRACE AMOUNT.




$$
