195
CDUS43 KFSD 090700
CLIMHE


CLIMATE REPORT
NATIONAL WEATHER SERVICE SIOUX FALLS SD
1259 AM CST MON JAN 9 2017


...................................

...THE MITCHELL SD CLIMATE SUMMARY FOR JANUARY 8 2017...

CLIMATE NORMAL PERIOD 1981 TO 2010
CLIMATE RECORD PERIOD 1893 TO 2017


WEATHER ITEM   OBSERVED TIME   RECORD YEAR NORMAL DEPARTURE LAST
                VALUE   (LST)  VALUE       VALUE  FROM      YEAR
                                                  NORMAL
..................................................................
TEMPERATURE (F)
 YESTERDAY
  MAXIMUM         31    410 PM  60    2003  27      4       30
                                      1963
                                      1958
  MINIMUM          3   1237 AM -27    1906  10     -7        6
  AVERAGE         17                        18     -1       18

PRECIPITATION (IN)
  YESTERDAY        0.00          0.15 1973   0.00   0.00     0.10
  MONTH TO DATE    0.02                      0.05  -0.03     0.12
  SINCE DEC 1      1.13                      0.50   0.63     1.15
  SINCE JAN 1      0.02                      0.05  -0.03     0.12

SNOWFALL (IN)
  YESTERDAY        0.0           2.0  1918  MM     MM        0.8
  MONTH TO DATE    0.2                      MM     MM        1.0
  SINCE DEC 1      8.3                      MM     MM       15.8
  SINCE JUL 1     13.8                      MM     MM       29.0
  SNOW DEPTH       T

DEGREE DAYS
 HEATING
  YESTERDAY       48                        47      1       47
  MONTH TO DATE  438                       373     65      348
  SINCE DEC 1   1826                      1740     86     1535
  SINCE JUL 1   2920                      3308   -388     2718

 COOLING
  YESTERDAY        0                         0      0        0
  MONTH TO DATE    0                         0      0        0
  SINCE DEC 1      0                         0      0        0
  SINCE JAN 1      0                         0      0        0
..................................................................


WIND (MPH)
  HIGHEST WIND SPEED    29   HIGHEST WIND DIRECTION     S (170)
  HIGHEST GUST SPEED    36   HIGHEST GUST DIRECTION     S (170)
  AVERAGE WIND SPEED    18.4


SKY COVER
  POSSIBLE SUNSHINE  MM
  AVERAGE SKY COVER 0.3


WEATHER CONDITIONS
 THE FOLLOWING WEATHER WAS RECORDED YESTERDAY.
  NO SIGNIFICANT WEATHER WAS OBSERVED.


RELATIVE HUMIDITY (PERCENT)
 HIGHEST    87           300 AM
 LOWEST     53           400 PM
 AVERAGE    70

..........................................................


THE MITCHELL SD CLIMATE NORMALS FOR TODAY
                         NORMAL    RECORD    YEAR
 MAXIMUM TEMPERATURE (F)   27        61      1896
 MINIMUM TEMPERATURE (F)    9       -25      1988


SUNRISE AND SUNSET
JANUARY  9 2017.......SUNRISE   805 AM CST   SUNSET   514 PM CST
JANUARY 10 2017.......SUNRISE   805 AM CST   SUNSET   515 PM CST


-  INDICATES NEGATIVE NUMBERS.
R  INDICATES RECORD WAS SET OR TIED.
MM INDICATES DATA IS MISSING.
T  INDICATES TRACE AMOUNT.




$$
