229
CDUS43 KFSD 080625
CLIMHE


CLIMATE REPORT
NATIONAL WEATHER SERVICE SIOUX FALLS SD
124 AM CDT TUE AUG 8 2017


...................................

...THE MITCHELL SD CLIMATE SUMMARY FOR AUGUST 7 2017...

CLIMATE NORMAL PERIOD 1981 TO 2010
CLIMATE RECORD PERIOD 1893 TO 2017


WEATHER ITEM   OBSERVED TIME   RECORD YEAR NORMAL DEPARTURE LAST
                VALUE   (LST)  VALUE       VALUE  FROM      YEAR
                                                  NORMAL
..................................................................
TEMPERATURE (F)
 YESTERDAY
  MAXIMUM         80    427 PM 105    1980  85     -5       83
  MINIMUM         54    547 AM  47    1921  62     -8       65
  AVERAGE         67                        73     -6       74

PRECIPITATION (IN)
  YESTERDAY        0.00          2.60 1909   0.08  -0.08     0.00
  MONTH TO DATE    0.19                      0.49  -0.30     0.41
  SINCE JUN 1      3.96                      7.73  -3.77     3.99
  SINCE JAN 1     10.98                     14.46  -3.48    16.51

SNOWFALL (IN)
  YESTERDAY        0.0           0.0    MM  MM     MM        0.0
  MONTH TO DATE    0.0                      MM     MM        0.0
  SINCE JUN 1      0.0                      MM     MM        0.0
  SINCE JUL 1      0.0                      MM     MM        0.0
  SNOW DEPTH       0

DEGREE DAYS
 HEATING
  YESTERDAY        0                         0      0        0
  MONTH TO DATE    1                         0      1        0
  SINCE JUN 1     13                        40    -27        7
  SINCE JUL 1      1                         5     -4        3

 COOLING
  YESTERDAY        2                         9     -7        9
  MONTH TO DATE   19                        63    -44       67
  SINCE JUN 1    631                       541     90      682
  SINCE JAN 1    663                       581     82      726
..................................................................


WIND (MPH)
  HIGHEST WIND SPEED    12   HIGHEST WIND DIRECTION    SE (150)
  HIGHEST GUST SPEED    28   HIGHEST GUST DIRECTION     E (90)
  AVERAGE WIND SPEED     3.2


SKY COVER
  POSSIBLE SUNSHINE  MM
  AVERAGE SKY COVER 0.4


WEATHER CONDITIONS
 THE FOLLOWING WEATHER WAS RECORDED YESTERDAY.
  FOG
  FOG W/VISIBILITY <= 1/4 MILE


RELATIVE HUMIDITY (PERCENT)
 HIGHEST   100           600 AM
 LOWEST     42           300 PM
 AVERAGE    71

..........................................................


THE MITCHELL SD CLIMATE NORMALS FOR TODAY
                         NORMAL    RECORD    YEAR
 MAXIMUM TEMPERATURE (F)   84       105      1938
 MINIMUM TEMPERATURE (F)   62        47      1904


SUNRISE AND SUNSET
AUGUST  8 2017........SUNRISE   629 AM CDT   SUNSET   846 PM CDT
AUGUST  9 2017........SUNRISE   630 AM CDT   SUNSET   844 PM CDT


-  INDICATES NEGATIVE NUMBERS.
R  INDICATES RECORD WAS SET OR TIED.
MM INDICATES DATA IS MISSING.
T  INDICATES TRACE AMOUNT.




$$
