000
CDUS43 KFSD 252233
CLIMHE


CLIMATE REPORT
NATIONAL WEATHER SERVICE SIOUX FALLS SD
433 PM CST SAT NOV 25 2017


...................................

...THE MITCHELL SD CLIMATE SUMMARY FOR NOVEMBER 25 2017...
VALID TODAY AS OF 0400 PM LOCAL TIME.

CLIMATE NORMAL PERIOD 1981 TO 2010
CLIMATE RECORD PERIOD 1893 TO 2017


WEATHER ITEM   OBSERVED TIME   RECORD YEAR NORMAL DEPARTURE LAST
                VALUE   (LST)  VALUE       VALUE  FROM      YEAR
                                                  NORMAL
..................................................................
TEMPERATURE (F)
 TODAY
  MAXIMUM         55    348 PM  72    1960  38     17       52
  MINIMUM         29    720 AM -10    1977  19     10       26
                                      1975
  AVERAGE         42                        28     14       39

PRECIPITATION (IN)
  TODAY            0.00          1.17 1993   0.02  -0.02     0.00
  MONTH TO DATE    0.10                      0.69  -0.59     0.53
  SINCE SEP 1      5.78                      4.63   1.15     4.63
  SINCE JAN 1     19.60                     20.98  -1.38    24.04

SNOWFALL (IN)
  TODAY            0.0           9.0  1993  MM     MM        0.0
  MONTH TO DATE    1.2                      MM     MM        4.2
  SINCE SEP 1      1.2                      MM     MM        4.2
  SINCE JUL 1      1.2                      MM     MM        4.2
  SNOW DEPTH       0

DEGREE DAYS
 HEATING
  TODAY           23                        37    -14       26
  MONTH TO DATE  737                       736      1      497
  SINCE SEP 1   1275                      1360    -85      940
  SINCE JUL 1   1277                      1377   -100      948

 COOLING
  TODAY            0                         0      0        0
  MONTH TO DATE    0                         0      0        0
  SINCE SEP 1    120                        79     41      104
  SINCE JAN 1    890                       824     66     1036
..................................................................


WIND (MPH)
  HIGHEST WIND SPEED    13   HIGHEST WIND DIRECTION     W (270)
  HIGHEST GUST SPEED    15   HIGHEST GUST DIRECTION     W (260)
  AVERAGE WIND SPEED     7.8


SKY COVER
  POSSIBLE SUNSHINE  MM
  AVERAGE SKY COVER 0.0


WEATHER CONDITIONS
 THE FOLLOWING WEATHER WAS RECORDED TODAY.
  NO SIGNIFICANT WEATHER WAS OBSERVED.


RELATIVE HUMIDITY (PERCENT)
 HIGHEST    92           700 AM
 LOWEST     38           300 PM
 AVERAGE    65

..........................................................


THE MITCHELL SD CLIMATE NORMALS FOR TOMORROW
                         NORMAL    RECORD    YEAR
 MAXIMUM TEMPERATURE (F)   38        66      1914
 MINIMUM TEMPERATURE (F)   18       -12      1898


SUNRISE AND SUNSET
NOVEMBER 25 2017......SUNRISE   739 AM CST   SUNSET   459 PM CST
NOVEMBER 26 2017......SUNRISE   741 AM CST   SUNSET   458 PM CST


-  INDICATES NEGATIVE NUMBERS.
R  INDICATES RECORD WAS SET OR TIED.
MM INDICATES DATA IS MISSING.
T  INDICATES TRACE AMOUNT.




$$
