000
CDUS43 KFSD 100719
CLIMHE


CLIMATE REPORT
NATIONAL WEATHER SERVICE SIOUX FALLS SD
119 AM CST WED DEC 10 2014


...................................

...THE MITCHELL SD CLIMATE SUMMARY FOR DECEMBER 9 2014...

CLIMATE NORMAL PERIOD 1981 TO 2010
CLIMATE RECORD PERIOD 1893 TO 2014


WEATHER ITEM   OBSERVED TIME   RECORD YEAR NORMAL DEPARTURE LAST
                VALUE   (LST)  VALUE       VALUE  FROM      YEAR
                                                  NORMAL
..................................................................
TEMPERATURE (F)
 YESTERDAY
  MAXIMUM         27    749 PM  64    1957  31     -4       25
  MINIMUM         10    513 AM -23    1955  13     -3       -9
  AVERAGE         19                        22     -3        8

PRECIPITATION (IN)
  YESTERDAY        0.00          0.40 1948   0.01  -0.01      T
                                      1914
                                      2008
  MONTH TO DATE    0.00                      0.20  -0.20     0.44
  SINCE DEC 1      0.00                      0.20  -0.20     0.44
  SINCE JAN 1     17.98                     21.27  -3.29    26.10

SNOWFALL (IN)
  YESTERDAY        0.0           4.0  2003  MM     MM         T
                                      1948
                                      1914
  MONTH TO DATE    0.0                      MM     MM        8.4
  SINCE DEC 1      0.0                      MM     MM        8.4
  SINCE JUL 1      5.6                      MM     MM       12.4
  SNOW DEPTH       0

DEGREE DAYS
 HEATING
  YESTERDAY       46                        43      3       57
  MONTH TO DATE  347                       373    -26      474
  SINCE DEC 1    347                       373    -26      474
  SINCE JUL 1   2003                      1941     62     1982

 COOLING
  YESTERDAY        0                         0      0        0
  MONTH TO DATE    0                         0      0        0
  SINCE DEC 1      0                         0      0        0
  SINCE JAN 1    724                       824   -100      946
..................................................................


WIND (MPH)
  HIGHEST WIND SPEED    22   HIGHEST WIND DIRECTION    SE (150)
  HIGHEST GUST SPEED    27   HIGHEST GUST DIRECTION    SE (140)
  AVERAGE WIND SPEED    11.0


SKY COVER
  POSSIBLE SUNSHINE  MM
  AVERAGE SKY COVER 0.3


WEATHER CONDITIONS
 THE FOLLOWING WEATHER WAS RECORDED YESTERDAY.
  FOG
  HAZE


RELATIVE HUMIDITY (PERCENT)
 HIGHEST   100           500 AM
 LOWEST     75           200 PM
 AVERAGE    88

..........................................................


THE MITCHELL SD CLIMATE NORMALS FOR TODAY
                         NORMAL    RECORD    YEAR
 MAXIMUM TEMPERATURE (F)   31        64      1979
 MINIMUM TEMPERATURE (F)   13       -21      1917


SUNRISE AND SUNSET
DECEMBER 10 2014......SUNRISE   755 AM CST   SUNSET   455 PM CST
DECEMBER 11 2014......SUNRISE   756 AM CST   SUNSET   455 PM CST


-  INDICATES NEGATIVE NUMBERS.
R  INDICATES RECORD WAS SET OR TIED.
MM INDICATES DATA IS MISSING.
T  INDICATES TRACE AMOUNT.




$$
