000
CDUS43 KFSD 150650
CLIMHE


CLIMATE REPORT
NATIONAL WEATHER SERVICE SIOUX FALLS SD
150 AM CDT FRI MAY 15 2015


...................................

...THE MITCHELL SD CLIMATE SUMMARY FOR MAY 14 2015...

CLIMATE NORMAL PERIOD 1981 TO 2010
CLIMATE RECORD PERIOD 1893 TO 2015


WEATHER ITEM   OBSERVED TIME   RECORD YEAR NORMAL DEPARTURE LAST
                VALUE   (LST)  VALUE       VALUE  FROM      YEAR
                                                  NORMAL
..................................................................
TEMPERATURE (F)
 YESTERDAY
  MAXIMUM         65    334 PM  96    1941  71     -6       61
                                      1932
  MINIMUM         53    738 AM  28    1973  47      6       34
                                      1953
  AVERAGE         59                        59      0       48

PRECIPITATION (IN)
  YESTERDAY        0.08          2.40 1961   0.07   0.01     0.00
  MONTH TO DATE    3.02                      1.08   1.94     1.00
  SINCE MAR 1      4.57                      4.32   0.25     2.57
  SINCE JAN 1      5.34                      4.88   0.46     3.07

SNOWFALL (IN)
  YESTERDAY        0.0           0.1  1924  MM     MM        0.0
  MONTH TO DATE    0.0                      MM     MM        0.0
  SINCE MAR 1      0.7                      MM     MM        8.6
  SINCE JUL 1     22.6                      MM     MM       30.8
  SNOW DEPTH       0

DEGREE DAYS
 HEATING
  YESTERDAY        6                         7     -1       17
  MONTH TO DATE  102                       124    -22      179
  SINCE MAR 1   1266                      1602   -336     1752
  SINCE JUL 1   6756                      7124   -368     7702

 COOLING
  YESTERDAY        0                         1     -1        0
  MONTH TO DATE    5                        11     -6        0
  SINCE MAR 1     11                        13     -2        0
  SINCE JAN 1     11                        13     -2        0
..................................................................


WIND (MPH)
  HIGHEST WIND SPEED    29   HIGHEST WIND DIRECTION     S (170)
  HIGHEST GUST SPEED    38   HIGHEST GUST DIRECTION     S (170)
  AVERAGE WIND SPEED     8.5


SKY COVER
  POSSIBLE SUNSHINE  MM
  AVERAGE SKY COVER 1.0


WEATHER CONDITIONS
 THE FOLLOWING WEATHER WAS RECORDED YESTERDAY.
  LIGHT RAIN
  FOG


RELATIVE HUMIDITY (PERCENT)
 HIGHEST   100           900 AM
 LOWEST     56          1200 AM
 AVERAGE    78

..........................................................


THE MITCHELL SD CLIMATE NORMALS FOR TODAY
                         NORMAL    RECORD    YEAR
 MAXIMUM TEMPERATURE (F)   71       100      1931
 MINIMUM TEMPERATURE (F)   48        25      1959


SUNRISE AND SUNSET
MAY 15 2015...........SUNRISE   607 AM CDT   SUNSET   851 PM CDT
MAY 16 2015...........SUNRISE   606 AM CDT   SUNSET   852 PM CDT


-  INDICATES NEGATIVE NUMBERS.
R  INDICATES RECORD WAS SET OR TIED.
MM INDICATES DATA IS MISSING.
T  INDICATES TRACE AMOUNT.




$$
