000
CDUS43 KFSD 140633
CLIMHE


CLIMATE REPORT
NATIONAL WEATHER SERVICE SIOUX FALLS SD
133 AM CDT SAT MAY 14 2016


...................................

...THE MITCHELL SD CLIMATE SUMMARY FOR MAY 13 2016...

CLIMATE NORMAL PERIOD 1981 TO 2010
CLIMATE RECORD PERIOD 1893 TO 2016


WEATHER ITEM   OBSERVED TIME   RECORD YEAR NORMAL DEPARTURE LAST
                VALUE   (LST)  VALUE       VALUE  FROM      YEAR
                                                  NORMAL
..................................................................
TEMPERATURE (F)
 YESTERDAY
  MAXIMUM         50    134 PM  93    2013  70    -20       76
  MINIMUM         38   1159 PM  26    1943  47     -9       51
                                      1899
  AVERAGE         44                        59    -15       64

PRECIPITATION (IN)
  YESTERDAY        0.02          4.60 1908   0.07  -0.05     0.00
  MONTH TO DATE    1.00                      1.01  -0.01     2.94
  SINCE MAR 1      7.73                      4.25   3.48     4.49
  SINCE JAN 1      8.96                      4.81   4.15     5.26

SNOWFALL (IN)
  YESTERDAY        0.0           0.0    MM  MM     MM        0.0
  MONTH TO DATE    0.0                      MM     MM        0.0
  SINCE MAR 1      3.9                      MM     MM        0.7
  SINCE JUL 1     46.3                      MM     MM       22.6
  SNOW DEPTH       0

DEGREE DAYS
 HEATING
  YESTERDAY       21                         7     14        1
  MONTH TO DATE   94                       117    -23       96
  SINCE MAR 1   1287                      1595   -308     1260
  SINCE JUL 1   6076                      7117  -1041     6750

 COOLING
  YESTERDAY        0                         1     -1        0
  MONTH TO DATE    8                        10     -2        5
  SINCE MAR 1     12                        12      0       11
  SINCE JAN 1     12                        12      0       11
..................................................................


WIND (MPH)
  HIGHEST WIND SPEED    32   HIGHEST WIND DIRECTION    NW (320)
  HIGHEST GUST SPEED    38   HIGHEST GUST DIRECTION    NW (320)
  AVERAGE WIND SPEED    18.3


SKY COVER
  POSSIBLE SUNSHINE  MM
  AVERAGE SKY COVER 0.7


WEATHER CONDITIONS
 THE FOLLOWING WEATHER WAS RECORDED YESTERDAY.
  LIGHT RAIN
  FOG


RELATIVE HUMIDITY (PERCENT)
 HIGHEST    93           800 AM
 LOWEST     49           400 PM
 AVERAGE    71

..........................................................


THE MITCHELL SD CLIMATE NORMALS FOR TODAY
                         NORMAL    RECORD    YEAR
 MAXIMUM TEMPERATURE (F)   71        96      1941
                                             1932
 MINIMUM TEMPERATURE (F)   47        28      1973
                                             1953


SUNRISE AND SUNSET
MAY 14 2016...........SUNRISE   607 AM CDT   SUNSET   850 PM CDT
MAY 15 2016...........SUNRISE   606 AM CDT   SUNSET   851 PM CDT


-  INDICATES NEGATIVE NUMBERS.
R  INDICATES RECORD WAS SET OR TIED.
MM INDICATES DATA IS MISSING.
T  INDICATES TRACE AMOUNT.




$$
