000
CDUS43 KFSD 092231
CLIMHE


CLIMATE REPORT
NATIONAL WEATHER SERVICE SIOUX FALLS SD
430 PM CST THU MAR 9 2017


...................................

...THE MITCHELL SD CLIMATE SUMMARY FOR MARCH 9 2017...
VALID TODAY AS OF 0400 PM LOCAL TIME.

CLIMATE NORMAL PERIOD 1981 TO 2010
CLIMATE RECORD PERIOD 1893 TO 2017


WEATHER ITEM   OBSERVED TIME   RECORD YEAR NORMAL DEPARTURE LAST
                VALUE   (LST)  VALUE       VALUE  FROM      YEAR
                                                  NORMAL
..................................................................
TEMPERATURE (F)
 TODAY
  MAXIMUM         32   1113 AM  72    1936  41     -9       50
  MINIMUM         26    359 PM -11    1995  21      5       32
  AVERAGE         29                        31     -2       41

PRECIPITATION (IN)
  TODAY            T             0.63 2013   0.03  -0.03     0.00
  MONTH TO DATE    0.04                      0.23  -0.19      T
  SINCE MAR 1      0.04                      0.23  -0.19      T
  SINCE JAN 1      1.20                      0.79   0.41     1.23

SNOWFALL (IN)
  TODAY            T             8.0  1918  MM     MM        0.0
  MONTH TO DATE    0.4                      MM     MM         T
  SINCE MAR 1      0.4                      MM     MM         T
  SINCE JUL 1     25.8                      MM     MM       42.4
  SNOW DEPTH       0

DEGREE DAYS
 HEATING
  TODAY           36                        34      2       24
  MONTH TO DATE  255                       316    -61      239
  SINCE MAR 1    255                       316    -61      239
  SINCE JUL 1   4989                      5838   -849     5028

 COOLING
  TODAY            0                         0      0        0
  MONTH TO DATE    0                         0      0        0
  SINCE MAR 1      0                         0      0        0
  SINCE JAN 1      0                         0      0        0
..................................................................


WIND (MPH)
  HIGHEST WIND SPEED    20   HIGHEST WIND DIRECTION     N (20)
  HIGHEST GUST SPEED    23   HIGHEST GUST DIRECTION    NE (40)
  AVERAGE WIND SPEED    10.2


SKY COVER
  POSSIBLE SUNSHINE  MM
  AVERAGE SKY COVER 0.9


WEATHER CONDITIONS
 THE FOLLOWING WEATHER WAS RECORDED TODAY.
  LIGHT SNOW
  FOG


RELATIVE HUMIDITY (PERCENT)
 HIGHEST    92           400 AM
 LOWEST     58           100 AM
 AVERAGE    75

..........................................................


THE MITCHELL SD CLIMATE NORMALS FOR TOMORROW
                         NORMAL    RECORD    YEAR
 MAXIMUM TEMPERATURE (F)   42        76      2012
 MINIMUM TEMPERATURE (F)   22       -10      1948


SUNRISE AND SUNSET
MARCH  9 2017.........SUNRISE   654 AM CST   SUNSET   631 PM CST
MARCH 10 2017.........SUNRISE   653 AM CST   SUNSET   633 PM CST


-  INDICATES NEGATIVE NUMBERS.
R  INDICATES RECORD WAS SET OR TIED.
MM INDICATES DATA IS MISSING.
T  INDICATES TRACE AMOUNT.




$$
