000
CDUS43 KFSD 132226
CLIMHE


CLIMATE REPORT
NATIONAL WEATHER SERVICE SIOUX FALLS SD
525 PM CDT WED APR 13 2016


...................................

...THE MITCHELL SD CLIMATE SUMMARY FOR APRIL 13 2016...
VALID TODAY AS OF 0500 PM LOCAL TIME.

CLIMATE NORMAL PERIOD 1981 TO 2010
CLIMATE RECORD PERIOD 1893 TO 2016


WEATHER ITEM   OBSERVED TIME   RECORD YEAR NORMAL DEPARTURE LAST
                VALUE   (LST)  VALUE       VALUE  FROM      YEAR
                                                  NORMAL
..................................................................
TEMPERATURE (F)
 TODAY
  MAXIMUM         76    359 PM  91    1908  59     17       69
  MINIMUM         33    634 AM  15    1950  34     -1       35
                                      1909
                                      1907
  AVERAGE         55                        47      8       52

PRECIPITATION (IN)
  TODAY            0.00          2.00 1986   0.08  -0.08     0.00
  MONTH TO DATE    0.07                      0.64  -0.57     0.26
  SINCE MAR 1      1.43                      1.70  -0.27     0.39
  SINCE JAN 1      2.66                      2.26   0.40     1.16

SNOWFALL (IN)
  TODAY            0.0           2.0  1970  MM     MM        0.0
                                      1905
  MONTH TO DATE    0.2                      MM     MM        0.0
  SINCE MAR 1      3.9                      MM     MM        0.7
  SINCE JUL 1     46.3                      MM     MM       22.6
  SNOW DEPTH       0

DEGREE DAYS
 HEATING
  TODAY           10                        18     -8       13
  MONTH TO DATE  262                       276    -14      204
  SINCE MAR 1    967                      1234   -267      972
  SINCE JUL 1   5756                      6756  -1000     6462

 COOLING
  TODAY            0                         0      0        0
  MONTH TO DATE    0                         0      0        0
  SINCE MAR 1      0                         0      0        4
  SINCE JAN 1      0                         0      0        4
..................................................................


WIND (MPH)
  HIGHEST WIND SPEED    12   HIGHEST WIND DIRECTION    SE (150)
  HIGHEST GUST SPEED    17   HIGHEST GUST DIRECTION     N (350)
  AVERAGE WIND SPEED     6.5


SKY COVER
  POSSIBLE SUNSHINE  MM
  AVERAGE SKY COVER 0.0


WEATHER CONDITIONS
 THE FOLLOWING WEATHER WAS RECORDED TODAY.
  HAZE


RELATIVE HUMIDITY (PERCENT)
 HIGHEST    85           200 AM
 LOWEST     27           400 PM
 AVERAGE    56

..........................................................


THE MITCHELL SD CLIMATE NORMALS FOR TOMORROW
                         NORMAL    RECORD    YEAR
 MAXIMUM TEMPERATURE (F)   60        91      2003
                                             1908
 MINIMUM TEMPERATURE (F)   35         9      1928


SUNRISE AND SUNSET
APRIL 13 2016.........SUNRISE   652 AM CDT   SUNSET   814 PM CDT
APRIL 14 2016.........SUNRISE   650 AM CDT   SUNSET   815 PM CDT


-  INDICATES NEGATIVE NUMBERS.
R  INDICATES RECORD WAS SET OR TIED.
MM INDICATES DATA IS MISSING.
T  INDICATES TRACE AMOUNT.




$$
