000
CDUS43 KFSD 220635
CLIMHE


CLIMATE REPORT
NATIONAL WEATHER SERVICE SIOUX FALLS SD
1234 AM CST SUN FEB 22 2015


...................................

...THE MITCHELL SD CLIMATE SUMMARY FOR FEBRUARY 21 2015...

CLIMATE NORMAL PERIOD 1981 TO 2010
CLIMATE RECORD PERIOD 1893 TO 2015


WEATHER ITEM   OBSERVED TIME   RECORD YEAR NORMAL DEPARTURE LAST
                VALUE   (LST)  VALUE       VALUE  FROM      YEAR
                                                  NORMAL
..................................................................
TEMPERATURE (F)
 YESTERDAY
  MAXIMUM         30   1229 AM  72    2000  35     -5       36
  MINIMUM          5   1159 PM -22    1918  16    -11       15
  AVERAGE         18                        26     -8       26

PRECIPITATION (IN)
  YESTERDAY        0.01          0.55 1913   0.02  -0.01     0.00
  MONTH TO DATE    0.24                      0.26  -0.02     0.20
  SINCE DEC 1      1.99                      0.93   1.06     1.02
  SINCE JAN 1      0.77                      0.48   0.29     0.37

SNOWFALL (IN)
  YESTERDAY        0.1          10.0  1913  MM     MM        0.0
  MONTH TO DATE    2.7                      MM     MM        3.2
  SINCE DEC 1     16.2                      MM     MM       15.4
  SINCE JUL 1     21.8                      MM     MM       19.4
  SNOW DEPTH       0

DEGREE DAYS
 HEATING
  YESTERDAY       47                        39      8       39
  MONTH TO DATE  942                       889     53     1003
  SINCE DEC 1   3480                      3688   -208     4058
  SINCE JUL 1   5136                      5256   -120     5566

 COOLING
  YESTERDAY        0                         0      0        0
  MONTH TO DATE    0                         0      0        0
  SINCE DEC 1      0                         0      0        0
  SINCE JAN 1      0                         0      0        0
..................................................................


WIND (MPH)
  HIGHEST WIND SPEED    23   HIGHEST WIND DIRECTION    NW (330)
  HIGHEST GUST SPEED    28   HIGHEST GUST DIRECTION     N (350)
  AVERAGE WIND SPEED    13.5


SKY COVER
  POSSIBLE SUNSHINE  MM
  AVERAGE SKY COVER 0.7


WEATHER CONDITIONS
 THE FOLLOWING WEATHER WAS RECORDED YESTERDAY.
  SNOW
  LIGHT SNOW
  FOG


RELATIVE HUMIDITY (PERCENT)
 HIGHEST    91           700 AM
 LOWEST     53           600 PM
 AVERAGE    72

..........................................................


THE MITCHELL SD CLIMATE NORMALS FOR TODAY
                         NORMAL    RECORD    YEAR
 MAXIMUM TEMPERATURE (F)   36        66      2000
 MINIMUM TEMPERATURE (F)   16       -21      1962


SUNRISE AND SUNSET
FEBRUARY 22 2015......SUNRISE   721 AM CST   SUNSET   611 PM CST
FEBRUARY 23 2015......SUNRISE   719 AM CST   SUNSET   613 PM CST


-  INDICATES NEGATIVE NUMBERS.
R  INDICATES RECORD WAS SET OR TIED.
MM INDICATES DATA IS MISSING.
T  INDICATES TRACE AMOUNT.




$$
