000
CDUS43 KFSD 042226
CLIMHE


CLIMATE REPORT
NATIONAL WEATHER SERVICE SIOUX FALLS SD
425 PM CST SUN FEB 4 2018


...................................

...THE MITCHELL SD CLIMATE SUMMARY FOR FEBRUARY 4 2018...
VALID TODAY AS OF 0400 PM LOCAL TIME.

CLIMATE NORMAL PERIOD 1981 TO 2010
CLIMATE RECORD PERIOD 1893 TO 2018


WEATHER ITEM   OBSERVED TIME   RECORD YEAR NORMAL DEPARTURE LAST
                VALUE   (LST)  VALUE       VALUE  FROM      YEAR
                                                  NORMAL
..................................................................
TEMPERATURE (F)
 TODAY
  MAXIMUM         12    348 PM  64    2005  31    -19       40
  MINIMUM         -2    804 AM -36    1996  11    -13       16
  AVERAGE          5                        21    -16       28

PRECIPITATION (IN)
  TODAY            T             0.99 1997   0.01  -0.01     0.00
  MONTH TO DATE    T                         0.05  -0.05      T
  SINCE DEC 1      0.78                      0.72   0.06     1.87
  SINCE JAN 1      0.16                      0.27  -0.11     0.76

SNOWFALL (IN)
  TODAY            T            11.0  1997  MM     MM        0.0
  MONTH TO DATE    T                        MM     MM         T
  SINCE DEC 1     12.5                      MM     MM       17.5
  SINCE JUL 1     13.7                      MM     MM       23.0
  SNOW DEPTH       T

DEGREE DAYS
 HEATING
  TODAY           60                        44     16       37
  MONTH TO DATE  206                       178     28      176
  SINCE DEC 1   2937                      2977    -40     2931
  SINCE JUL 1   4326                      4545   -219     4025

 COOLING
  TODAY            0                         0      0        0
  MONTH TO DATE    0                         0      0        0
  SINCE DEC 1      0                         0      0        0
  SINCE JAN 1      0                         0      0        0
..................................................................


WIND (MPH)
  HIGHEST WIND SPEED    24   HIGHEST WIND DIRECTION     N (350)
  HIGHEST GUST SPEED    30   HIGHEST GUST DIRECTION     N (360)
  AVERAGE WIND SPEED    16.3


SKY COVER
  POSSIBLE SUNSHINE  MM
  AVERAGE SKY COVER 0.4


WEATHER CONDITIONS
 THE FOLLOWING WEATHER WAS RECORDED TODAY.
  LIGHT SNOW
  FOG
  HAZE


RELATIVE HUMIDITY (PERCENT)
 HIGHEST    86          1200 AM
 LOWEST     52           300 PM
 AVERAGE    69

..........................................................


THE MITCHELL SD CLIMATE NORMALS FOR TOMORROW
                         NORMAL    RECORD    YEAR
 MAXIMUM TEMPERATURE (F)   31        62      1963
 MINIMUM TEMPERATURE (F)   11       -25      1899


SUNRISE AND SUNSET
FEBRUARY  4 2018......SUNRISE   745 AM CST   SUNSET   547 PM CST
FEBRUARY  5 2018......SUNRISE   744 AM CST   SUNSET   549 PM CST


-  INDICATES NEGATIVE NUMBERS.
R  INDICATES RECORD WAS SET OR TIED.
MM INDICATES DATA IS MISSING.
T  INDICATES TRACE AMOUNT.




$$
