000
CDUS43 KFSD 062231
CLIMHE


CLIMATE REPORT
NATIONAL WEATHER SERVICE SIOUX FALLS SD
430 PM CST WED DEC 6 2017


...................................

...THE MITCHELL SD CLIMATE SUMMARY FOR DECEMBER 6 2017...
VALID TODAY AS OF 0400 PM LOCAL TIME.

CLIMATE NORMAL PERIOD 1981 TO 2010
CLIMATE RECORD PERIOD 1893 TO 2017


WEATHER ITEM   OBSERVED TIME   RECORD YEAR NORMAL DEPARTURE LAST
                VALUE   (LST)  VALUE       VALUE  FROM      YEAR
                                                  NORMAL
..................................................................
TEMPERATURE (F)
 TODAY
  MAXIMUM         33    547 AM  67    1939  32      1       23
  MINIMUM         20    359 PM -16    1950  14      6       11
  AVERAGE         27                        23      4       17

PRECIPITATION (IN)
  TODAY           MM             0.45 1951   0.02  MM         T
  MONTH TO DATE    0.20                      0.15   0.05     0.03
  SINCE DEC 1      0.20                      0.15   0.05     0.03
  SINCE JAN 1     19.80                     21.22  -1.42    25.24

SNOWFALL (IN)
  TODAY           MM             6.0  1954  MM     MM         T
  MONTH TO DATE    1.3                      MM     MM         T
  SINCE DEC 1      1.3                      MM     MM         T
  SINCE JUL 1      2.5                      MM     MM        5.5
  SNOW DEPTH       1

DEGREE DAYS
 HEATING
  TODAY           38                        42     -4       48
  MONTH TO DATE  187                       245    -58      208
  SINCE DEC 1    187                       245    -58      208
  SINCE JUL 1   1576                      1813   -237     1302

 COOLING
  TODAY            0                         0      0        0
  MONTH TO DATE    0                         0      0        0
  SINCE DEC 1      0                         0      0        0
  SINCE JAN 1    890                       824     66     1036
..................................................................


WIND (MPH)
  HIGHEST WIND SPEED    30   HIGHEST WIND DIRECTION    NW (310)
  HIGHEST GUST SPEED    36   HIGHEST GUST DIRECTION    NW (300)
  AVERAGE WIND SPEED    17.2


SKY COVER
  POSSIBLE SUNSHINE  MM
  AVERAGE SKY COVER 0.9


WEATHER CONDITIONS
 THE FOLLOWING WEATHER WAS RECORDED TODAY.
  LIGHT SNOW
  FOG
  HAZE


RELATIVE HUMIDITY (PERCENT)
 HIGHEST    92           700 AM
 LOWEST     73           400 PM
 AVERAGE    83

..........................................................


THE MITCHELL SD CLIMATE NORMALS FOR TOMORROW
                         NORMAL    RECORD    YEAR
 MAXIMUM TEMPERATURE (F)   32        58      1965
 MINIMUM TEMPERATURE (F)   14       -18      2013


SUNRISE AND SUNSET
DECEMBER  6 2017......SUNRISE   752 AM CST   SUNSET   455 PM CST
DECEMBER  7 2017......SUNRISE   753 AM CST   SUNSET   455 PM CST


-  INDICATES NEGATIVE NUMBERS.
R  INDICATES RECORD WAS SET OR TIED.
MM INDICATES DATA IS MISSING.
T  INDICATES TRACE AMOUNT.




$$
