000
CDUS43 KFSD 270633
CLIMHE


CLIMATE REPORT
NATIONAL WEATHER SERVICE SIOUX FALLS SD
1231 AM CST WED JAN 27 2016


...................................

...THE MITCHELL SD CLIMATE SUMMARY FOR JANUARY 26 2016...

CLIMATE NORMAL PERIOD 1981 TO 2010
CLIMATE RECORD PERIOD 1893 TO 2016


WEATHER ITEM   OBSERVED TIME   RECORD YEAR NORMAL DEPARTURE LAST
                VALUE   (LST)  VALUE       VALUE  FROM      YEAR
                                                  NORMAL
..................................................................
TEMPERATURE (F)
 YESTERDAY
  MAXIMUM         29   1122 AM  63    2006  29      0       53
  MINIMUM         11   1159 PM -28    1897  10      1       32
  AVERAGE         20                        19      1       43

PRECIPITATION (IN)
  YESTERDAY        0.00          0.27 1997   0.01  -0.01     0.00
  MONTH TO DATE    0.37                      0.19   0.18     0.40
  SINCE DEC 1      1.40                      0.64   0.76     1.62
  SINCE JAN 1      0.37                      0.19   0.18     0.40

SNOWFALL (IN)
  YESTERDAY        0.0           4.0  1997  MM     MM        0.0
  MONTH TO DATE    6.3                      MM     MM        5.2
  SINCE DEC 1     21.1                      MM     MM       12.9
  SINCE JUL 1     34.3                      MM     MM       18.5
  SNOW DEPTH       9

DEGREE DAYS
 HEATING
  YESTERDAY       45                        46     -1       22
  MONTH TO DATE 1275                      1207     68     1151
  SINCE DEC 1   2462                      2574   -112     2376
  SINCE JUL 1   3645                      4142   -497     4032

 COOLING
  YESTERDAY        0                         0      0        0
  MONTH TO DATE    0                         0      0        0
  SINCE DEC 1      0                         0      0        0
  SINCE JAN 1      0                         0      0        0
..................................................................


WIND (MPH)
  HIGHEST WIND SPEED    22   HIGHEST WIND DIRECTION    NW (310)
  HIGHEST GUST SPEED    25   HIGHEST GUST DIRECTION    NW (320)
  AVERAGE WIND SPEED    10.0


SKY COVER
  POSSIBLE SUNSHINE  MM
  AVERAGE SKY COVER 0.8


WEATHER CONDITIONS
 THE FOLLOWING WEATHER WAS RECORDED YESTERDAY.
  FOG


RELATIVE HUMIDITY (PERCENT)
 HIGHEST    92           800 PM
 LOWEST     75           600 AM
 AVERAGE    84

..........................................................


THE MITCHELL SD CLIMATE NORMALS FOR TODAY
                         NORMAL    RECORD    YEAR
 MAXIMUM TEMPERATURE (F)   29        66      1989
 MINIMUM TEMPERATURE (F)   10       -25      1897


SUNRISE AND SUNSET
JANUARY 27 2016.......SUNRISE   754 AM CST   SUNSET   536 PM CST
JANUARY 28 2016.......SUNRISE   754 AM CST   SUNSET   537 PM CST


-  INDICATES NEGATIVE NUMBERS.
R  INDICATES RECORD WAS SET OR TIED.
MM INDICATES DATA IS MISSING.
T  INDICATES TRACE AMOUNT.




$$
