000
CDUS43 KFSD 242229
CLIMHE


CLIMATE REPORT
NATIONAL WEATHER SERVICE SIOUX FALLS SD
526 PM CDT WED JUN 24 2015


...................................

...THE MITCHELL SD CLIMATE SUMMARY FOR JUNE 24 2015...
VALID TODAY AS OF 0500 PM LOCAL TIME.

CLIMATE NORMAL PERIOD 1981 TO 2010
CLIMATE RECORD PERIOD 1893 TO 2015


WEATHER ITEM   OBSERVED TIME   RECORD YEAR NORMAL DEPARTURE LAST
                VALUE   (LST)  VALUE       VALUE  FROM      YEAR
                                                  NORMAL
..................................................................
TEMPERATURE (F)
 TODAY
  MAXIMUM         82    359 PM 107    1988  84     -2       84
  MINIMUM         59    449 AM  45    1957  61     -2       55
  AVERAGE         71                        72     -1       70

PRECIPITATION (IN)
  TODAY            T             2.63 1976   0.11  -0.11     0.03
  MONTH TO DATE    2.57                      3.55  -0.98     3.80
  SINCE JUN 1      2.57                      3.55  -0.98     3.80
  SINCE JAN 1      9.66                     10.28  -0.62     8.53

SNOWFALL (IN)
  TODAY            0.0           0.0    MM  MM     MM        0.0
  MONTH TO DATE    0.0                      MM     MM        0.0
  SINCE JUN 1      0.0                      MM     MM        0.0
  SINCE JUL 1     22.6                      MM     MM       30.8
  SNOW DEPTH       0

DEGREE DAYS
 HEATING
  TODAY            0                         0      0        0
  MONTH TO DATE    3                        33    -30       26
  SINCE JUN 1      3                        33    -30       26
  SINCE JUL 1   6876                      7243   -367     7791

 COOLING
  TODAY            6                         8     -2        5
  MONTH TO DATE  147                       117     30      101
  SINCE JUN 1    147                       117     30      101
  SINCE JAN 1    178                       157     21      179
..................................................................


WIND (MPH)
  HIGHEST WIND SPEED    22   HIGHEST WIND DIRECTION    SE (130)
  HIGHEST GUST SPEED    26   HIGHEST GUST DIRECTION    SE (140)
  AVERAGE WIND SPEED     6.9


SKY COVER
  POSSIBLE SUNSHINE  MM
  AVERAGE SKY COVER 0.1


WEATHER CONDITIONS
 THE FOLLOWING WEATHER WAS RECORDED TODAY.
  LIGHT RAIN


RELATIVE HUMIDITY (PERCENT)
 HIGHEST    90           100 AM
 LOWEST     55           300 PM
 AVERAGE    73

..........................................................


THE MITCHELL SD CLIMATE NORMALS FOR TOMORROW
                         NORMAL    RECORD    YEAR
 MAXIMUM TEMPERATURE (F)   84       111      1936
 MINIMUM TEMPERATURE (F)   61        39      1958


SUNRISE AND SUNSET
JUNE 24 2015..........SUNRISE   551 AM CDT   SUNSET   918 PM CDT
JUNE 25 2015..........SUNRISE   551 AM CDT   SUNSET   918 PM CDT


-  INDICATES NEGATIVE NUMBERS.
R  INDICATES RECORD WAS SET OR TIED.
MM INDICATES DATA IS MISSING.
T  INDICATES TRACE AMOUNT.




$$
