000
CDUS43 KFSD 040637
CLIMHE


CLIMATE REPORT
NATIONAL WEATHER SERVICE SIOUX FALLS SD
136 AM CDT THU MAY 4 2017


...................................

...THE MITCHELL SD CLIMATE SUMMARY FOR MAY 3 2017...

CLIMATE NORMAL PERIOD 1981 TO 2010
CLIMATE RECORD PERIOD 1893 TO 2017


WEATHER ITEM   OBSERVED TIME   RECORD YEAR NORMAL DEPARTURE LAST
                VALUE   (LST)  VALUE       VALUE  FROM      YEAR
                                                  NORMAL
..................................................................
TEMPERATURE (F)
 YESTERDAY
  MAXIMUM         65    602 PM  92    1918  68     -3       75
  MINIMUM         44    215 AM  18    1967  43      1       43
  AVERAGE         55                        55      0       59

PRECIPITATION (IN)
  YESTERDAY        0.07          1.42 1944   0.09  -0.02     0.00
  MONTH TO DATE    0.24                      0.27  -0.03     0.00
  SINCE MAR 1      3.75                      3.51   0.24     6.73
  SINCE JAN 1      4.91                      4.07   0.84     7.96

SNOWFALL (IN)
  YESTERDAY        0.0           T    1954  MM     MM        0.0
  MONTH TO DATE    0.0                      MM     MM        0.0
  SINCE MAR 1      5.2                      MM     MM        3.9
  SINCE JUL 1     30.6                      MM     MM       46.3
  SNOW DEPTH       0

DEGREE DAYS
 HEATING
  YESTERDAY       10                        10      0        6
  MONTH TO DATE   37                        31      6       35
  SINCE MAR 1   1382                      1509   -127     1228
  SINCE JUL 1   6116                      7031   -915     6017

 COOLING
  YESTERDAY        0                         0      0        0
  MONTH TO DATE    0                         0      0        0
  SINCE MAR 1      0                         2     -2        4
  SINCE JAN 1      0                         2     -2        4
..................................................................


WIND (MPH)
  HIGHEST WIND SPEED    15   HIGHEST WIND DIRECTION     N (350)
  HIGHEST GUST SPEED    22   HIGHEST GUST DIRECTION     N (350)
  AVERAGE WIND SPEED     5.6


SKY COVER
  POSSIBLE SUNSHINE  MM
  AVERAGE SKY COVER 0.6


WEATHER CONDITIONS
 THE FOLLOWING WEATHER WAS RECORDED YESTERDAY.
  LIGHT RAIN


RELATIVE HUMIDITY (PERCENT)
 HIGHEST    89           200 AM
 LOWEST     40           500 PM
 AVERAGE    65

..........................................................


THE MITCHELL SD CLIMATE NORMALS FOR TODAY
                         NORMAL    RECORD    YEAR
 MAXIMUM TEMPERATURE (F)   68        99      1926
 MINIMUM TEMPERATURE (F)   43        20      1967


SUNRISE AND SUNSET
MAY  4 2017...........SUNRISE   620 AM CDT   SUNSET   839 PM CDT
MAY  5 2017...........SUNRISE   618 AM CDT   SUNSET   840 PM CDT


-  INDICATES NEGATIVE NUMBERS.
R  INDICATES RECORD WAS SET OR TIED.
MM INDICATES DATA IS MISSING.
T  INDICATES TRACE AMOUNT.




$$
