000
CDUS43 KFSD 160657
CLIMHE


CLIMATE REPORT
NATIONAL WEATHER SERVICE SIOUX FALLS SD
157 AM CDT SAT MAY 16 2015


...................................

...THE MITCHELL SD CLIMATE SUMMARY FOR MAY 15 2015...

CLIMATE NORMAL PERIOD 1981 TO 2010
CLIMATE RECORD PERIOD 1893 TO 2015


WEATHER ITEM   OBSERVED TIME   RECORD YEAR NORMAL DEPARTURE LAST
                VALUE   (LST)  VALUE       VALUE  FROM      YEAR
                                                  NORMAL
..................................................................
TEMPERATURE (F)
 YESTERDAY
  MAXIMUM         69    333 PM 100    1931  71     -2       54
  MINIMUM         54    127 AM  25    1959  48      6       27
  AVERAGE         62                        59      3       41

PRECIPITATION (IN)
  YESTERDAY        0.02          1.25 1916   0.07  -0.05     0.00
  MONTH TO DATE    3.04                      1.15   1.89     1.00
  SINCE MAR 1      4.59                      4.39   0.20     2.57
  SINCE JAN 1      5.36                      4.95   0.41     3.07

SNOWFALL (IN)
  YESTERDAY        0.0           T    1916  MM     MM        0.0
  MONTH TO DATE    0.0                      MM     MM        0.0
  SINCE MAR 1      0.7                      MM     MM        8.6
  SINCE JUL 1     22.6                      MM     MM       30.8
  SNOW DEPTH       0

DEGREE DAYS
 HEATING
  YESTERDAY        3                         7     -4       24
  MONTH TO DATE  105                       131    -26      203
  SINCE MAR 1   1269                      1609   -340     1776
  SINCE JUL 1   6759                      7131   -372     7726

 COOLING
  YESTERDAY        0                         1     -1        0
  MONTH TO DATE    5                        12     -7        0
  SINCE MAR 1     11                        14     -3        0
  SINCE JAN 1     11                        14     -3        0
..................................................................


WIND (MPH)
  HIGHEST WIND SPEED    20   HIGHEST WIND DIRECTION     E (100)
  HIGHEST GUST SPEED    24   HIGHEST GUST DIRECTION     E (110)
  AVERAGE WIND SPEED     9.6


SKY COVER
  POSSIBLE SUNSHINE  MM
  AVERAGE SKY COVER 0.8


WEATHER CONDITIONS
 THE FOLLOWING WEATHER WAS RECORDED YESTERDAY.
  THUNDERSTORM
  LIGHT RAIN
  FOG


RELATIVE HUMIDITY (PERCENT)
 HIGHEST   100           100 AM
 LOWEST     63          1100 AM
 AVERAGE    82

..........................................................


THE MITCHELL SD CLIMATE NORMALS FOR TODAY
                         NORMAL    RECORD    YEAR
 MAXIMUM TEMPERATURE (F)   71        99      1934
 MINIMUM TEMPERATURE (F)   48        25      1929


SUNRISE AND SUNSET
MAY 16 2015...........SUNRISE   606 AM CDT   SUNSET   852 PM CDT
MAY 17 2015...........SUNRISE   605 AM CDT   SUNSET   853 PM CDT


-  INDICATES NEGATIVE NUMBERS.
R  INDICATES RECORD WAS SET OR TIED.
MM INDICATES DATA IS MISSING.
T  INDICATES TRACE AMOUNT.




$$
