250
CDUS43 KFSD 302229
CLIMHE


CLIMATE REPORT
NATIONAL WEATHER SERVICE SIOUX FALLS SD
425 PM CST WED NOV 30 2016


...................................

...THE MITCHELL SD CLIMATE SUMMARY FOR NOVEMBER 30 2016...
VALID TODAY AS OF 0400 PM LOCAL TIME.

CLIMATE NORMAL PERIOD 1981 TO 2010
CLIMATE RECORD PERIOD 1893 TO 2016


WEATHER ITEM   OBSERVED TIME   RECORD YEAR NORMAL DEPARTURE LAST
                VALUE   (LST)  VALUE       VALUE  FROM      YEAR
                                                  NORMAL
..................................................................
TEMPERATURE (F)
 TODAY
  MAXIMUM         33    318 PM  64    1932  35     -2       31
  MINIMUM         30    907 AM -15    1964  16     14       27
                                      1896
  AVERAGE         32                        26      6       29

PRECIPITATION (IN)
  TODAY            T             1.66 1981   0.02  -0.02     0.64
  MONTH TO DATE    1.67                      0.78   0.89     2.44
  SINCE SEP 1      5.77                      4.72   1.05     5.48
  SINCE JAN 1     25.18                     21.07   4.11    22.41

SNOWFALL (IN)
  TODAY            T             7.2  2015  MM     MM        7.2
  MONTH TO DATE    5.2                      MM     MM       13.2
  SINCE SEP 1      5.2                      MM     MM       13.2
  SINCE JUL 1      5.2                      MM     MM       13.2
  SNOW DEPTH       1

DEGREE DAYS
 HEATING
  TODAY           33                        39     -6       36
  MONTH TO DATE  643                       927   -284      761
  SINCE SEP 1   1086                      1551   -465     1155
  SINCE JUL 1   1094                      1568   -474     1183

 COOLING
  TODAY            0                         0      0        0
  MONTH TO DATE    0                         0      0        0
  SINCE SEP 1    104                        79     25      170
  SINCE JAN 1   1036                       824    212      894
..................................................................


WIND (MPH)
  HIGHEST WIND SPEED    28   HIGHEST WIND DIRECTION    NW (300)
  HIGHEST GUST SPEED    33   HIGHEST GUST DIRECTION    NW (300)
  AVERAGE WIND SPEED    21.6


SKY COVER
  POSSIBLE SUNSHINE  MM
  AVERAGE SKY COVER 1.0


WEATHER CONDITIONS
 THE FOLLOWING WEATHER WAS RECORDED TODAY.
  LIGHT SNOW
  FOG


RELATIVE HUMIDITY (PERCENT)
 HIGHEST   100          1200 AM
 LOWEST     85           700 AM
 AVERAGE    93

..........................................................


THE MITCHELL SD CLIMATE NORMALS FOR TOMORROW
                         NORMAL    RECORD    YEAR
 MAXIMUM TEMPERATURE (F)   35        70      1998
 MINIMUM TEMPERATURE (F)   16       -14      1897


SUNRISE AND SUNSET
NOVEMBER 30 2016......SUNRISE   746 AM CST   SUNSET   456 PM CST
DECEMBER  1 2016......SUNRISE   747 AM CST   SUNSET   456 PM CST


-  INDICATES NEGATIVE NUMBERS.
R  INDICATES RECORD WAS SET OR TIED.
MM INDICATES DATA IS MISSING.
T  INDICATES TRACE AMOUNT.




$$
