000
CDUS43 KFSD 140634
CLIMHE


CLIMATE REPORT
NATIONAL WEATHER SERVICE SIOUX FALLS SD
1233 AM CST SAT JAN 14 2017


...................................

...THE MITCHELL SD CLIMATE SUMMARY FOR JANUARY 13 2017...

CLIMATE NORMAL PERIOD 1981 TO 2010
CLIMATE RECORD PERIOD 1893 TO 2017


WEATHER ITEM   OBSERVED TIME   RECORD YEAR NORMAL DEPARTURE LAST
                VALUE   (LST)  VALUE       VALUE  FROM      YEAR
                                                  NORMAL
..................................................................
TEMPERATURE (F)
 YESTERDAY
  MAXIMUM         19    435 PM  57    1980  28     -9       38
  MINIMUM         -3   1206 AM -37    1916   9    -12        6
  AVERAGE          8                        18    -10       22

PRECIPITATION (IN)
  YESTERDAY        0.03          1.00 1910   0.01   0.02     0.00
  MONTH TO DATE    0.13                      0.09   0.04     0.12
  SINCE DEC 1      1.24                      0.54   0.70     1.15
  SINCE JAN 1      0.13                      0.09   0.04     0.12

SNOWFALL (IN)
  YESTERDAY        0.6          16.0  1910  MM     MM        0.0
  MONTH TO DATE    2.0                      MM     MM        1.0
  SINCE DEC 1     10.1                      MM     MM       15.8
  SINCE JUL 1     15.6                      MM     MM       29.0
  SNOW DEPTH       1

DEGREE DAYS
 HEATING
  YESTERDAY       57                        47     10       43
  MONTH TO DATE  709                       608    101      635
  SINCE DEC 1   2097                      1975    122     1822
  SINCE JUL 1   3191                      3543   -352     3005

 COOLING
  YESTERDAY        0                         0      0        0
  MONTH TO DATE    0                         0      0        0
  SINCE DEC 1      0                         0      0        0
  SINCE JAN 1      0                         0      0        0
..................................................................


WIND (MPH)
  HIGHEST WIND SPEED    22   HIGHEST WIND DIRECTION    SE (150)
  HIGHEST GUST SPEED    24   HIGHEST GUST DIRECTION    SE (150)
  AVERAGE WIND SPEED    10.9


SKY COVER
  POSSIBLE SUNSHINE  MM
  AVERAGE SKY COVER 0.7


WEATHER CONDITIONS
 THE FOLLOWING WEATHER WAS RECORDED YESTERDAY.
  LIGHT SNOW
  FOG


RELATIVE HUMIDITY (PERCENT)
 HIGHEST    87           700 AM
 LOWEST     61           200 PM
 AVERAGE    74

..........................................................


THE MITCHELL SD CLIMATE NORMALS FOR TODAY
                         NORMAL    RECORD    YEAR
 MAXIMUM TEMPERATURE (F)   28        59      1901
 MINIMUM TEMPERATURE (F)    9       -35      1916


SUNRISE AND SUNSET
JANUARY 14 2017.......SUNRISE   803 AM CST   SUNSET   520 PM CST
JANUARY 15 2017.......SUNRISE   803 AM CST   SUNSET   521 PM CST


-  INDICATES NEGATIVE NUMBERS.
R  INDICATES RECORD WAS SET OR TIED.
MM INDICATES DATA IS MISSING.
T  INDICATES TRACE AMOUNT.




$$
