640
CDUS43 KFSD 272234
CLIMHE


CLIMATE REPORT
NATIONAL WEATHER SERVICE SIOUX FALLS SD
534 PM CDT TUE SEP 27 2016


...................................

...THE MITCHELL SD CLIMATE SUMMARY FOR SEPTEMBER 27 2016...
VALID TODAY AS OF 0500 PM LOCAL TIME.

CLIMATE NORMAL PERIOD 1981 TO 2010
CLIMATE RECORD PERIOD 1893 TO 2016


WEATHER ITEM   OBSERVED TIME   RECORD YEAR NORMAL DEPARTURE LAST
                VALUE   (LST)  VALUE       VALUE  FROM      YEAR
                                                  NORMAL
..................................................................
TEMPERATURE (F)
 TODAY
  MAXIMUM         80    247 PM 100    1956  71      9       90
  MINIMUM         45    629 AM  24    1935  44      1       60
  AVERAGE         63                        58      5       75

PRECIPITATION (IN)
  TODAY            0.00          0.77 2013   0.07  -0.07     0.00
  MONTH TO DATE    2.15                      2.10   0.05     1.33
  SINCE SEP 1      2.15                      2.10   0.05     1.33
  SINCE JAN 1     21.56                     18.45   3.11    18.26

SNOWFALL (IN)
  TODAY            0.0           T    1965  MM     MM        0.0
  MONTH TO DATE    0.0                      MM     MM        0.0
  SINCE SEP 1      0.0                      MM     MM        0.0
  SINCE JUL 1      0.0                      MM     MM        0.0
  SNOW DEPTH       0

DEGREE DAYS
 HEATING
  TODAY            2                         8     -6        0
  MONTH TO DATE   47                       114    -67       47
  SINCE SEP 1     47                       114    -67       47
  SINCE JUL 1     55                       131    -76       75

 COOLING
  TODAY            0                         1     -1       10
  MONTH TO DATE   99                        70     29      158
  SINCE SEP 1     99                        70     29      158
  SINCE JAN 1   1031                       815    216      882
..................................................................


WIND (MPH)
  HIGHEST WIND SPEED    20   HIGHEST WIND DIRECTION    NW (320)
  HIGHEST GUST SPEED    28   HIGHEST GUST DIRECTION    NW (310)
  AVERAGE WIND SPEED     9.7


SKY COVER
  POSSIBLE SUNSHINE  MM
  AVERAGE SKY COVER 0.0


WEATHER CONDITIONS
 THE FOLLOWING WEATHER WAS RECORDED TODAY.
  NO SIGNIFICANT WEATHER WAS OBSERVED.


RELATIVE HUMIDITY (PERCENT)
 HIGHEST    76           600 AM
 LOWEST     27           200 PM
 AVERAGE    52

..........................................................


THE MITCHELL SD CLIMATE NORMALS FOR TOMORROW
                         NORMAL    RECORD    YEAR
 MAXIMUM TEMPERATURE (F)   71        93      2011
                                             1897
 MINIMUM TEMPERATURE (F)   44        23      1951


SUNRISE AND SUNSET
SEPTEMBER 27 2016.....SUNRISE   726 AM CDT   SUNSET   719 PM CDT
SEPTEMBER 28 2016.....SUNRISE   727 AM CDT   SUNSET   718 PM CDT


-  INDICATES NEGATIVE NUMBERS.
R  INDICATES RECORD WAS SET OR TIED.
MM INDICATES DATA IS MISSING.
T  INDICATES TRACE AMOUNT.




$$
