000
CDUS43 KFSD 010710
CLIMHE


CLIMATE REPORT
NATIONAL WEATHER SERVICE SIOUX FALLS SD
209 AM CDT TUE SEP 1 2015


...................................

...THE MITCHELL SD CLIMATE SUMMARY FOR AUGUST 31 2015...

CLIMATE NORMAL PERIOD 1981 TO 2010
CLIMATE RECORD PERIOD 1893 TO 2015


WEATHER ITEM   OBSERVED TIME   RECORD YEAR NORMAL DEPARTURE LAST
                VALUE   (LST)  VALUE       VALUE  FROM      YEAR
                                                  NORMAL
..................................................................
TEMPERATURE (F)
 YESTERDAY
  MAXIMUM         91    315 PM  99    1948  81     10       82
                                      1922
                                      1898
  MINIMUM         65    628 AM  40    1974  57      8       62
  AVERAGE         78                        69      9       72

PRECIPITATION (IN)
  YESTERDAY        0.00          0.83 2004   0.07  -0.07      T
  MONTH TO DATE    3.66                      2.38   1.28     4.82
  SINCE JUN 1      9.84                      9.62   0.22    10.37
  SINCE JAN 1     16.93                     16.35   0.58    15.10

SNOWFALL (IN)
  YESTERDAY        0.0           0.0    MM  MM     MM        0.0
  MONTH TO DATE    0.0                      MM     MM        0.0
  SINCE JUN 1      0.0                      MM     MM        0.0
  SINCE JUL 1      0.0                      MM     MM        0.0
  SNOW DEPTH       0

DEGREE DAYS
 HEATING
  YESTERDAY        0                         1     -1        0
  MONTH TO DATE   26                         6     20        3
  SINCE JUN 1     31                        52    -21       38
  SINCE JUL 1     28                        17     11       12

 COOLING
  YESTERDAY       13                         5      8        7
  MONTH TO DATE  203                       227    -24      194
  SINCE JUN 1    693                       705    -12      568
  SINCE JAN 1    724                       745    -21      646
..................................................................


WIND (MPH)
  HIGHEST WIND SPEED    18   HIGHEST WIND DIRECTION    NW (320)
  HIGHEST GUST SPEED    23   HIGHEST GUST DIRECTION     S (160)
  AVERAGE WIND SPEED     9.4


SKY COVER
  POSSIBLE SUNSHINE  MM
  AVERAGE SKY COVER 0.0


WEATHER CONDITIONS
 THE FOLLOWING WEATHER WAS RECORDED YESTERDAY.
  NO SIGNIFICANT WEATHER WAS OBSERVED.


RELATIVE HUMIDITY (PERCENT)
 HIGHEST   100           600 AM
 LOWEST     44           200 PM
 AVERAGE    72

..........................................................


THE MITCHELL SD CLIMATE NORMALS FOR TODAY
                         NORMAL    RECORD    YEAR
 MAXIMUM TEMPERATURE (F)   81       100      1913
 MINIMUM TEMPERATURE (F)   57        39      1946


SUNRISE AND SUNSET
SEPTEMBER  1 2015.....SUNRISE   655 AM CDT   SUNSET   808 PM CDT
SEPTEMBER  2 2015.....SUNRISE   657 AM CDT   SUNSET   806 PM CDT


-  INDICATES NEGATIVE NUMBERS.
R  INDICATES RECORD WAS SET OR TIED.
MM INDICATES DATA IS MISSING.
T  INDICATES TRACE AMOUNT.




$$
