217
CDUS43 KFSD 220624
CLIMHE


CLIMATE REPORT
NATIONAL WEATHER SERVICE SIOUX FALLS SD
1220 AM CST THU FEB 22 2018


...................................

...THE MITCHELL SD CLIMATE SUMMARY FOR FEBRUARY 21 2018...

CLIMATE NORMAL PERIOD 1981 TO 2010
CLIMATE RECORD PERIOD 1893 TO 2018


WEATHER ITEM   OBSERVED TIME   RECORD YEAR NORMAL DEPARTURE LAST
                VALUE   (LST)  VALUE       VALUE  FROM      YEAR
                                                  NORMAL
..................................................................
TEMPERATURE (F)
 YESTERDAY
  MAXIMUM         19    412 PM  72    2000  35    -16       71
  MINIMUM         -5    801 AM -22    1918  16    -21       33
  AVERAGE          7                        26    -19       52

PRECIPITATION (IN)
  YESTERDAY        0.00          0.56 1969   0.02  -0.02     0.00
  MONTH TO DATE    0.49                      0.26   0.23     0.18
  SINCE DEC 1      1.27                      0.93   0.34     2.05
  SINCE JAN 1      0.65                      0.48   0.17     0.94

SNOWFALL (IN)
  YESTERDAY        0.0          10.0  1913  MM     MM        0.0
  MONTH TO DATE    7.8                      MM     MM         T
  SINCE DEC 1     20.3                      MM     MM       17.5
  SINCE JUL 1     21.5                      MM     MM       23.0
  SNOW DEPTH       6

DEGREE DAYS
 HEATING
  YESTERDAY       58                        39     19       13
  MONTH TO DATE 1106                       889    217      659
  SINCE DEC 1   3837                      3688    149     3414
  SINCE JUL 1   5226                      5256    -30     4508

 COOLING
  YESTERDAY        0                         0      0        0
  MONTH TO DATE    0                         0      0        0
  SINCE DEC 1      0                         0      0        0
  SINCE JAN 1      0                         0      0        0
..................................................................


WIND (MPH)
  HIGHEST WIND SPEED    17   HIGHEST WIND DIRECTION    SE (150)
  HIGHEST GUST SPEED    20   HIGHEST GUST DIRECTION    SE (150)
  AVERAGE WIND SPEED    10.2


SKY COVER
  POSSIBLE SUNSHINE  MM
  AVERAGE SKY COVER 0.1


WEATHER CONDITIONS
 THE FOLLOWING WEATHER WAS RECORDED YESTERDAY.
  NO SIGNIFICANT WEATHER WAS OBSERVED.


RELATIVE HUMIDITY (PERCENT)
 HIGHEST    78           800 AM
 LOWEST     49           200 PM
 AVERAGE    64

..........................................................


THE MITCHELL SD CLIMATE NORMALS FOR TODAY
                         NORMAL    RECORD    YEAR
 MAXIMUM TEMPERATURE (F)   36        66      2000
 MINIMUM TEMPERATURE (F)   16       -21      1962


SUNRISE AND SUNSET
FEBRUARY 22 2018......SUNRISE   720 AM CST   SUNSET   612 PM CST
FEBRUARY 23 2018......SUNRISE   719 AM CST   SUNSET   613 PM CST


-  INDICATES NEGATIVE NUMBERS.
R  INDICATES RECORD WAS SET OR TIED.
MM INDICATES DATA IS MISSING.
T  INDICATES TRACE AMOUNT.




$$
