000
CDUS43 KFSD 290704
CLIMHE


CLIMATE REPORT
NATIONAL WEATHER SERVICE SIOUX FALLS SD
203 AM CDT WED JUL 29 2015


...................................

...THE MITCHELL SD CLIMATE SUMMARY FOR JULY 28 2015...

CLIMATE NORMAL PERIOD 1981 TO 2010
CLIMATE RECORD PERIOD 1893 TO 2015


WEATHER ITEM   OBSERVED TIME   RECORD YEAR NORMAL DEPARTURE LAST
                VALUE   (LST)  VALUE       VALUE  FROM      YEAR
                                                  NORMAL
..................................................................
TEMPERATURE (F)
 YESTERDAY
  MAXIMUM         81    612 PM 109    1935  86     -5       78
  MINIMUM         63   1159 PM  43    2013  63      0       53
  AVERAGE         72                        74     -2       66

PRECIPITATION (IN)
  YESTERDAY        0.30          0.77 1903   0.10   0.20     0.00
  MONTH TO DATE    2.26                      2.83  -0.57     1.22
  SINCE JUN 1      6.17                      6.96  -0.79     5.41
  SINCE JAN 1     13.26                     13.69  -0.43    10.14

SNOWFALL (IN)
  YESTERDAY        0.0           0.0    MM  MM     MM        0.0
  MONTH TO DATE    0.0                      MM     MM        0.0
  SINCE JUN 1      0.0                      MM     MM        0.0
  SINCE JUL 1      0.0                      MM     MM        0.0
  SNOW DEPTH       0

DEGREE DAYS
 HEATING
  YESTERDAY        0                         0      0        0
  MONTH TO DATE    2                         0      2        9
  SINCE JUN 1      5                        35    -30       35
  SINCE JUL 1      2                         0      2        9

 COOLING
  YESTERDAY        7                         9     -2        1
  MONTH TO DATE  267                       277    -10      205
  SINCE JUN 1    464                       447     17      363
  SINCE JAN 1    495                       487      8      441
..................................................................


WIND (MPH)
  HIGHEST WIND SPEED    37   HIGHEST WIND DIRECTION    NW (310)
  HIGHEST GUST SPEED    48   HIGHEST GUST DIRECTION    NW (310)
  AVERAGE WIND SPEED    10.5


SKY COVER
  POSSIBLE SUNSHINE  MM
  AVERAGE SKY COVER 0.4


WEATHER CONDITIONS
 THE FOLLOWING WEATHER WAS RECORDED YESTERDAY.
  THUNDERSTORM
  HEAVY RAIN
  RAIN
  LIGHT RAIN
  FOG


RELATIVE HUMIDITY (PERCENT)
 HIGHEST    97           400 AM
 LOWEST     36           300 PM
 AVERAGE    67

..........................................................


THE MITCHELL SD CLIMATE NORMALS FOR TODAY
                         NORMAL    RECORD    YEAR
 MAXIMUM TEMPERATURE (F)   86       108      2006
                                             1935
 MINIMUM TEMPERATURE (F)   63        45      1899


SUNRISE AND SUNSET
JULY 29 2015..........SUNRISE   617 AM CDT   SUNSET   859 PM CDT
JULY 30 2015..........SUNRISE   619 AM CDT   SUNSET   858 PM CDT


-  INDICATES NEGATIVE NUMBERS.
R  INDICATES RECORD WAS SET OR TIED.
MM INDICATES DATA IS MISSING.
T  INDICATES TRACE AMOUNT.




$$
