000
CDUS43 KFSD 042233
CLIMHE


CLIMATE REPORT
NATIONAL WEATHER SERVICE SIOUX FALLS SD
532 PM CDT SAT NOV 4 2017


...................................

...THE MITCHELL SD CLIMATE SUMMARY FOR NOVEMBER 4 2017...
VALID TODAY AS OF 0500 PM LOCAL TIME.

CLIMATE NORMAL PERIOD 1981 TO 2010
CLIMATE RECORD PERIOD 1893 TO 2017


WEATHER ITEM   OBSERVED TIME   RECORD YEAR NORMAL DEPARTURE LAST
                VALUE   (LST)  VALUE       VALUE  FROM      YEAR
                                                  NORMAL
..................................................................
TEMPERATURE (F)
 TODAY
  MAXIMUM         54    343 PM  78    1978  52      2       76
  MINIMUM         33    445 AM  -3    1991  30      3       36
  AVERAGE         44                        41      3       56

PRECIPITATION (IN)
  TODAY            0.00          0.57 1947   0.05  -0.05     0.00
  MONTH TO DATE    T                         0.19  -0.19      T
  SINCE SEP 1      5.68                      4.13   1.55     4.10
  SINCE JAN 1     19.50                     20.48  -0.98    23.51

SNOWFALL (IN)
  TODAY            0.0           2.0  1959  MM     MM        0.0
  MONTH TO DATE    T                        MM     MM        0.0
  SINCE SEP 1      T                        MM     MM         T
  SINCE JUL 1      T                        MM     MM         T
  SNOW DEPTH       0

DEGREE DAYS
 HEATING
  TODAY           21                        24     -3        9
  MONTH TO DATE  102                        93      9       45
  SINCE SEP 1    640                       717    -77      488
  SINCE JUL 1    642                       734    -92      496

 COOLING
  TODAY            0                         0      0        0
  MONTH TO DATE    0                         0      0        0
  SINCE SEP 1    120                        79     41      104
  SINCE JAN 1    890                       824     66     1036
..................................................................


WIND (MPH)
  HIGHEST WIND SPEED    23   HIGHEST WIND DIRECTION     S (170)
  HIGHEST GUST SPEED    32   HIGHEST GUST DIRECTION     S (170)
  AVERAGE WIND SPEED    12.7


SKY COVER
  POSSIBLE SUNSHINE  MM
  AVERAGE SKY COVER 0.6


WEATHER CONDITIONS
 THE FOLLOWING WEATHER WAS RECORDED TODAY.
  NO SIGNIFICANT WEATHER WAS OBSERVED.


RELATIVE HUMIDITY (PERCENT)
 HIGHEST    82           500 AM
 LOWEST     54           300 PM
 AVERAGE    68

..........................................................


THE MITCHELL SD CLIMATE NORMALS FOR TOMORROW
                         NORMAL    RECORD    YEAR
 MAXIMUM TEMPERATURE (F)   51        81      2001
 MINIMUM TEMPERATURE (F)   30         2      1991


SUNRISE AND SUNSET
NOVEMBER  4 2017......SUNRISE   812 AM CDT   SUNSET   618 PM CDT
NOVEMBER  5 2017......SUNRISE   714 AM CST   SUNSET   517 PM CST


-  INDICATES NEGATIVE NUMBERS.
R  INDICATES RECORD WAS SET OR TIED.
MM INDICATES DATA IS MISSING.
T  INDICATES TRACE AMOUNT.




$$
