000
CDUS43 KFSD 090720
CLIMHE


CLIMATE REPORT
NATIONAL WEATHER SERVICE SIOUX FALLS SD
214 AM CDT TUE MAY 9 2017


...................................

...THE MITCHELL SD CLIMATE SUMMARY FOR MAY 8 2017...

CLIMATE NORMAL PERIOD 1981 TO 2010
CLIMATE RECORD PERIOD 1893 TO 2017


WEATHER ITEM   OBSERVED TIME   RECORD YEAR NORMAL DEPARTURE LAST
                VALUE   (LST)  VALUE       VALUE  FROM      YEAR
                                                  NORMAL
..................................................................
TEMPERATURE (F)
 YESTERDAY
  MAXIMUM         80   1147 AM 102    1934  69     11       73
  MINIMUM         55   1159 PM  25    1945  45     10       50
  AVERAGE         68                        57     11       62

PRECIPITATION (IN)
  YESTERDAY        0.00          1.19 2003   0.06  -0.06     0.01
  MONTH TO DATE    0.24                      0.66  -0.42     0.31
  SINCE MAR 1      3.75                      3.90  -0.15     7.04
  SINCE JAN 1      4.91                      4.46   0.45     8.27

SNOWFALL (IN)
  YESTERDAY        0.0           0.0    MM  MM     MM        0.0
  MONTH TO DATE    0.0                      MM     MM        0.0
  SINCE MAR 1      5.2                      MM     MM        3.9
  SINCE JUL 1     30.6                      MM     MM       46.3
  SNOW DEPTH       0

DEGREE DAYS
 HEATING
  YESTERDAY        0                         9     -9        3
  MONTH TO DATE   53                        78    -25       55
  SINCE MAR 1   1398                      1556   -158     1248
  SINCE JUL 1   6132                      7078   -946     6037

 COOLING
  YESTERDAY        3                         1      2        0
  MONTH TO DATE    7                         5      2        8
  SINCE MAR 1      7                         7      0       12
  SINCE JAN 1      7                         7      0       12
..................................................................


WIND (MPH)
  HIGHEST WIND SPEED    29   HIGHEST WIND DIRECTION    NW (310)
  HIGHEST GUST SPEED    37   HIGHEST GUST DIRECTION    NW (310)
  AVERAGE WIND SPEED    15.7


SKY COVER
  POSSIBLE SUNSHINE  MM
  AVERAGE SKY COVER 0.0


WEATHER CONDITIONS
 THE FOLLOWING WEATHER WAS RECORDED YESTERDAY.
  NO SIGNIFICANT WEATHER WAS OBSERVED.


RELATIVE HUMIDITY (PERCENT)
 HIGHEST    86          1100 PM
 LOWEST     45          1200 PM
 AVERAGE    66

..........................................................


THE MITCHELL SD CLIMATE NORMALS FOR TODAY
                         NORMAL    RECORD    YEAR
 MAXIMUM TEMPERATURE (F)   70        97      1928
                                             1911
 MINIMUM TEMPERATURE (F)   45        22      1966


SUNRISE AND SUNSET
MAY  9 2017...........SUNRISE   613 AM CDT   SUNSET   845 PM CDT
MAY 10 2017...........SUNRISE   612 AM CDT   SUNSET   846 PM CDT


-  INDICATES NEGATIVE NUMBERS.
R  INDICATES RECORD WAS SET OR TIED.
MM INDICATES DATA IS MISSING.
T  INDICATES TRACE AMOUNT.




$$
