000
CDUS43 KFSD 270652
CLIMHE


CLIMATE REPORT
NATIONAL WEATHER SERVICE SIOUX FALLS SD
1251 AM CST SUN NOV 27 2016


...................................

...THE MITCHELL SD CLIMATE SUMMARY FOR NOVEMBER 26 2016...

CLIMATE NORMAL PERIOD 1981 TO 2010
CLIMATE RECORD PERIOD 1893 TO 2016


WEATHER ITEM   OBSERVED TIME   RECORD YEAR NORMAL DEPARTURE LAST
                VALUE   (LST)  VALUE       VALUE  FROM      YEAR
                                                  NORMAL
..................................................................
TEMPERATURE (F)
 YESTERDAY
  MAXIMUM         52    307 PM  67    1998  38     14       30
  MINIMUM         26   1153 PM -12    1898  18      8       15
  AVERAGE         39                        28     11       23

PRECIPITATION (IN)
  YESTERDAY        0.00          1.69 2001   0.02  -0.02     0.00
  MONTH TO DATE    0.53                      0.71  -0.18     1.80
  SINCE SEP 1      4.63                      4.65  -0.02     4.84
  SINCE JAN 1     24.04                     21.00   3.04    21.77

SNOWFALL (IN)
  YESTERDAY        0.0          15.0  2001  MM     MM        0.0
  MONTH TO DATE    4.2                      MM     MM        6.0
  SINCE SEP 1      4.2                      MM     MM        6.0
  SINCE JUL 1      4.2                      MM     MM        6.0
  SNOW DEPTH       0

DEGREE DAYS
 HEATING
  YESTERDAY       26                        37    -11       42
  MONTH TO DATE  523                       773   -250      604
  SINCE SEP 1    966                      1397   -431      998
  SINCE JUL 1    974                      1414   -440     1026

 COOLING
  YESTERDAY        0                         0      0        0
  MONTH TO DATE    0                         0      0        0
  SINCE SEP 1    104                        79     25      170
  SINCE JAN 1   1036                       824    212      894
..................................................................


WIND (MPH)
  HIGHEST WIND SPEED    10   HIGHEST WIND DIRECTION    NW (310)
  HIGHEST GUST SPEED    13   HIGHEST GUST DIRECTION     S (190)
  AVERAGE WIND SPEED     4.9


SKY COVER
  POSSIBLE SUNSHINE  MM
  AVERAGE SKY COVER 0.0


WEATHER CONDITIONS
 THE FOLLOWING WEATHER WAS RECORDED YESTERDAY.
  NO SIGNIFICANT WEATHER WAS OBSERVED.


RELATIVE HUMIDITY (PERCENT)
 HIGHEST    92           600 AM
 LOWEST     50           300 PM
 AVERAGE    71

..........................................................


THE MITCHELL SD CLIMATE NORMALS FOR TODAY
                         NORMAL    RECORD    YEAR
 MAXIMUM TEMPERATURE (F)   37        63      1998
 MINIMUM TEMPERATURE (F)   18        -8      1985


SUNRISE AND SUNSET
NOVEMBER 27 2016......SUNRISE   742 AM CST   SUNSET   458 PM CST
NOVEMBER 28 2016......SUNRISE   743 AM CST   SUNSET   457 PM CST


-  INDICATES NEGATIVE NUMBERS.
R  INDICATES RECORD WAS SET OR TIED.
MM INDICATES DATA IS MISSING.
T  INDICATES TRACE AMOUNT.




$$
