000
CDUS43 KFSD 170624
CLIMHE


CLIMATE REPORT
NATIONAL WEATHER SERVICE SIOUX FALLS SD
1223 AM CST MON NOV 17 2014


...................................

...THE MITCHELL SD CLIMATE SUMMARY FOR NOVEMBER 16 2014...

CLIMATE NORMAL PERIOD 1981 TO 2010
CLIMATE RECORD PERIOD 1893 TO 2014


WEATHER ITEM   OBSERVED TIME   RECORD YEAR NORMAL DEPARTURE LAST
                VALUE   (LST)  VALUE       VALUE  FROM      YEAR
                                                  NORMAL
..................................................................
TEMPERATURE (F)
 YESTERDAY
  MAXIMUM         23    357 PM  75    1941  44    -21       57
  MINIMUM         -3    630 AM  -7    1959  24    -27       34
  AVERAGE         10                        34    -24       46

PRECIPITATION (IN)
  YESTERDAY        T             0.63 1987   0.02  -0.02     0.00
  MONTH TO DATE    0.45                      0.53  -0.08     0.34
  SINCE SEP 1      2.83                      4.47  -1.64     7.12
  SINCE JAN 1     17.93                     20.82  -2.89    25.61

SNOWFALL (IN)
  YESTERDAY        T             6.0  1909  MM     MM        0.0
  MONTH TO DATE    5.1                      MM     MM        3.4
  SINCE SEP 1      5.1                      MM     MM        3.4
  SINCE JUL 1      5.1                      MM     MM        3.4
  SNOW DEPTH       5

DEGREE DAYS
 HEATING
  YESTERDAY       55                        31     24       19
  MONTH TO DATE  529                       428    101      416
  SINCE SEP 1   1057                      1052      5      976
  SINCE JUL 1   1069                      1069      0      999

 COOLING
  YESTERDAY        0                         0      0        0
  MONTH TO DATE    0                         0      0        0
  SINCE SEP 1     78                        79     -1      165
  SINCE JAN 1    724                       824   -100      946
..................................................................


WIND (MPH)
  HIGHEST WIND SPEED    30   HIGHEST WIND DIRECTION    NW (330)
  HIGHEST GUST SPEED    35   HIGHEST GUST DIRECTION    NW (330)
  AVERAGE WIND SPEED    16.3


SKY COVER
  POSSIBLE SUNSHINE  MM
  AVERAGE SKY COVER 0.4


WEATHER CONDITIONS
 THE FOLLOWING WEATHER WAS RECORDED YESTERDAY.
  LIGHT SNOW
  FOG
  HAZE


RELATIVE HUMIDITY (PERCENT)
 HIGHEST    87           100 AM
 LOWEST     51          1200 PM
 AVERAGE    69

..........................................................


THE MITCHELL SD CLIMATE NORMALS FOR TODAY
                         NORMAL    RECORD    YEAR
 MAXIMUM TEMPERATURE (F)   43        73      1953
 MINIMUM TEMPERATURE (F)   23        -6      1959


SUNRISE AND SUNSET
NOVEMBER 17 2014......SUNRISE   729 AM CST   SUNSET   505 PM CST
NOVEMBER 18 2014......SUNRISE   730 AM CST   SUNSET   504 PM CST


-  INDICATES NEGATIVE NUMBERS.
R  INDICATES RECORD WAS SET OR TIED.
MM INDICATES DATA IS MISSING.
T  INDICATES TRACE AMOUNT.




$$
