000
CDUS43 KFSD 152222
CLIMHE


CLIMATE REPORT
NATIONAL WEATHER SERVICE SIOUX FALLS SD
521 PM CDT FRI AUG 15 2014


...................................

...THE MITCHELL SD CLIMATE SUMMARY FOR AUGUST 15 2014...
VALID TODAY AS OF 0500 PM LOCAL TIME.

CLIMATE NORMAL PERIOD 1981 TO 2010
CLIMATE RECORD PERIOD 1893 TO 2014


WEATHER ITEM   OBSERVED TIME   RECORD YEAR NORMAL DEPARTURE LAST
                VALUE   (LST)  VALUE       VALUE  FROM      YEAR
                                                  NORMAL
..................................................................
TEMPERATURE (F)
 TODAY
  MAXIMUM         78    359 PM 110    1937  84     -6       69
  MINIMUM         66    143 AM  48    1994  61      5       60
                                      1929
  AVERAGE         72                        72      0       65

PRECIPITATION (IN)
  TODAY            T             2.78 1977   0.08  -0.08     0.00
  MONTH TO DATE    1.69                      1.19   0.50     2.54
  SINCE JUN 1      7.24                      8.43  -1.19     8.54
  SINCE JAN 1     11.97                     15.16  -3.19    18.49

SNOWFALL (IN)
  TODAY            0.0           0.0    MM  MM     MM        0.0
  MONTH TO DATE    0.0                      MM     MM        0.0
  SINCE JUN 1      0.0                      MM     MM        0.0
  SINCE JUL 1      0.0                      MM     MM        0.0
  SNOW DEPTH       0

DEGREE DAYS
 HEATING
  TODAY            0                         0      0        0
  MONTH TO DATE    0                         0      0        1
  SINCE JUN 1     35                        40     -5       71
  SINCE JUL 1      9                         5      4       21

 COOLING
  TODAY            7                         8     -1        0
  MONTH TO DATE   81                       127    -46       53
  SINCE JUN 1    455                       605   -150      508
  SINCE JAN 1    533                       645   -112      565
..................................................................


WIND (MPH)
  HIGHEST WIND SPEED    25   HIGHEST WIND DIRECTION     S (160)
  HIGHEST GUST SPEED    34   HIGHEST GUST DIRECTION     S (160)
  AVERAGE WIND SPEED    10.3


SKY COVER
  POSSIBLE SUNSHINE  MM
  AVERAGE SKY COVER 0.2


WEATHER CONDITIONS
 THE FOLLOWING WEATHER WAS RECORDED TODAY.
  LIGHT RAIN


RELATIVE HUMIDITY (PERCENT)
 HIGHEST    93           100 AM
 LOWEST     74           400 PM
 AVERAGE    84

..........................................................


THE MITCHELL SD CLIMATE NORMALS FOR TOMORROW
                         NORMAL    RECORD    YEAR
 MAXIMUM TEMPERATURE (F)   83       102      1988
                                             1935
                                             1906
 MINIMUM TEMPERATURE (F)   61        38      1897


SUNRISE AND SUNSET
AUGUST 15 2014........SUNRISE   636 AM CDT   SUNSET   836 PM CDT
AUGUST 16 2014........SUNRISE   638 AM CDT   SUNSET   834 PM CDT


-  INDICATES NEGATIVE NUMBERS.
R  INDICATES RECORD WAS SET OR TIED.
MM INDICATES DATA IS MISSING.
T  INDICATES TRACE AMOUNT.




$$
