000
CDUS43 KFSD 130630
CLIMHE


CLIMATE REPORT
NATIONAL WEATHER SERVICE SIOUX FALLS SD
128 AM CDT TUE JUN 13 2017


...................................

...THE MITCHELL SD CLIMATE SUMMARY FOR JUNE 12 2017...

CLIMATE NORMAL PERIOD 1981 TO 2010
CLIMATE RECORD PERIOD 1893 TO 2017


WEATHER ITEM   OBSERVED TIME   RECORD YEAR NORMAL DEPARTURE LAST
                VALUE   (LST)  VALUE       VALUE  FROM      YEAR
                                                  NORMAL
..................................................................
TEMPERATURE (F)
 YESTERDAY
  MAXIMUM         83    601 PM 102    1956  80      3       99
  MINIMUM         68    435 AM  42    1927  57     11       73
  AVERAGE         76                        68      8       86

PRECIPITATION (IN)
  YESTERDAY        T             2.03 2010   0.17  -0.17     0.00
  MONTH TO DATE    T                         1.84  -1.84     0.31
  SINCE JUN 1      T                         1.84  -1.84     0.31
  SINCE JAN 1      7.02                      8.57  -1.55    12.83

SNOWFALL (IN)
  YESTERDAY        0.0           0.0    MM  MM     MM        0.0
  MONTH TO DATE    0.0                      MM     MM        0.0
  SINCE JUN 1      0.0                      MM     MM        0.0
  SINCE JUL 1     30.6                      MM     MM       46.3
  SNOW DEPTH       0

DEGREE DAYS
 HEATING
  YESTERDAY        0                         1     -1        0
  MONTH TO DATE    0                        24    -24        4
  SINCE JUN 1      0                        24    -24        4
  SINCE JUL 1   6283                      7234   -951     6149

 COOLING
  YESTERDAY       11                         5      6       21
  MONTH TO DATE  127                        41     86      103
  SINCE JUN 1    127                        41     86      103
  SINCE JAN 1    159                        81     78      147
..................................................................


WIND (MPH)
  HIGHEST WIND SPEED    25   HIGHEST WIND DIRECTION    NE (60)
  HIGHEST GUST SPEED    32   HIGHEST GUST DIRECTION    NE (50)
  AVERAGE WIND SPEED    11.9


SKY COVER
  POSSIBLE SUNSHINE  MM
  AVERAGE SKY COVER 0.5


WEATHER CONDITIONS
 THE FOLLOWING WEATHER WAS RECORDED YESTERDAY.
  THUNDERSTORM
  LIGHT RAIN
  FOG
  HAZE


RELATIVE HUMIDITY (PERCENT)
 HIGHEST    93           400 AM
 LOWEST     47           600 PM
 AVERAGE    70

..........................................................


THE MITCHELL SD CLIMATE NORMALS FOR TODAY
                         NORMAL    RECORD    YEAR
 MAXIMUM TEMPERATURE (F)   80       106      1956
 MINIMUM TEMPERATURE (F)   58        38      1942


SUNRISE AND SUNSET
JUNE 13 2017..........SUNRISE   550 AM CDT   SUNSET   915 PM CDT
JUNE 14 2017..........SUNRISE   550 AM CDT   SUNSET   916 PM CDT


-  INDICATES NEGATIVE NUMBERS.
R  INDICATES RECORD WAS SET OR TIED.
MM INDICATES DATA IS MISSING.
T  INDICATES TRACE AMOUNT.




$$
