000
CDUS43 KFSD 062221
CLIMHE


CLIMATE REPORT
NATIONAL WEATHER SERVICE SIOUX FALLS SD
520 PM CDT SAT MAY 6 2017


...................................

...THE MITCHELL SD CLIMATE SUMMARY FOR MAY 6 2017...
VALID TODAY AS OF 0500 PM LOCAL TIME.

CLIMATE NORMAL PERIOD 1981 TO 2010
CLIMATE RECORD PERIOD 1893 TO 2017


WEATHER ITEM   OBSERVED TIME   RECORD YEAR NORMAL DEPARTURE LAST
                VALUE   (LST)  VALUE       VALUE  FROM      YEAR
                                                  NORMAL
..................................................................
TEMPERATURE (F)
 TODAY
  MAXIMUM         80    350 PM  92    1934  69     11       89
  MINIMUM         42    501 AM  24    1931  44     -2       57
  AVERAGE         61                        56      5       73

PRECIPITATION (IN)
  TODAY            0.00          2.16 1942   0.08  -0.08     0.30
  MONTH TO DATE    0.24                      0.53  -0.29     0.30
  SINCE MAR 1      3.75                      3.77  -0.02     7.03
  SINCE JAN 1      4.91                      4.33   0.58     8.26

SNOWFALL (IN)
  TODAY            0.0           0.0    MM  MM     MM        0.0
  MONTH TO DATE    0.0                      MM     MM        0.0
  SINCE MAR 1      5.2                      MM     MM        3.9
  SINCE JUL 1     30.6                      MM     MM       46.3
  SNOW DEPTH       0

DEGREE DAYS
 HEATING
  TODAY            4                         9     -5        0
  MONTH TO DATE   53                        60     -7       46
  SINCE MAR 1   1398                      1538   -140     1239
  SINCE JUL 1   6132                      7060   -928     6028

 COOLING
  TODAY            0                         1     -1        8
  MONTH TO DATE    0                         3     -3        8
  SINCE MAR 1      0                         5     -5       12
  SINCE JAN 1      0                         5     -5       12
..................................................................


WIND (MPH)
  HIGHEST WIND SPEED    13   HIGHEST WIND DIRECTION    SE (150)
  HIGHEST GUST SPEED    18   HIGHEST GUST DIRECTION    SE (150)
  AVERAGE WIND SPEED     5.9


SKY COVER
  POSSIBLE SUNSHINE  MM
  AVERAGE SKY COVER 0.0


WEATHER CONDITIONS
 THE FOLLOWING WEATHER WAS RECORDED TODAY.
  NO SIGNIFICANT WEATHER WAS OBSERVED.


RELATIVE HUMIDITY (PERCENT)
 HIGHEST    83           500 AM
 LOWEST     19           400 PM
 AVERAGE    51

..........................................................


THE MITCHELL SD CLIMATE NORMALS FOR TOMORROW
                         NORMAL    RECORD    YEAR
 MAXIMUM TEMPERATURE (F)   69        96      1963
 MINIMUM TEMPERATURE (F)   45        23      1943


SUNRISE AND SUNSET
MAY  6 2017...........SUNRISE   617 AM CDT   SUNSET   841 PM CDT
MAY  7 2017...........SUNRISE   616 AM CDT   SUNSET   842 PM CDT


-  INDICATES NEGATIVE NUMBERS.
R  INDICATES RECORD WAS SET OR TIED.
MM INDICATES DATA IS MISSING.
T  INDICATES TRACE AMOUNT.




$$
