000
CDUS43 KFSD 200643
CLIMHE


CLIMATE REPORT
NATIONAL WEATHER SERVICE SIOUX FALLS SD
140 AM CDT SAT JUN 20 2015


...................................

...THE MITCHELL SD CLIMATE SUMMARY FOR JUNE 19 2015...

CLIMATE NORMAL PERIOD 1981 TO 2010
CLIMATE RECORD PERIOD 1893 TO 2015


WEATHER ITEM   OBSERVED TIME   RECORD YEAR NORMAL DEPARTURE LAST
                VALUE   (LST)  VALUE       VALUE  FROM      YEAR
                                                  NORMAL
..................................................................
TEMPERATURE (F)
 YESTERDAY
  MAXIMUM         83    509 PM 104    1933  82      1       83
  MINIMUM         56    412 AM  42    1948  60     -4       60
  AVERAGE         70                        71     -1       72

PRECIPITATION (IN)
  YESTERDAY        0.00          1.20 1946   0.14  -0.14     0.81
  MONTH TO DATE    2.12                      2.90  -0.78     3.65
  SINCE JUN 1      2.12                      2.90  -0.78     3.65
  SINCE JAN 1      9.21                      9.63  -0.42     8.38

SNOWFALL (IN)
  YESTERDAY        0.0           0.0    MM  MM     MM        0.0
  MONTH TO DATE    0.0                      MM     MM        0.0
  SINCE JUN 1      0.0                      MM     MM        0.0
  SINCE JUL 1     22.6                      MM     MM       30.8
  SNOW DEPTH       0

DEGREE DAYS
 HEATING
  YESTERDAY        0                         1     -1        0
  MONTH TO DATE    3                        31    -28       26
  SINCE JUN 1      3                        31    -28       26
  SINCE JUL 1   6876                      7241   -365     7791

 COOLING
  YESTERDAY        5                         6     -1        7
  MONTH TO DATE  112                        80     32       61
  SINCE JUN 1    112                        80     32       61
  SINCE JAN 1    143                       120     23      139
..................................................................


WIND (MPH)
  HIGHEST WIND SPEED    25   HIGHEST WIND DIRECTION     S (170)
  HIGHEST GUST SPEED    32   HIGHEST GUST DIRECTION     S (170)
  AVERAGE WIND SPEED    12.6


SKY COVER
  POSSIBLE SUNSHINE  MM
  AVERAGE SKY COVER 0.2


WEATHER CONDITIONS
 THE FOLLOWING WEATHER WAS RECORDED YESTERDAY.
  NO SIGNIFICANT WEATHER WAS OBSERVED.


RELATIVE HUMIDITY (PERCENT)
 HIGHEST    93           200 AM
 LOWEST     47           100 PM
 AVERAGE    70

..........................................................


THE MITCHELL SD CLIMATE NORMALS FOR TODAY
                         NORMAL    RECORD    YEAR
 MAXIMUM TEMPERATURE (F)   83       105      1968
 MINIMUM TEMPERATURE (F)   60        41      1969


SUNRISE AND SUNSET
JUNE 20 2015..........SUNRISE   550 AM CDT   SUNSET   917 PM CDT
JUNE 21 2015..........SUNRISE   550 AM CDT   SUNSET   918 PM CDT


-  INDICATES NEGATIVE NUMBERS.
R  INDICATES RECORD WAS SET OR TIED.
MM INDICATES DATA IS MISSING.
T  INDICATES TRACE AMOUNT.




$$
