000
CDUS43 KFSD 090634
CLIMHE


CLIMATE REPORT
NATIONAL WEATHER SERVICE SIOUX FALLS SD
1232 AM CST SUN NOV 9 2014


...................................

...THE MITCHELL SD CLIMATE SUMMARY FOR NOVEMBER 8 2014...

CLIMATE NORMAL PERIOD 1981 TO 2010
CLIMATE RECORD PERIOD 1893 TO 2014


WEATHER ITEM   OBSERVED TIME   RECORD YEAR NORMAL DEPARTURE LAST
                VALUE   (LST)  VALUE       VALUE  FROM      YEAR
                                                  NORMAL
..................................................................
TEMPERATURE (F)
 YESTERDAY
  MAXIMUM         46    403 PM  81    1999  49     -3       58
  MINIMUM         30    722 AM  -9    1991  28      2       29
  AVERAGE         38                        39     -1       44

PRECIPITATION (IN)
  YESTERDAY        0.00          1.25 1983   0.03  -0.03     0.00
                                      1977
  MONTH TO DATE    0.14                      0.32  -0.18     0.29
  SINCE SEP 1      2.52                      4.26  -1.74     7.07
  SINCE JAN 1     17.62                     20.61  -2.99    25.56

SNOWFALL (IN)
  YESTERDAY        0.0           1.5  1983  MM     MM        0.0
  MONTH TO DATE    0.0                      MM     MM        2.6
  SINCE SEP 1      0.0                      MM     MM        2.6
  SINCE JUL 1      0.0                      MM     MM        2.6
  SNOW DEPTH       0

DEGREE DAYS
 HEATING
  YESTERDAY       27                        26      1       21
  MONTH TO DATE  150                       195    -45      195
  SINCE SEP 1    678                       819   -141      755
  SINCE JUL 1    690                       836   -146      778

 COOLING
  YESTERDAY        0                         0      0        0
  MONTH TO DATE    0                         0      0        0
  SINCE SEP 1     78                        79     -1      165
  SINCE JAN 1    724                       824   -100      946
..................................................................


WIND (MPH)
  HIGHEST WIND SPEED    36   HIGHEST WIND DIRECTION     N (340)
  HIGHEST GUST SPEED    44   HIGHEST GUST DIRECTION     N (350)
  AVERAGE WIND SPEED    10.9


SKY COVER
  POSSIBLE SUNSHINE  MM
  AVERAGE SKY COVER 0.4


WEATHER CONDITIONS
 THE FOLLOWING WEATHER WAS RECORDED YESTERDAY.
  NO SIGNIFICANT WEATHER WAS OBSERVED.


RELATIVE HUMIDITY (PERCENT)
 HIGHEST    78           500 AM
 LOWEST     45           100 PM
 AVERAGE    62

..........................................................


THE MITCHELL SD CLIMATE NORMALS FOR TODAY
                         NORMAL    RECORD    YEAR
 MAXIMUM TEMPERATURE (F)   49        74      1937
 MINIMUM TEMPERATURE (F)   28         4      1945


SUNRISE AND SUNSET
NOVEMBER  9 2014......SUNRISE   719 AM CST   SUNSET   513 PM CST
NOVEMBER 10 2014......SUNRISE   720 AM CST   SUNSET   512 PM CST


-  INDICATES NEGATIVE NUMBERS.
R  INDICATES RECORD WAS SET OR TIED.
MM INDICATES DATA IS MISSING.
T  INDICATES TRACE AMOUNT.




$$
