000
CDUS43 KFSD 042239
CLIMHE


CLIMATE REPORT
NATIONAL WEATHER SERVICE SIOUX FALLS SD
438 PM CST TUE NOV 4 2014


...................................

...THE MITCHELL SD CLIMATE SUMMARY FOR NOVEMBER 4 2014...
VALID TODAY AS OF 0400 PM LOCAL TIME.

CLIMATE NORMAL PERIOD 1981 TO 2010
CLIMATE RECORD PERIOD 1893 TO 2014


WEATHER ITEM   OBSERVED TIME   RECORD YEAR NORMAL DEPARTURE LAST
                VALUE   (LST)  VALUE       VALUE  FROM      YEAR
                                                  NORMAL
..................................................................
TEMPERATURE (F)
 TODAY
  MAXIMUM         58    354 PM  76    1975  52      6       51
  MINIMUM         34    731 AM  -3    1991  30      4       29
  AVERAGE         46                        41      5       40

PRECIPITATION (IN)
  TODAY            0.00          0.57 1947   0.05  -0.05      T
  MONTH TO DATE    0.12                      0.19  -0.07     0.01
  SINCE SEP 1      2.50                      4.13  -1.63     6.79
  SINCE JAN 1     17.60                     20.48  -2.88    25.28

SNOWFALL (IN)
  TODAY            0.0           2.0  1959  MM     MM        0.0
  MONTH TO DATE    0.0                      MM     MM        0.0
  SINCE SEP 1      0.0                      MM     MM         T
  SINCE JUL 1      0.0                      MM     MM         T
  SNOW DEPTH       0

DEGREE DAYS
 HEATING
  TODAY           19                        24     -5       25
  MONTH TO DATE   75                        93    -18       79
  SINCE SEP 1    603                       717   -114      639
  SINCE JUL 1    615                       734   -119      662

 COOLING
  TODAY            0                         0      0        0
  MONTH TO DATE    0                         0      0        0
  SINCE SEP 1     78                        79     -1      165
  SINCE JAN 1    724                       824   -100      946
..................................................................


WIND (MPH)
  HIGHEST WIND SPEED    17   HIGHEST WIND DIRECTION    NW (300)
  HIGHEST GUST SPEED    23   HIGHEST GUST DIRECTION     W (280)
  AVERAGE WIND SPEED    11.3


SKY COVER
  POSSIBLE SUNSHINE  MM
  AVERAGE SKY COVER 0.1


WEATHER CONDITIONS
 THE FOLLOWING WEATHER WAS RECORDED TODAY.
  NO SIGNIFICANT WEATHER WAS OBSERVED.


RELATIVE HUMIDITY (PERCENT)
 HIGHEST    89           100 AM
 LOWEST     39           400 PM
 AVERAGE    64

..........................................................


THE MITCHELL SD CLIMATE NORMALS FOR TOMORROW
                         NORMAL    RECORD    YEAR
 MAXIMUM TEMPERATURE (F)   51        80      2001
 MINIMUM TEMPERATURE (F)   30         2      1991


SUNRISE AND SUNSET
NOVEMBER  4 2014......SUNRISE   712 AM CST   SUNSET   519 PM CST
NOVEMBER  5 2014......SUNRISE   713 AM CST   SUNSET   517 PM CST


-  INDICATES NEGATIVE NUMBERS.
R  INDICATES RECORD WAS SET OR TIED.
MM INDICATES DATA IS MISSING.
T  INDICATES TRACE AMOUNT.




$$
