000
CDUS43 KFSD 030731
CLIMHE


CLIMATE REPORT
NATIONAL WEATHER SERVICE SIOUX FALLS SD
129 AM CST TUE JAN 3 2017


...................................

...THE MITCHELL SD CLIMATE SUMMARY FOR JANUARY 2 2017...

CLIMATE NORMAL PERIOD 1981 TO 2010
CLIMATE RECORD PERIOD 1893 TO 2017


WEATHER ITEM   OBSERVED TIME   RECORD YEAR NORMAL DEPARTURE LAST
                VALUE   (LST)  VALUE       VALUE  FROM      YEAR
                                                  NORMAL
..................................................................
TEMPERATURE (F)
 YESTERDAY
  MAXIMUM         33    150 PM  64    1998  27      6       32
  MINIMUM         13   1159 PM -23    2010  10      3       16
  AVERAGE         23                        18      5       24

PRECIPITATION (IN)
  YESTERDAY        T             0.84 1911   0.00   0.00     0.00
  MONTH TO DATE    0.02                      0.01   0.01     0.00
  SINCE DEC 1      1.13                      0.46   0.67     1.03
  SINCE JAN 1      0.02                      0.01   0.01     0.00

SNOWFALL (IN)
  YESTERDAY        T            10.0  1916  MM     MM        0.0
  MONTH TO DATE    0.2                      MM     MM        0.0
  SINCE DEC 1      8.3                      MM     MM       14.8
  SINCE JUL 1     13.8                      MM     MM       28.0
  SNOW DEPTH       T

DEGREE DAYS
 HEATING
  YESTERDAY       42                        46     -4       41
  MONTH TO DATE   84                        92     -8       82
  SINCE DEC 1   1472                      1459     13     1269
  SINCE JUL 1   2566                      3027   -461     2452

 COOLING
  YESTERDAY        0                         0      0        0
  MONTH TO DATE    0                         0      0        0
  SINCE DEC 1      0                         0      0        0
  SINCE JAN 1      0                         0      0        0
..................................................................


WIND (MPH)
  HIGHEST WIND SPEED    25   HIGHEST WIND DIRECTION    NW (300)
  HIGHEST GUST SPEED    31   HIGHEST GUST DIRECTION     W (290)
  AVERAGE WIND SPEED    10.7


SKY COVER
  POSSIBLE SUNSHINE  MM
  AVERAGE SKY COVER 0.9


WEATHER CONDITIONS
 THE FOLLOWING WEATHER WAS RECORDED YESTERDAY.
  LIGHT SNOW
  FOG


RELATIVE HUMIDITY (PERCENT)
 HIGHEST    92           600 AM
 LOWEST     80          1100 PM
 AVERAGE    86

..........................................................


THE MITCHELL SD CLIMATE NORMALS FOR TODAY
                         NORMAL    RECORD    YEAR
 MAXIMUM TEMPERATURE (F)   27        62      1962
 MINIMUM TEMPERATURE (F)   10       -27      1911


SUNRISE AND SUNSET
JANUARY  3 2017.......SUNRISE   806 AM CST   SUNSET   508 PM CST
JANUARY  4 2017.......SUNRISE   806 AM CST   SUNSET   509 PM CST


-  INDICATES NEGATIVE NUMBERS.
R  INDICATES RECORD WAS SET OR TIED.
MM INDICATES DATA IS MISSING.
T  INDICATES TRACE AMOUNT.




$$
