000
CDUS43 KFSD 120641
CLIMHE


CLIMATE REPORT
NATIONAL WEATHER SERVICE SIOUX FALLS SD
138 AM CDT TUE MAY 12 2015


...................................

...THE MITCHELL SD CLIMATE SUMMARY FOR MAY 11 2015...

CLIMATE NORMAL PERIOD 1981 TO 2010
CLIMATE RECORD PERIOD 1893 TO 2015


WEATHER ITEM   OBSERVED TIME   RECORD YEAR NORMAL DEPARTURE LAST
                VALUE   (LST)  VALUE       VALUE  FROM      YEAR
                                                  NORMAL
..................................................................
TEMPERATURE (F)
 YESTERDAY
  MAXIMUM         49    539 PM  96    1906  70    -21       58
                                      1900
  MINIMUM         39    454 AM  21    1946  46     -7       47
  AVERAGE         44                        58    -14       53

PRECIPITATION (IN)
  YESTERDAY        T             3.05 1985   0.07  -0.07     0.42
  MONTH TO DATE    2.94                      0.87   2.07     0.77
  SINCE MAR 1      4.49                      4.11   0.38     2.34
  SINCE JAN 1      5.26                      4.67   0.59     2.84

SNOWFALL (IN)
  YESTERDAY        0.0           2.5  1905  MM     MM        0.0
  MONTH TO DATE    0.0                      MM     MM        0.0
  SINCE MAR 1      0.7                      MM     MM        8.6
  SINCE JUL 1     22.6                      MM     MM       30.8
  SNOW DEPTH       0

DEGREE DAYS
 HEATING
  YESTERDAY       21                         8     13       12
  MONTH TO DATE   81                       102    -21      125
  SINCE MAR 1   1245                      1580   -335     1698
  SINCE JUL 1   6735                      7102   -367     7648

 COOLING
  YESTERDAY        0                         1     -1        0
  MONTH TO DATE    5                         8     -3        0
  SINCE MAR 1     11                        10      1        0
  SINCE JAN 1     11                        10      1        0
..................................................................


WIND (MPH)
  HIGHEST WIND SPEED    35   HIGHEST WIND DIRECTION    NW (310)
  HIGHEST GUST SPEED    42   HIGHEST GUST DIRECTION    NW (310)
  AVERAGE WIND SPEED    20.6


SKY COVER
  POSSIBLE SUNSHINE  MM
  AVERAGE SKY COVER 0.8


WEATHER CONDITIONS
 THE FOLLOWING WEATHER WAS RECORDED YESTERDAY.
  LIGHT RAIN
  FOG


RELATIVE HUMIDITY (PERCENT)
 HIGHEST    92           500 AM
 LOWEST     66           600 PM
 AVERAGE    79

..........................................................


THE MITCHELL SD CLIMATE NORMALS FOR TODAY
                         NORMAL    RECORD    YEAR
 MAXIMUM TEMPERATURE (F)   70        90      1915
 MINIMUM TEMPERATURE (F)   47        20      1946


SUNRISE AND SUNSET
MAY 12 2015...........SUNRISE   610 AM CDT   SUNSET   847 PM CDT
MAY 13 2015...........SUNRISE   609 AM CDT   SUNSET   848 PM CDT


-  INDICATES NEGATIVE NUMBERS.
R  INDICATES RECORD WAS SET OR TIED.
MM INDICATES DATA IS MISSING.
T  INDICATES TRACE AMOUNT.




$$
