000
CDUS43 KFSD 080756
CLIMHE


CLIMATE REPORT
NATIONAL WEATHER SERVICE SIOUX FALLS SD
155 AM CST MON DEC 8 2014


...................................

...THE MITCHELL SD CLIMATE SUMMARY FOR DECEMBER 7 2014...

CLIMATE NORMAL PERIOD 1981 TO 2010
CLIMATE RECORD PERIOD 1893 TO 2014


WEATHER ITEM   OBSERVED TIME   RECORD YEAR NORMAL DEPARTURE LAST
                VALUE   (LST)  VALUE       VALUE  FROM      YEAR
                                                  NORMAL
..................................................................
TEMPERATURE (F)
 YESTERDAY
  MAXIMUM         49    352 PM  58    1984  32     17        1
                                      1965
  MINIMUM         31    422 AM -18    2013  14     17      -18
  AVERAGE         40                        23     17       -8

PRECIPITATION (IN)
  YESTERDAY        0.00          0.31 1927   0.02  -0.02      T
  MONTH TO DATE    0.00                      0.17  -0.17     0.38
  SINCE DEC 1      0.00                      0.17  -0.17     0.38
  SINCE JAN 1     17.98                     21.24  -3.26    26.04

SNOWFALL (IN)
  YESTERDAY        0.0           3.0  1927  MM     MM         T
  MONTH TO DATE    0.0                      MM     MM        7.8
  SINCE DEC 1      0.0                      MM     MM        7.8
  SINCE JUL 1      5.6                      MM     MM       11.8
  SNOW DEPTH       0

DEGREE DAYS
 HEATING
  YESTERDAY       25                        42    -17       73
  MONTH TO DATE  266                       287    -21      356
  SINCE DEC 1    266                       287    -21      356
  SINCE JUL 1   1922                      1855     67     1864

 COOLING
  YESTERDAY        0                         0      0        0
  MONTH TO DATE    0                         0      0        0
  SINCE DEC 1      0                         0      0        0
  SINCE JAN 1    724                       824   -100      946
..................................................................


WIND (MPH)
  HIGHEST WIND SPEED    25   HIGHEST WIND DIRECTION    NW (310)
  HIGHEST GUST SPEED    32   HIGHEST GUST DIRECTION     S (160)
  AVERAGE WIND SPEED    14.5


SKY COVER
  POSSIBLE SUNSHINE  MM
  AVERAGE SKY COVER 0.7


WEATHER CONDITIONS
 THE FOLLOWING WEATHER WAS RECORDED YESTERDAY.
  FOG
  HAZE


RELATIVE HUMIDITY (PERCENT)
 HIGHEST    89           800 AM
 LOWEST     50           300 PM
 AVERAGE    70

..........................................................


THE MITCHELL SD CLIMATE NORMALS FOR TODAY
                         NORMAL    RECORD    YEAR
 MAXIMUM TEMPERATURE (F)   32        62      1939
 MINIMUM TEMPERATURE (F)   13       -23      1927


SUNRISE AND SUNSET
DECEMBER  8 2014......SUNRISE   753 AM CST   SUNSET   455 PM CST
DECEMBER  9 2014......SUNRISE   754 AM CST   SUNSET   455 PM CST


-  INDICATES NEGATIVE NUMBERS.
R  INDICATES RECORD WAS SET OR TIED.
MM INDICATES DATA IS MISSING.
T  INDICATES TRACE AMOUNT.




$$
