000
CDUS43 KFSD 072232
CLIMHE


CLIMATE REPORT
NATIONAL WEATHER SERVICE SIOUX FALLS SD
432 PM CST SUN JAN 7 2018


...................................

...THE MITCHELL SD CLIMATE SUMMARY FOR JANUARY 7 2018...
VALID TODAY AS OF 0400 PM LOCAL TIME.

CLIMATE NORMAL PERIOD 1981 TO 2010
CLIMATE RECORD PERIOD 1893 TO 2018


WEATHER ITEM   OBSERVED TIME   RECORD YEAR NORMAL DEPARTURE LAST
                VALUE   (LST)  VALUE       VALUE  FROM      YEAR
                                                  NORMAL
..................................................................
TEMPERATURE (F)
 TODAY
  MAXIMUM         39    321 PM  60    2003  27     12       11
  MINIMUM         18    221 AM -28    1912  10      8       -4
  AVERAGE         29                        18     11        4

PRECIPITATION (IN)
  TODAY            0.00          0.20 1967   0.01  -0.01     0.00
                                      1903
  MONTH TO DATE    T                         0.05  -0.05     0.02
  SINCE DEC 1      0.62                      0.50   0.12     1.13
  SINCE JAN 1      T                         0.05  -0.05     0.02

SNOWFALL (IN)
  TODAY            0.0           6.0  1967  MM     MM        0.0
  MONTH TO DATE    T                        MM     MM        0.2
  SINCE DEC 1     10.5                      MM     MM        8.3
  SINCE JUL 1     11.7                      MM     MM       13.8
  SNOW DEPTH       5

DEGREE DAYS
 HEATING
  TODAY           36                        47    -11       61
  MONTH TO DATE  400                       326     74      390
  SINCE DEC 1   1694                      1693      1     1778
  SINCE JUL 1   3083                      3261   -178     2872

 COOLING
  TODAY            0                         0      0        0
  MONTH TO DATE    0                         0      0        0
  SINCE DEC 1      0                         0      0        0
  SINCE JAN 1      0                         0      0        0
..................................................................


WIND (MPH)
  HIGHEST WIND SPEED    22   HIGHEST WIND DIRECTION    NW (320)
  HIGHEST GUST SPEED    27   HIGHEST GUST DIRECTION    NW (330)
  AVERAGE WIND SPEED    10.5


SKY COVER
  POSSIBLE SUNSHINE  MM
  AVERAGE SKY COVER 0.3


WEATHER CONDITIONS
 THE FOLLOWING WEATHER WAS RECORDED TODAY.
  FOG


RELATIVE HUMIDITY (PERCENT)
 HIGHEST    92           900 AM
 LOWEST     76          1100 AM
 AVERAGE    84

..........................................................


THE MITCHELL SD CLIMATE NORMALS FOR TOMORROW
                         NORMAL    RECORD    YEAR
 MAXIMUM TEMPERATURE (F)   27        60      2003
                                             1963
                                             1958
 MINIMUM TEMPERATURE (F)   10       -27      1906


SUNRISE AND SUNSET
JANUARY  7 2018.......SUNRISE   806 AM CST   SUNSET   512 PM CST
JANUARY  8 2018.......SUNRISE   805 AM CST   SUNSET   513 PM CST


-  INDICATES NEGATIVE NUMBERS.
R  INDICATES RECORD WAS SET OR TIED.
MM INDICATES DATA IS MISSING.
T  INDICATES TRACE AMOUNT.




$$
