000
CDUS43 KFSD 082230
CLIMHE


CLIMATE REPORT
NATIONAL WEATHER SERVICE SIOUX FALLS SD
428 PM CST WED NOV 8 2017


...................................

...THE MITCHELL SD CLIMATE SUMMARY FOR NOVEMBER 8 2017...
VALID TODAY AS OF 0400 PM LOCAL TIME.

CLIMATE NORMAL PERIOD 1981 TO 2010
CLIMATE RECORD PERIOD 1893 TO 2017


WEATHER ITEM   OBSERVED TIME   RECORD YEAR NORMAL DEPARTURE LAST
                VALUE   (LST)  VALUE       VALUE  FROM      YEAR
                                                  NORMAL
..................................................................
TEMPERATURE (F)
 TODAY
  MAXIMUM         48    317 PM  82    1999  49     -1       59
  MINIMUM         19    802 AM  -9    1991  28     -9       34
  AVERAGE         34                        39     -5       47

PRECIPITATION (IN)
  TODAY            0.00          0.50 1950   0.03  -0.03     0.00
  MONTH TO DATE    0.10                      0.32  -0.22      T
  SINCE SEP 1      5.78                      4.26   1.52     4.10
  SINCE JAN 1     19.60                     20.61  -1.01    23.51

SNOWFALL (IN)
  TODAY            0.0           1.5  1983  MM     MM        0.0
  MONTH TO DATE    1.2                      MM     MM        0.0
  SINCE SEP 1      1.2                      MM     MM         T
  SINCE JUL 1      1.2                      MM     MM         T
  SNOW DEPTH       T

DEGREE DAYS
 HEATING
  TODAY           31                        26      5       18
  MONTH TO DATE  249                       195     54       87
  SINCE SEP 1    787                       819    -32      530
  SINCE JUL 1    789                       836    -47      538

 COOLING
  TODAY            0                         0      0        0
  MONTH TO DATE    0                         0      0        0
  SINCE SEP 1    120                        79     41      104
  SINCE JAN 1    890                       824     66     1036
..................................................................


WIND (MPH)
  HIGHEST WIND SPEED    10   HIGHEST WIND DIRECTION    SW (210)
  HIGHEST GUST SPEED    14   HIGHEST GUST DIRECTION     S (190)
  AVERAGE WIND SPEED     6.8


SKY COVER
  POSSIBLE SUNSHINE  MM
  AVERAGE SKY COVER 0.0


WEATHER CONDITIONS
 THE FOLLOWING WEATHER WAS RECORDED TODAY.
  NO SIGNIFICANT WEATHER WAS OBSERVED.


RELATIVE HUMIDITY (PERCENT)
 HIGHEST    92          1200 AM
 LOWEST     53           300 PM
 AVERAGE    73

..........................................................


THE MITCHELL SD CLIMATE NORMALS FOR TOMORROW
                         NORMAL    RECORD    YEAR
 MAXIMUM TEMPERATURE (F)   49        74      1999
                                             1937
 MINIMUM TEMPERATURE (F)   28         4      1945


SUNRISE AND SUNSET
NOVEMBER  8 2017......SUNRISE   718 AM CST   SUNSET   514 PM CST
NOVEMBER  9 2017......SUNRISE   719 AM CST   SUNSET   512 PM CST


-  INDICATES NEGATIVE NUMBERS.
R  INDICATES RECORD WAS SET OR TIED.
MM INDICATES DATA IS MISSING.
T  INDICATES TRACE AMOUNT.




$$
