000
CDUS43 KFSD 070641
CLIMHE


CLIMATE REPORT
NATIONAL WEATHER SERVICE SIOUX FALLS SD
1240 AM CST FRI NOV 7 2014


...................................

...THE MITCHELL SD CLIMATE SUMMARY FOR NOVEMBER 6 2014...

CLIMATE NORMAL PERIOD 1981 TO 2010
CLIMATE RECORD PERIOD 1893 TO 2014


WEATHER ITEM   OBSERVED TIME   RECORD YEAR NORMAL DEPARTURE LAST
                VALUE   (LST)  VALUE       VALUE  FROM      YEAR
                                                  NORMAL
..................................................................
TEMPERATURE (F)
 YESTERDAY
  MAXIMUM         54    438 PM  78    1909  51      3       34
  MINIMUM         29    734 AM  -1    1959  29      0       23
  AVERAGE         42                        40      2       29

PRECIPITATION (IN)
  YESTERDAY        0.00          0.58 1947   0.03  -0.03     0.00
  MONTH TO DATE    0.14                      0.26  -0.12     0.29
  SINCE SEP 1      2.52                      4.20  -1.68     7.07
  SINCE JAN 1     17.62                     20.55  -2.93    25.56

SNOWFALL (IN)
  YESTERDAY        0.0           3.0  1947  MM     MM        0.0
  MONTH TO DATE    0.0                      MM     MM        2.6
  SINCE SEP 1      0.0                      MM     MM        2.6
  SINCE JUL 1      0.0                      MM     MM        2.6
  SNOW DEPTH       0

DEGREE DAYS
 HEATING
  YESTERDAY       23                        25     -2       36
  MONTH TO DATE  113                       143    -30      146
  SINCE SEP 1    641                       767   -126      706
  SINCE JUL 1    653                       784   -131      729

 COOLING
  YESTERDAY        0                         0      0        0
  MONTH TO DATE    0                         0      0        0
  SINCE SEP 1     78                        79     -1      165
  SINCE JAN 1    724                       824   -100      946
..................................................................


WIND (MPH)
  HIGHEST WIND SPEED    21   HIGHEST WIND DIRECTION     N (340)
  HIGHEST GUST SPEED    25   HIGHEST GUST DIRECTION     N (340)
  AVERAGE WIND SPEED     8.5


SKY COVER
  POSSIBLE SUNSHINE  MM
  AVERAGE SKY COVER 0.1


WEATHER CONDITIONS
 THE FOLLOWING WEATHER WAS RECORDED YESTERDAY.
  NO SIGNIFICANT WEATHER WAS OBSERVED.


RELATIVE HUMIDITY (PERCENT)
 HIGHEST    92           700 AM
 LOWEST     35           400 PM
 AVERAGE    64

..........................................................


THE MITCHELL SD CLIMATE NORMALS FOR TODAY
                         NORMAL    RECORD    YEAR
 MAXIMUM TEMPERATURE (F)   50        77      1999
 MINIMUM TEMPERATURE (F)   29       -11      1991


SUNRISE AND SUNSET
NOVEMBER  7 2014......SUNRISE   716 AM CST   SUNSET   515 PM CST
NOVEMBER  8 2014......SUNRISE   717 AM CST   SUNSET   514 PM CST


-  INDICATES NEGATIVE NUMBERS.
R  INDICATES RECORD WAS SET OR TIED.
MM INDICATES DATA IS MISSING.
T  INDICATES TRACE AMOUNT.




$$
