000
CDUS43 KFSD 150636
CLIMHE


CLIMATE REPORT
NATIONAL WEATHER SERVICE SIOUX FALLS SD
134 AM CDT TUE JUL 15 2014


...................................

...THE MITCHELL SD CLIMATE SUMMARY FOR JULY 14 2014...

CLIMATE NORMAL PERIOD 1981 TO 2010
CLIMATE RECORD PERIOD 1893 TO 2014


WEATHER ITEM   OBSERVED TIME   RECORD YEAR NORMAL DEPARTURE LAST
                VALUE   (LST)  VALUE       VALUE  FROM      YEAR
                                                  NORMAL
..................................................................
TEMPERATURE (F)
 YESTERDAY
  MAXIMUM         72    422 PM 105    1931  87    -15       80
  MINIMUM         53   1159 PM  40    1900  63    -10       71
  AVERAGE         63                        75    -12       76

PRECIPITATION (IN)
  YESTERDAY        0.00          4.35 1929   0.10  -0.10     0.85
  MONTH TO DATE    0.48                      1.52  -1.04     2.95
  SINCE JUN 1      4.67                      5.65  -0.98     5.09
  SINCE JAN 1      9.40                     12.38  -2.98    15.04

SNOWFALL (IN)
  YESTERDAY        0.0           0.0    MM  MM     MM        0.0
  MONTH TO DATE    0.0                      MM     MM        0.0
  SINCE JUN 1      0.0                      MM     MM        0.0
  SINCE JUL 1      0.0                      MM     MM        0.0
  SNOW DEPTH       0

DEGREE DAYS
 HEATING
  YESTERDAY        2                         0      2        0
  MONTH TO DATE    5                         0      5        0
  SINCE JUN 1     31                        35     -4       50
  SINCE JUL 1      5                         0      5        0

 COOLING
  YESTERDAY        0                        10    -10       11
  MONTH TO DATE  105                       138    -33      167
  SINCE JUN 1    263                       308    -45      334
  SINCE JAN 1    341                       348     -7      391
..................................................................


WIND (MPH)
  HIGHEST WIND SPEED    24   HIGHEST WIND DIRECTION     N (340)
  HIGHEST GUST SPEED    32   HIGHEST GUST DIRECTION    NW (330)
  AVERAGE WIND SPEED    13.7


SKY COVER
  POSSIBLE SUNSHINE  MM
  AVERAGE SKY COVER 0.2


WEATHER CONDITIONS
 THE FOLLOWING WEATHER WAS RECORDED YESTERDAY.
  NO SIGNIFICANT WEATHER WAS OBSERVED.


RELATIVE HUMIDITY (PERCENT)
 HIGHEST    83           600 AM
 LOWEST     44           200 PM
 AVERAGE    64

..........................................................


THE MITCHELL SD CLIMATE NORMALS FOR TODAY
                         NORMAL    RECORD    YEAR
 MAXIMUM TEMPERATURE (F)   87       109      1936
 MINIMUM TEMPERATURE (F)   63        40      1912


SUNRISE AND SUNSET
JULY 15 2014..........SUNRISE   604 AM CDT   SUNSET   912 PM CDT
JULY 16 2014..........SUNRISE   605 AM CDT   SUNSET   911 PM CDT


-  INDICATES NEGATIVE NUMBERS.
R  INDICATES RECORD WAS SET OR TIED.
MM INDICATES DATA IS MISSING.
T  INDICATES TRACE AMOUNT.




$$
