000
CDUS43 KFSD 010644
CLIMHE


CLIMATE REPORT
NATIONAL WEATHER SERVICE SIOUX FALLS SD
144 AM CDT FRI JUL 1 2016


...................................

...THE MITCHELL SD CLIMATE SUMMARY FOR JUNE 30 2016...

CLIMATE NORMAL PERIOD 1981 TO 2010
CLIMATE RECORD PERIOD 1893 TO 2016


WEATHER ITEM   OBSERVED TIME   RECORD YEAR NORMAL DEPARTURE LAST
                VALUE   (LST)  VALUE       VALUE  FROM      YEAR
                                                  NORMAL
..................................................................
TEMPERATURE (F)
 YESTERDAY
  MAXIMUM         83    223 PM 105    1931  86     -3       73
  MINIMUM         55   1159 PM  45    1924  62     -7       67
  AVERAGE         69                        74     -5       70

PRECIPITATION (IN)
  YESTERDAY        0.00          1.25 1905   0.10  -0.10     0.61
  MONTH TO DATE    2.04                      4.13  -2.09     3.91
  SINCE JUN 1      2.04                      4.13  -2.09     3.91
  SINCE JAN 1     14.56                     10.86   3.70    11.00

SNOWFALL (IN)
  YESTERDAY        0.0           0.0    MM  MM     MM        0.0
  MONTH TO DATE    0.0                      MM     MM        0.0
  SINCE JUN 1      0.0                      MM     MM        0.0
  SINCE JUL 1     46.3                      MM     MM       22.6
  SNOW DEPTH       0

DEGREE DAYS
 HEATING
  YESTERDAY        0                         0      0        0
  MONTH TO DATE    4                        33    -29        3
  SINCE JUN 1      4                        35    -31        3
  SINCE JUL 1   6149                      7245  -1096     6876

 COOLING
  YESTERDAY        4                         9     -5        5
  MONTH TO DATE  284                       170    114      197
  SINCE JUN 1    284                       170    114      197
  SINCE JAN 1    328                       210    118      228
..................................................................


WIND (MPH)
  HIGHEST WIND SPEED    22   HIGHEST WIND DIRECTION     N (20)
  HIGHEST GUST SPEED    32   HIGHEST GUST DIRECTION     N (350)
  AVERAGE WIND SPEED    10.2


SKY COVER
  POSSIBLE SUNSHINE  MM
  AVERAGE SKY COVER 0.1


WEATHER CONDITIONS
 THE FOLLOWING WEATHER WAS RECORDED YESTERDAY.
  NO SIGNIFICANT WEATHER WAS OBSERVED.


RELATIVE HUMIDITY (PERCENT)
 HIGHEST    87           200 AM
 LOWEST     31           700 PM
 AVERAGE    59

..........................................................


THE MITCHELL SD CLIMATE NORMALS FOR TODAY
                         NORMAL    RECORD    YEAR
 MAXIMUM TEMPERATURE (F)   86       100      1900
 MINIMUM TEMPERATURE (F)   62        44      1930
                                             1904


SUNRISE AND SUNSET
JULY  1 2016..........SUNRISE   554 AM CDT   SUNSET   918 PM CDT
JULY  2 2016..........SUNRISE   555 AM CDT   SUNSET   918 PM CDT


-  INDICATES NEGATIVE NUMBERS.
R  INDICATES RECORD WAS SET OR TIED.
MM INDICATES DATA IS MISSING.
T  INDICATES TRACE AMOUNT.




$$
