000
CDUS43 KFSD 140630
CLIMHE


CLIMATE REPORT
NATIONAL WEATHER SERVICE SIOUX FALLS SD
130 AM CDT SUN MAY 14 2017


...................................

...THE MITCHELL SD CLIMATE SUMMARY FOR MAY 13 2017...

CLIMATE NORMAL PERIOD 1981 TO 2010
CLIMATE RECORD PERIOD 1893 TO 2017


WEATHER ITEM   OBSERVED TIME   RECORD YEAR NORMAL DEPARTURE LAST
                VALUE   (LST)  VALUE       VALUE  FROM      YEAR
                                                  NORMAL
..................................................................
TEMPERATURE (F)
 YESTERDAY
  MAXIMUM         84        MM  94    1894  70     14       50
  MINIMUM         57        MM  26    1943  47     10       38
                                      1899
  AVERAGE         71                        59     12       44

PRECIPITATION (IN)
  YESTERDAY        0.00          4.60 1908   0.07  -0.07     0.02
  MONTH TO DATE    0.30                      1.01  -0.71     0.98
  SINCE MAR 1      3.81                      4.25  -0.44     7.71
  SINCE JAN 1      4.97                      4.81   0.16     8.94

SNOWFALL (IN)
  YESTERDAY        0.0           0.0    MM  MM     MM        0.0
  MONTH TO DATE    0.0                      MM     MM        0.0
  SINCE MAR 1      5.2                      MM     MM        3.9
  SINCE JUL 1     30.6                      MM     MM       46.3
  SNOW DEPTH       0

DEGREE DAYS
 HEATING
  YESTERDAY        0                         7     -7       21
  MONTH TO DATE   73                       117    -44       94
  SINCE MAR 1   1418                      1595   -177     1287
  SINCE JUL 1   6152                      7117   -965     6076

 COOLING
  YESTERDAY        6                         1      5        0
  MONTH TO DATE   14                        10      4        8
  SINCE MAR 1     14                        12      2       12
  SINCE JAN 1     14                        12      2       12
..................................................................


WIND (MPH)
  HIGHEST WIND SPEED    22   HIGHEST WIND DIRECTION     S (190)
  HIGHEST GUST SPEED    32   HIGHEST GUST DIRECTION     S (170)
  AVERAGE WIND SPEED    14.3


SKY COVER
  POSSIBLE SUNSHINE  MM
  AVERAGE SKY COVER 0.0


WEATHER CONDITIONS
 THE FOLLOWING WEATHER WAS RECORDED YESTERDAY.
  NO SIGNIFICANT WEATHER WAS OBSERVED.


RELATIVE HUMIDITY (PERCENT)
 HIGHEST    57           600 AM
 LOWEST     20           400 PM
 AVERAGE    39

..........................................................


THE MITCHELL SD CLIMATE NORMALS FOR TODAY
                         NORMAL    RECORD    YEAR
 MAXIMUM TEMPERATURE (F)   71        96      1941
                                             1932
                                             1894
 MINIMUM TEMPERATURE (F)   47        28      1953


SUNRISE AND SUNSET
MAY 14 2017...........SUNRISE   608 AM CDT   SUNSET   850 PM CDT
MAY 15 2017...........SUNRISE   606 AM CDT   SUNSET   851 PM CDT


-  INDICATES NEGATIVE NUMBERS.
R  INDICATES RECORD WAS SET OR TIED.
MM INDICATES DATA IS MISSING.
T  INDICATES TRACE AMOUNT.




$$
