000
CDUS43 KFSD 070629
CLIMHE


CLIMATE REPORT
NATIONAL WEATHER SERVICE SIOUX FALLS SD
127 AM CDT MON AUG 7 2017


...................................

...THE MITCHELL SD CLIMATE SUMMARY FOR AUGUST 6 2017...

CLIMATE NORMAL PERIOD 1981 TO 2010
CLIMATE RECORD PERIOD 1893 TO 2017


WEATHER ITEM   OBSERVED TIME   RECORD YEAR NORMAL DEPARTURE LAST
                VALUE   (LST)  VALUE       VALUE  FROM      YEAR
                                                  NORMAL
..................................................................
TEMPERATURE (F)
 YESTERDAY
  MAXIMUM         75    511 PM 103    1933  85    -10       85
  MINIMUM         58   1108 PM  45    1902  62     -4       54
  AVERAGE         67                        73     -6       70

PRECIPITATION (IN)
  YESTERDAY        0.00          1.20 2014   0.08  -0.08     0.00
  MONTH TO DATE    0.19                      0.41  -0.22     0.41
  SINCE JUN 1      3.96                      7.65  -3.69     3.99
  SINCE JAN 1     10.98                     14.38  -3.40    16.51

SNOWFALL (IN)
  YESTERDAY        0.0           0.0    MM  MM     MM        0.0
  MONTH TO DATE    0.0                      MM     MM        0.0
  SINCE JUN 1      0.0                      MM     MM        0.0
  SINCE JUL 1      0.0                      MM     MM        0.0
  SNOW DEPTH       0

DEGREE DAYS
 HEATING
  YESTERDAY        0                         0      0        0
  MONTH TO DATE    1                         0      1        0
  SINCE JUN 1     13                        40    -27        7
  SINCE JUL 1      1                         5     -4        3

 COOLING
  YESTERDAY        2                         9     -7        5
  MONTH TO DATE   17                        54    -37       58
  SINCE JUN 1    629                       532     97      673
  SINCE JAN 1    661                       572     89      717
..................................................................


WIND (MPH)
  HIGHEST WIND SPEED    10   HIGHEST WIND DIRECTION    NE (40)
  HIGHEST GUST SPEED    12   HIGHEST GUST DIRECTION     E (90)
  AVERAGE WIND SPEED     5.0


SKY COVER
  POSSIBLE SUNSHINE  MM
  AVERAGE SKY COVER 0.7


WEATHER CONDITIONS
 THE FOLLOWING WEATHER WAS RECORDED YESTERDAY.
  NO SIGNIFICANT WEATHER WAS OBSERVED.


RELATIVE HUMIDITY (PERCENT)
 HIGHEST    97           200 AM
 LOWEST     57           500 PM
 AVERAGE    77

..........................................................


THE MITCHELL SD CLIMATE NORMALS FOR TODAY
                         NORMAL    RECORD    YEAR
 MAXIMUM TEMPERATURE (F)   85       105      1980
 MINIMUM TEMPERATURE (F)   62        47      1921


SUNRISE AND SUNSET
AUGUST  7 2017........SUNRISE   628 AM CDT   SUNSET   847 PM CDT
AUGUST  8 2017........SUNRISE   629 AM CDT   SUNSET   846 PM CDT


-  INDICATES NEGATIVE NUMBERS.
R  INDICATES RECORD WAS SET OR TIED.
MM INDICATES DATA IS MISSING.
T  INDICATES TRACE AMOUNT.




$$
