206
CDUS43 KFSD 130641
CLIMHE


CLIMATE REPORT
NATIONAL WEATHER SERVICE SIOUX FALLS SD
139 AM CDT MON MAR 13 2017


...................................

...THE MITCHELL SD CLIMATE SUMMARY FOR MARCH 12 2017...

CLIMATE NORMAL PERIOD 1981 TO 2010
CLIMATE RECORD PERIOD 1893 TO 2017


WEATHER ITEM   OBSERVED TIME   RECORD YEAR NORMAL DEPARTURE LAST
                VALUE   (LST)  VALUE       VALUE  FROM      YEAR
                                                  NORMAL
..................................................................
TEMPERATURE (F)
 YESTERDAY
  MAXIMUM         25    418 PM  78    2015  43    -18       69
  MINIMUM         18   1159 PM -23    1956  22     -4       38
  AVERAGE         22                        32    -10       54

PRECIPITATION (IN)
  YESTERDAY        0.22          0.60 1976   0.03   0.19     0.00
  MONTH TO DATE    0.31                      0.31   0.00      T
  SINCE MAR 1      0.31                      0.31   0.00      T
  SINCE JAN 1      1.47                      0.87   0.60     1.23

SNOWFALL (IN)
  YESTERDAY        2.2           5.0  1954  MM     MM        0.0
  MONTH TO DATE    3.2                      MM     MM         T
  SINCE MAR 1      3.2                      MM     MM         T
  SINCE JUL 1     28.6                      MM     MM       42.4
  SNOW DEPTH       T

DEGREE DAYS
 HEATING
  YESTERDAY       43                        33     10       11
  MONTH TO DATE  404                       415    -11      280
  SINCE MAR 1    404                       415    -11      280
  SINCE JUL 1   5138                      5937   -799     5069

 COOLING
  YESTERDAY        0                         0      0        0
  MONTH TO DATE    0                         0      0        0
  SINCE MAR 1      0                         0      0        0
  SINCE JAN 1      0                         0      0        0
..................................................................


WIND (MPH)
  HIGHEST WIND SPEED    33   HIGHEST WIND DIRECTION    SE (130)
  HIGHEST GUST SPEED    40   HIGHEST GUST DIRECTION    SE (130)
  AVERAGE WIND SPEED    18.4


SKY COVER
  POSSIBLE SUNSHINE  MM
  AVERAGE SKY COVER 1.0


WEATHER CONDITIONS
 THE FOLLOWING WEATHER WAS RECORDED YESTERDAY.
  HEAVY SNOW
  SNOW
  LIGHT SNOW
  FOG
  FOG W/VISIBILITY <= 1/4 MILE


RELATIVE HUMIDITY (PERCENT)
 HIGHEST    92           600 PM
 LOWEST     73          1200 AM
 AVERAGE    83

..........................................................


THE MITCHELL SD CLIMATE NORMALS FOR TODAY
                         NORMAL    RECORD    YEAR
 MAXIMUM TEMPERATURE (F)   43        82      2012
 MINIMUM TEMPERATURE (F)   23       -10      1896


SUNRISE AND SUNSET
MARCH 13 2017.........SUNRISE   747 AM CDT   SUNSET   736 PM CDT
MARCH 14 2017.........SUNRISE   746 AM CDT   SUNSET   738 PM CDT


-  INDICATES NEGATIVE NUMBERS.
R  INDICATES RECORD WAS SET OR TIED.
MM INDICATES DATA IS MISSING.
T  INDICATES TRACE AMOUNT.




$$
