000
CDUS43 KFSD 142227
CLIMHE


CLIMATE REPORT
NATIONAL WEATHER SERVICE SIOUX FALLS SD
426 PM CST MON NOV 14 2016


...................................

...THE MITCHELL SD CLIMATE SUMMARY FOR NOVEMBER 14 2016...
VALID TODAY AS OF 0400 PM LOCAL TIME.

CLIMATE NORMAL PERIOD 1981 TO 2010
CLIMATE RECORD PERIOD 1893 TO 2016


WEATHER ITEM   OBSERVED TIME   RECORD YEAR NORMAL DEPARTURE LAST
                VALUE   (LST)  VALUE       VALUE  FROM      YEAR
                                                  NORMAL
..................................................................
TEMPERATURE (F)
 TODAY
  MAXIMUM         58    317 PM  75    1953  45     13       67
  MINIMUM         33    758 AM -22    1959  25      8       30
  AVERAGE         46                        35     11       49

PRECIPITATION (IN)
  TODAY            0.00          0.46 1928   0.03  -0.03     0.00
  MONTH TO DATE    T                         0.49  -0.49     0.17
  SINCE SEP 1      4.10                      4.43  -0.33     3.21
  SINCE JAN 1     23.51                     20.78   2.73    20.14

SNOWFALL (IN)
  TODAY            0.0           4.5  1927  MM     MM        0.0
  MONTH TO DATE    0.0                      MM     MM        0.0
  SINCE SEP 1      T                        MM     MM         T
  SINCE JUL 1      T                        MM     MM         T
  SNOW DEPTH       0

DEGREE DAYS
 HEATING
  TODAY           19                        30    -11       16
  MONTH TO DATE  183                       366   -183      238
  SINCE SEP 1    626                       990   -364      632
  SINCE JUL 1    634                      1007   -373      660

 COOLING
  TODAY            0                         0      0        0
  MONTH TO DATE    0                         0      0        0
  SINCE SEP 1    104                        79     25      170
  SINCE JAN 1   1036                       824    212      894
..................................................................


WIND (MPH)
  HIGHEST WIND SPEED     9   HIGHEST WIND DIRECTION    NW (310)
  HIGHEST GUST SPEED    11   HIGHEST GUST DIRECTION    NW (320)
  AVERAGE WIND SPEED     4.5


SKY COVER
  POSSIBLE SUNSHINE  MM
  AVERAGE SKY COVER 0.0


WEATHER CONDITIONS
 THE FOLLOWING WEATHER WAS RECORDED TODAY.
  NO SIGNIFICANT WEATHER WAS OBSERVED.


RELATIVE HUMIDITY (PERCENT)
 HIGHEST   100           500 AM
 LOWEST     55           300 PM
 AVERAGE    78

..........................................................


THE MITCHELL SD CLIMATE NORMALS FOR TOMORROW
                         NORMAL    RECORD    YEAR
 MAXIMUM TEMPERATURE (F)   45        81      1953
 MINIMUM TEMPERATURE (F)   24         0      1940


SUNRISE AND SUNSET
NOVEMBER 14 2016......SUNRISE   726 AM CST   SUNSET   507 PM CST
NOVEMBER 15 2016......SUNRISE   727 AM CST   SUNSET   506 PM CST


-  INDICATES NEGATIVE NUMBERS.
R  INDICATES RECORD WAS SET OR TIED.
MM INDICATES DATA IS MISSING.
T  INDICATES TRACE AMOUNT.




$$
