051
CDUS43 KFSD 110646
CLIMHE


CLIMATE REPORT
NATIONAL WEATHER SERVICE SIOUX FALLS SD
145 AM CDT SUN JUN 11 2017


...................................

...THE MITCHELL SD CLIMATE SUMMARY FOR JUNE 10 2017...

CLIMATE NORMAL PERIOD 1981 TO 2010
CLIMATE RECORD PERIOD 1893 TO 2017


WEATHER ITEM   OBSERVED TIME   RECORD YEAR NORMAL DEPARTURE LAST
                VALUE   (LST)  VALUE       VALUE  FROM      YEAR
                                                  NORMAL
..................................................................
TEMPERATURE (F)
 YESTERDAY
  MAXIMUM         92    358 PM 109    1933  79     13       95
  MINIMUM         71   1040 PM  37    1928  57     14       71
  AVERAGE         82                        68     14       83

PRECIPITATION (IN)
  YESTERDAY        0.00          2.12 2010   0.17  -0.17     0.00
  MONTH TO DATE    T                         1.50  -1.50     0.31
  SINCE JUN 1      T                         1.50  -1.50     0.31
  SINCE JAN 1      7.02                      8.23  -1.21    12.83

SNOWFALL (IN)
  YESTERDAY        0.0           0.0    MM  MM     MM        0.0
  MONTH TO DATE    0.0                      MM     MM        0.0
  SINCE JUN 1      0.0                      MM     MM        0.0
  SINCE JUL 1     30.6                      MM     MM       46.3
  SNOW DEPTH       0

DEGREE DAYS
 HEATING
  YESTERDAY        0                         1     -1        0
  MONTH TO DATE    0                        22    -22        4
  SINCE JUN 1      0                        22    -22        4
  SINCE JUL 1   6283                      7232   -949     6149

 COOLING
  YESTERDAY       17                         4     13       18
  MONTH TO DATE  104                        32     72       62
  SINCE JUN 1    104                        32     72       62
  SINCE JAN 1    136                        72     64      106
..................................................................


WIND (MPH)
  HIGHEST WIND SPEED    25   HIGHEST WIND DIRECTION     W (260)
  HIGHEST GUST SPEED    32   HIGHEST GUST DIRECTION     W (260)
  AVERAGE WIND SPEED    11.9


SKY COVER
  POSSIBLE SUNSHINE  MM
  AVERAGE SKY COVER 0.0


WEATHER CONDITIONS
 THE FOLLOWING WEATHER WAS RECORDED YESTERDAY.
  NO SIGNIFICANT WEATHER WAS OBSERVED.


RELATIVE HUMIDITY (PERCENT)
 HIGHEST    69           600 AM
 LOWEST     26           400 PM
 AVERAGE    48

..........................................................


THE MITCHELL SD CLIMATE NORMALS FOR TODAY
                         NORMAL    RECORD    YEAR
 MAXIMUM TEMPERATURE (F)   79       100      2016
 MINIMUM TEMPERATURE (F)   57        36      1903


SUNRISE AND SUNSET
JUNE 11 2017..........SUNRISE   550 AM CDT   SUNSET   914 PM CDT
JUNE 12 2017..........SUNRISE   550 AM CDT   SUNSET   915 PM CDT


-  INDICATES NEGATIVE NUMBERS.
R  INDICATES RECORD WAS SET OR TIED.
MM INDICATES DATA IS MISSING.
T  INDICATES TRACE AMOUNT.




$$
