000
CDUS43 KFSD 040028
CLIMHE


CLIMATE REPORT
NATIONAL WEATHER SERVICE SIOUX FALLS SD
725 PM CDT THU APR 3 2014


...................................

...THE MITCHELL SD CLIMATE SUMMARY FOR APRIL 3 2014...
VALID AS OF 0700 PM LOCAL TIME.

CLIMATE NORMAL PERIOD 1981 TO 2010
CLIMATE RECORD PERIOD 1893 TO 2014


WEATHER ITEM   OBSERVED TIME   RECORD YEAR NORMAL DEPARTURE LAST
                VALUE   (LST)  VALUE       VALUE  FROM      YEAR
                                                  NORMAL
..................................................................
TEMPERATURE (F)
 TODAY
  MAXIMUM         36    502 PM  82    1910  54    -18       69
  MINIMUM         33    737 AM   2    1936  30      3       29
  AVERAGE         35                        42     -7       49

PRECIPITATION (IN)
  TODAY            T             1.44 1897   0.02  -0.02     0.00
  MONTH TO DATE    T                         0.07  -0.07     0.00
  SINCE MAR 1      1.04                      1.13  -0.09     0.80
  SINCE JAN 1      1.54                      1.69  -0.15     2.37

SNOWFALL (IN)
  TODAY            0.0           6.0  1937  MM     MM        0.0
  MONTH TO DATE    T                        MM     MM        0.0
  SINCE MAR 1      8.6                      MM     MM        3.4
  SINCE JUL 1     30.8                      MM     MM       31.3
  SNOW DEPTH       0

DEGREE DAYS
 HEATING
  TODAY           30                        23      7       16
  MONTH TO DATE  105                        71     34       83
  SINCE MAR 1   1151                      1029    122     1222
  SINCE JUL 1   7101                      6551    550     6687

 COOLING
  TODAY            0                         0      0        0
  MONTH TO DATE    0                         0      0        0
  SINCE MAR 1      0                         0      0        0
  SINCE JAN 1      0                         0      0        0
..................................................................


WIND (MPH)
  HIGHEST WIND SPEED    22   HIGHEST WIND DIRECTION     N (340)
  HIGHEST GUST SPEED    28   HIGHEST GUST DIRECTION     N (350)
  AVERAGE WIND SPEED    11.2


SKY COVER
  POSSIBLE SUNSHINE  MM
  AVERAGE SKY COVER 1.0


WEATHER CONDITIONS
 THE FOLLOWING WEATHER WAS RECORDED TODAY.
  LIGHT RAIN
  FOG


RELATIVE HUMIDITY (PERCENT)
 HIGHEST   100           200 AM
 LOWEST     82          1200 AM
 AVERAGE    91

..........................................................


THE MITCHELL SD CLIMATE NORMALS FOR TOMORROW
                         NORMAL    RECORD    YEAR
 MAXIMUM TEMPERATURE (F)   54        86      1929
 MINIMUM TEMPERATURE (F)   30         6      1899


SUNRISE AND SUNSET
APRIL  3 2014.........SUNRISE   710 AM CDT   SUNSET   801 PM CDT
APRIL  4 2014.........SUNRISE   708 AM CDT   SUNSET   803 PM CDT


-  INDICATES NEGATIVE NUMBERS.
R  INDICATES RECORD WAS SET OR TIED.
MM INDICATES DATA IS MISSING.
T  INDICATES TRACE AMOUNT.




$$
