000
CDUS43 KFSD 300646
CLIMHE


CLIMATE REPORT
NATIONAL WEATHER SERVICE SIOUX FALLS SD
143 AM CDT SAT SEP 30 2017


...................................

...THE MITCHELL SD CLIMATE SUMMARY FOR SEPTEMBER 29 2017...

CLIMATE NORMAL PERIOD 1981 TO 2010
CLIMATE RECORD PERIOD 1893 TO 2017


WEATHER ITEM   OBSERVED TIME   RECORD YEAR NORMAL DEPARTURE LAST
                VALUE   (LST)  VALUE       VALUE  FROM      YEAR
                                                  NORMAL
..................................................................
TEMPERATURE (F)
 YESTERDAY
  MAXIMUM         73    411 PM  92    1897  70      3       70
  MINIMUM         44    638 AM  11    1899  43      1       36
  AVERAGE         59                        57      2       53

PRECIPITATION (IN)
  YESTERDAY        0.00          0.53 2007   0.08  -0.08     0.00
  MONTH TO DATE    2.59                      2.25   0.34     2.15
  SINCE SEP 1      2.59                      2.25   0.34     2.15
  SINCE JAN 1     16.41                     18.60  -2.19    21.56

SNOWFALL (IN)
  YESTERDAY        0.0           0.0    MM  MM     MM        0.0
  MONTH TO DATE    0.0                      MM     MM        0.0
  SINCE SEP 1      0.0                      MM     MM        0.0
  SINCE JUL 1      0.0                      MM     MM        0.0
  SNOW DEPTH       0

DEGREE DAYS
 HEATING
  YESTERDAY        6                         9     -3       12
  MONTH TO DATE   90                       132    -42       71
  SINCE SEP 1     90                       132    -42       71
  SINCE JUL 1     92                       149    -57       79

 COOLING
  YESTERDAY        0                         1     -1        0
  MONTH TO DATE  113                        72     41       99
  SINCE SEP 1    113                        72     41       99
  SINCE JAN 1    883                       817     66     1031
..................................................................


WIND (MPH)
  HIGHEST WIND SPEED    15   HIGHEST WIND DIRECTION    SE (130)
  HIGHEST GUST SPEED    21   HIGHEST GUST DIRECTION    SE (130)
  AVERAGE WIND SPEED     7.2


SKY COVER
  POSSIBLE SUNSHINE  MM
  AVERAGE SKY COVER 0.0


WEATHER CONDITIONS
 THE FOLLOWING WEATHER WAS RECORDED YESTERDAY.
  NO SIGNIFICANT WEATHER WAS OBSERVED.


RELATIVE HUMIDITY (PERCENT)
 HIGHEST    93           200 AM
 LOWEST     38           100 PM
 AVERAGE    66

..........................................................


THE MITCHELL SD CLIMATE NORMALS FOR TODAY
                         NORMAL    RECORD    YEAR
 MAXIMUM TEMPERATURE (F)   70        93      1991
 MINIMUM TEMPERATURE (F)   43        14      1899


SUNRISE AND SUNSET
SEPTEMBER 30 2017.....SUNRISE   729 AM CDT   SUNSET   714 PM CDT
OCTOBER  1 2017.......SUNRISE   730 AM CDT   SUNSET   713 PM CDT


-  INDICATES NEGATIVE NUMBERS.
R  INDICATES RECORD WAS SET OR TIED.
MM INDICATES DATA IS MISSING.
T  INDICATES TRACE AMOUNT.




$$
