000
CDUS43 KFSD 100701
CLIMHE


CLIMATE REPORT
NATIONAL WEATHER SERVICE SIOUX FALLS SD
201 AM CDT WED SEP 10 2014


...................................

...THE MITCHELL SD CLIMATE SUMMARY FOR SEPTEMBER 9 2014...

CLIMATE NORMAL PERIOD 1981 TO 2010
CLIMATE RECORD PERIOD 1893 TO 2014


WEATHER ITEM   OBSERVED TIME   RECORD YEAR NORMAL DEPARTURE LAST
                VALUE   (LST)  VALUE       VALUE  FROM      YEAR
                                                  NORMAL
..................................................................
TEMPERATURE (F)
 YESTERDAY
  MAXIMUM         70    226 PM 105    1904  78     -8       91
  MINIMUM         55   1159 PM  31    1910  53      2       67
  AVERAGE         63                        66     -3       79

PRECIPITATION (IN)
  YESTERDAY       MM             1.17 1929   0.07  MM        0.11
  MONTH TO DATE    0.57                      0.73  -0.16     0.13
  SINCE SEP 1      0.57                      0.73  -0.16     0.13
  SINCE JAN 1     15.67                     17.08  -1.41    18.62

SNOWFALL (IN)
  YESTERDAY        0.0           0.0    MM  MM     MM        0.0
  MONTH TO DATE    0.0                      MM     MM        0.0
  SINCE SEP 1      0.0                      MM     MM        0.0
  SINCE JUL 1      0.0                      MM     MM        0.0
  SNOW DEPTH       0

DEGREE DAYS
 HEATING
  YESTERDAY        2                         3     -1        0
  MONTH TO DATE    8                        19    -11        1
  SINCE SEP 1      8                        19    -11        1
  SINCE JUL 1     20                        36    -16       24

 COOLING
  YESTERDAY        0                         3     -3       14
  MONTH TO DATE   26                        39    -13       92
  SINCE SEP 1     26                        39    -13       92
  SINCE JAN 1    672                       784   -112      873
..................................................................


WIND (MPH)
  HIGHEST WIND SPEED    22   HIGHEST WIND DIRECTION     N (10)
  HIGHEST GUST SPEED    29   HIGHEST GUST DIRECTION     N (350)
  AVERAGE WIND SPEED     9.2


SKY COVER
  POSSIBLE SUNSHINE  MM
  AVERAGE SKY COVER 0.9


WEATHER CONDITIONS
 THE FOLLOWING WEATHER WAS RECORDED YESTERDAY.
  THUNDERSTORM
  RAIN
  LIGHT RAIN
  FOG
  FOG W/VISIBILITY <= 1/4 MILE


RELATIVE HUMIDITY (PERCENT)
 HIGHEST   100           100 AM
 LOWEST     90           200 PM
 AVERAGE    95

..........................................................


THE MITCHELL SD CLIMATE NORMALS FOR TODAY
                         NORMAL    RECORD    YEAR
 MAXIMUM TEMPERATURE (F)   78       104      1931
 MINIMUM TEMPERATURE (F)   52        32      1940


SUNRISE AND SUNSET
SEPTEMBER 10 2014.....SUNRISE   706 AM CDT   SUNSET   752 PM CDT
SEPTEMBER 11 2014.....SUNRISE   707 AM CDT   SUNSET   750 PM CDT


-  INDICATES NEGATIVE NUMBERS.
R  INDICATES RECORD WAS SET OR TIED.
MM INDICATES DATA IS MISSING.
T  INDICATES TRACE AMOUNT.




$$
