000
CDUS43 KFSD 180020
CLIMHE


CLIMATE REPORT
NATIONAL WEATHER SERVICE SIOUX FALLS SD
720 PM CDT THU JUL 17 2014


...................................

...THE MITCHELL SD CLIMATE SUMMARY FOR JULY 17 2014...
VALID AS OF 0700 PM LOCAL TIME.

CLIMATE NORMAL PERIOD 1981 TO 2010
CLIMATE RECORD PERIOD 1893 TO 2014


WEATHER ITEM   OBSERVED TIME   RECORD YEAR NORMAL DEPARTURE LAST
                VALUE   (LST)  VALUE       VALUE  FROM      YEAR
                                                  NORMAL
..................................................................
TEMPERATURE (F)
 TODAY
  MAXIMUM         81    208 PM 113    1936  87     -6       91
  MINIMUM         61    533 AM  48    1906  63     -2       70
                                      1900
  AVERAGE         71                        75     -4       81

PRECIPITATION (IN)
  TODAY            0.00          1.92 1993   0.10  -0.10     0.00
  MONTH TO DATE    0.48                      1.82  -1.34     2.95
  SINCE JUN 1      4.67                      5.95  -1.28     5.09
  SINCE JAN 1      9.40                     12.68  -3.28    15.04

SNOWFALL (IN)
  TODAY            0.0           T    2010  MM     MM        0.0
  MONTH TO DATE    0.0                      MM     MM        0.0
  SINCE JUN 1      0.0                      MM     MM        0.0
  SINCE JUL 1      0.0                      MM     MM        0.0
  SNOW DEPTH       0

DEGREE DAYS
 HEATING
  TODAY            0                         0      0        0
  MONTH TO DATE    9                         0      9        0
  SINCE JUN 1     35                        35      0       50
  SINCE JUL 1      9                         0      9        0

 COOLING
  TODAY            6                        10     -4       16
  MONTH TO DATE  111                       168    -57      209
  SINCE JUN 1    269                       338    -69      376
  SINCE JAN 1    347                       378    -31      433
..................................................................


WIND (MPH)
  HIGHEST WIND SPEED    20   HIGHEST WIND DIRECTION    SE (150)
  HIGHEST GUST SPEED    25   HIGHEST GUST DIRECTION     S (170)
  AVERAGE WIND SPEED     9.3


SKY COVER
  POSSIBLE SUNSHINE  MM
  AVERAGE SKY COVER 0.5


WEATHER CONDITIONS
 THE FOLLOWING WEATHER WAS RECORDED TODAY.
  HAZE


RELATIVE HUMIDITY (PERCENT)
 HIGHEST    78           600 AM
 LOWEST     36           200 PM
 AVERAGE    57

..........................................................


THE MITCHELL SD CLIMATE NORMALS FOR TOMORROW
                         NORMAL    RECORD    YEAR
 MAXIMUM TEMPERATURE (F)   87       107      1936
                                             1926
 MINIMUM TEMPERATURE (F)   63        50      1922
                                             1900


SUNRISE AND SUNSET
JULY 17 2014..........SUNRISE   606 AM CDT   SUNSET   910 PM CDT
JULY 18 2014..........SUNRISE   607 AM CDT   SUNSET   909 PM CDT


-  INDICATES NEGATIVE NUMBERS.
R  INDICATES RECORD WAS SET OR TIED.
MM INDICATES DATA IS MISSING.
T  INDICATES TRACE AMOUNT.




$$
