000
CDUS43 KFSD 170639
CLIMHE


CLIMATE REPORT
NATIONAL WEATHER SERVICE SIOUX FALLS SD
1239 AM CST SAT JAN 17 2015


...................................

...THE MITCHELL SD CLIMATE SUMMARY FOR JANUARY 16 2015...

CLIMATE NORMAL PERIOD 1981 TO 2010
CLIMATE RECORD PERIOD 1893 TO 2015


WEATHER ITEM   OBSERVED TIME   RECORD YEAR NORMAL DEPARTURE LAST
                VALUE   (LST)  VALUE       VALUE  FROM      YEAR
                                                  NORMAL
..................................................................
TEMPERATURE (F)
 YESTERDAY
  MAXIMUM         38    418 PM  53    1974  28     10       39
  MINIMUM         15    835 AM -21    1953   9      6       12
  AVERAGE         27                        18      9       26

PRECIPITATION (IN)
  YESTERDAY        0.00          0.24 1985   0.01  -0.01      T
  MONTH TO DATE    0.34                      0.11   0.23     0.05
  SINCE DEC 1      1.56                      0.56   0.00     0.70
  SINCE JAN 1      0.34                      0.11   0.23     0.05

SNOWFALL (IN)
  YESTERDAY        0.0           4.0  1941  MM     MM         T
  MONTH TO DATE    4.7                      MM     MM        0.4
  SINCE DEC 1     12.4                      MM     MM       11.8
  SINCE JUL 1     18.0                      MM     MM       15.8
  SNOW DEPTH       5

DEGREE DAYS
 HEATING
  YESTERDAY       38                        46     -8       39
  MONTH TO DATE  858                       747    111      765
  SINCE DEC 1   2083                      2114    -31     2371
  SINCE JUL 1   3739                      3682     57     3879

 COOLING
  YESTERDAY        0                         0      0        0
  MONTH TO DATE    0                         0      0        0
  SINCE DEC 1      0                         0      0        0
  SINCE JAN 1      0                         0      0        0
..................................................................


WIND (MPH)
  HIGHEST WIND SPEED    10   HIGHEST WIND DIRECTION     S (170)
  HIGHEST GUST SPEED    12   HIGHEST GUST DIRECTION     W (270)
  AVERAGE WIND SPEED     4.2


SKY COVER
  POSSIBLE SUNSHINE  MM
  AVERAGE SKY COVER 0.0


WEATHER CONDITIONS
 THE FOLLOWING WEATHER WAS RECORDED YESTERDAY.
  FOG


RELATIVE HUMIDITY (PERCENT)
 HIGHEST   100          1000 PM
 LOWEST     64           300 PM
 AVERAGE    82

..........................................................


THE MITCHELL SD CLIMATE NORMALS FOR TODAY
                         NORMAL    RECORD    YEAR
 MAXIMUM TEMPERATURE (F)   28        59      1923
 MINIMUM TEMPERATURE (F)    9       -28      1930


SUNRISE AND SUNSET
JANUARY 17 2015.......SUNRISE   802 AM CST   SUNSET   523 PM CST
JANUARY 18 2015.......SUNRISE   801 AM CST   SUNSET   524 PM CST


-  INDICATES NEGATIVE NUMBERS.
R  INDICATES RECORD WAS SET OR TIED.
MM INDICATES DATA IS MISSING.
T  INDICATES TRACE AMOUNT.




$$
