000
CDUS43 KFSD 100633
CLIMHE


CLIMATE REPORT
NATIONAL WEATHER SERVICE SIOUX FALLS SD
1231 AM CST FRI NOV 10 2017


...................................

...THE MITCHELL SD CLIMATE SUMMARY FOR NOVEMBER 9 2017...

CLIMATE NORMAL PERIOD 1981 TO 2010
CLIMATE RECORD PERIOD 1893 TO 2017


WEATHER ITEM   OBSERVED TIME   RECORD YEAR NORMAL DEPARTURE LAST
                VALUE   (LST)  VALUE       VALUE  FROM      YEAR
                                                  NORMAL
..................................................................
TEMPERATURE (F)
 YESTERDAY
  MAXIMUM         25    344 PM  74    1999  49    -24       69
                                      1937
  MINIMUM         14    805 AM   4    1945  28    -14       34
  AVERAGE         20                        38    -18       52

PRECIPITATION (IN)
  YESTERDAY        0.00          1.36 1977   0.03  -0.03     0.00
  MONTH TO DATE    0.10                      0.35  -0.25      T
  SINCE SEP 1      5.78                      4.29   1.49     4.10
  SINCE JAN 1     19.60                     20.64  -1.04    23.51

SNOWFALL (IN)
  YESTERDAY        0.0           2.0  1977  MM     MM        0.0
                                      1946
                                      1903
  MONTH TO DATE    1.2                      MM     MM        0.0
  SINCE SEP 1      1.2                      MM     MM         T
  SINCE JUL 1      1.2                      MM     MM         T
  SNOW DEPTH       0

DEGREE DAYS
 HEATING
  YESTERDAY       45                        27     18       13
  MONTH TO DATE  294                       222     72      100
  SINCE SEP 1    832                       846    -14      543
  SINCE JUL 1    834                       863    -29      551

 COOLING
  YESTERDAY        0                         0      0        0
  MONTH TO DATE    0                         0      0        0
  SINCE SEP 1    120                        79     41      104
  SINCE JAN 1    890                       824     66     1036
..................................................................


WIND (MPH)
  HIGHEST WIND SPEED    23   HIGHEST WIND DIRECTION     N (360)
  HIGHEST GUST SPEED    27   HIGHEST GUST DIRECTION     N (360)
  AVERAGE WIND SPEED    10.9


SKY COVER
  POSSIBLE SUNSHINE  MM
  AVERAGE SKY COVER 0.2


WEATHER CONDITIONS
 THE FOLLOWING WEATHER WAS RECORDED YESTERDAY.
  NO SIGNIFICANT WEATHER WAS OBSERVED.


RELATIVE HUMIDITY (PERCENT)
 HIGHEST    88           100 AM
 LOWEST     55           200 PM
 AVERAGE    72

..........................................................


THE MITCHELL SD CLIMATE NORMALS FOR TODAY
                         NORMAL    RECORD    YEAR
 MAXIMUM TEMPERATURE (F)   48        80      1912
 MINIMUM TEMPERATURE (F)   27         4      1966


SUNRISE AND SUNSET
NOVEMBER 10 2017......SUNRISE   720 AM CST   SUNSET   511 PM CST
NOVEMBER 11 2017......SUNRISE   722 AM CST   SUNSET   510 PM CST


-  INDICATES NEGATIVE NUMBERS.
R  INDICATES RECORD WAS SET OR TIED.
MM INDICATES DATA IS MISSING.
T  INDICATES TRACE AMOUNT.




$$
