000
CDUS43 KFSD 020643
CLIMHE


CLIMATE REPORT
NATIONAL WEATHER SERVICE SIOUX FALLS SD
143 AM CDT TUE MAY 2 2017


...................................

...THE MITCHELL SD CLIMATE SUMMARY FOR MAY 1 2017...

CLIMATE NORMAL PERIOD 1981 TO 2010
CLIMATE RECORD PERIOD 1893 TO 2017


WEATHER ITEM   OBSERVED TIME   RECORD YEAR NORMAL DEPARTURE LAST
                VALUE   (LST)  VALUE       VALUE  FROM      YEAR
                                                  NORMAL
..................................................................
TEMPERATURE (F)
 YESTERDAY
  MAXIMUM         65    450 PM  98    1959  67     -2       60
  MINIMUM         37    532 AM  19    1909  42     -5       38
  AVERAGE         51                        55     -4       49

PRECIPITATION (IN)
  YESTERDAY        0.17          1.91 1972   0.08   0.09     0.00
  MONTH TO DATE    0.17                      0.08   0.09     0.00
  SINCE MAR 1      3.68                      3.32   0.36     6.73
  SINCE JAN 1      4.84                      3.88   0.96     7.96

SNOWFALL (IN)
  YESTERDAY        0.0           T    2005  MM     MM        0.0
                                      1967
                                      1954
  MONTH TO DATE    0.0                      MM     MM        0.0
  SINCE MAR 1      5.2                      MM     MM        3.9
  SINCE JUL 1     30.6                      MM     MM       46.3
  SNOW DEPTH       0

DEGREE DAYS
 HEATING
  YESTERDAY       14                        11      3       16
  MONTH TO DATE   14                        11      3       16
  SINCE MAR 1   1359                      1489   -130     1209
  SINCE JUL 1   6093                      7011   -918     5998

 COOLING
  YESTERDAY        0                         0      0        0
  MONTH TO DATE    0                         0      0        0
  SINCE MAR 1      0                         2     -2        4
  SINCE JAN 1      0                         2     -2        4
..................................................................


WIND (MPH)
  HIGHEST WIND SPEED    29   HIGHEST WIND DIRECTION     N (360)
  HIGHEST GUST SPEED    36   HIGHEST GUST DIRECTION     N (20)
  AVERAGE WIND SPEED    15.8


SKY COVER
  POSSIBLE SUNSHINE  MM
  AVERAGE SKY COVER 0.7


WEATHER CONDITIONS
 THE FOLLOWING WEATHER WAS RECORDED YESTERDAY.
  RAIN
  LIGHT RAIN
  FOG


RELATIVE HUMIDITY (PERCENT)
 HIGHEST    92          1200 AM
 LOWEST     19           500 PM
 AVERAGE    56

..........................................................


THE MITCHELL SD CLIMATE NORMALS FOR TODAY
                         NORMAL    RECORD    YEAR
 MAXIMUM TEMPERATURE (F)   68        94      1955
 MINIMUM TEMPERATURE (F)   43        22      1967


SUNRISE AND SUNSET
MAY  2 2017...........SUNRISE   622 AM CDT   SUNSET   836 PM CDT
MAY  3 2017...........SUNRISE   621 AM CDT   SUNSET   838 PM CDT


-  INDICATES NEGATIVE NUMBERS.
R  INDICATES RECORD WAS SET OR TIED.
MM INDICATES DATA IS MISSING.
T  INDICATES TRACE AMOUNT.




$$
