522
CDUS43 KFSD 240638
CLIMHE


CLIMATE REPORT
NATIONAL WEATHER SERVICE SIOUX FALLS SD
137 AM CDT SUN APR 24 2016


...................................

...THE MITCHELL SD CLIMATE SUMMARY FOR APRIL 23 2016...

CLIMATE NORMAL PERIOD 1981 TO 2010
CLIMATE RECORD PERIOD 1893 TO 2016


WEATHER ITEM   OBSERVED TIME   RECORD YEAR NORMAL DEPARTURE LAST
                VALUE   (LST)  VALUE       VALUE  FROM      YEAR
                                                  NORMAL
..................................................................
TEMPERATURE (F)
 YESTERDAY
  MAXIMUM         82    457 PM  92    2009  64     18       68
                                      1939
  MINIMUM         50    559 AM  12    2013  39     11       29
  AVERAGE         66                        51     15       49

PRECIPITATION (IN)
  YESTERDAY        0.00          1.61 1908   0.10  -0.10     0.00
  MONTH TO DATE    1.71                      1.49   0.22     0.49
  SINCE MAR 1      3.07                      2.55   0.52     0.62
  SINCE JAN 1      4.30                      3.11   1.19     1.39

SNOWFALL (IN)
  YESTERDAY        0.0           1.0  2001  MM     MM        0.0
  MONTH TO DATE    0.2                      MM     MM        0.0
  SINCE MAR 1      3.9                      MM     MM        0.7
  SINCE JUL 1     46.3                      MM     MM       22.6
  SNOW DEPTH       0

DEGREE DAYS
 HEATING
  YESTERDAY        0                        14    -14       16
  MONTH TO DATE  376                       433    -57      337
  SINCE MAR 1   1081                      1391   -310     1105
  SINCE JUL 1   5870                      6913  -1043     6595

 COOLING
  YESTERDAY        1                         0      1        0
  MONTH TO DATE    1                         0      1        0
  SINCE MAR 1      1                         0      1        4
  SINCE JAN 1      1                         0      1        4
..................................................................


WIND (MPH)
  HIGHEST WIND SPEED    35   HIGHEST WIND DIRECTION     S (160)
  HIGHEST GUST SPEED    43   HIGHEST GUST DIRECTION     S (170)
  AVERAGE WIND SPEED    19.8


SKY COVER
  POSSIBLE SUNSHINE  MM
  AVERAGE SKY COVER 0.0


WEATHER CONDITIONS
 THE FOLLOWING WEATHER WAS RECORDED YESTERDAY.
  NO SIGNIFICANT WEATHER WAS OBSERVED.


RELATIVE HUMIDITY (PERCENT)
 HIGHEST    80           300 AM
 LOWEST     37           400 PM
 AVERAGE    59

..........................................................


THE MITCHELL SD CLIMATE NORMALS FOR TODAY
                         NORMAL    RECORD    YEAR
 MAXIMUM TEMPERATURE (F)   65        91      1906
 MINIMUM TEMPERATURE (F)   39        23      1919


SUNRISE AND SUNSET
APRIL 24 2016.........SUNRISE   634 AM CDT   SUNSET   827 PM CDT
APRIL 25 2016.........SUNRISE   632 AM CDT   SUNSET   828 PM CDT


-  INDICATES NEGATIVE NUMBERS.
R  INDICATES RECORD WAS SET OR TIED.
MM INDICATES DATA IS MISSING.
T  INDICATES TRACE AMOUNT.




$$
