000
CDUS43 KFSD 152233
CLIMHE


CLIMATE REPORT
NATIONAL WEATHER SERVICE SIOUX FALLS SD
533 PM CDT SUN MAY 15 2016


...................................

...THE MITCHELL SD CLIMATE SUMMARY FOR MAY 15 2016...
VALID TODAY AS OF 0500 PM LOCAL TIME.

CLIMATE NORMAL PERIOD 1981 TO 2010
CLIMATE RECORD PERIOD 1893 TO 2016


WEATHER ITEM   OBSERVED TIME   RECORD YEAR NORMAL DEPARTURE LAST
                VALUE   (LST)  VALUE       VALUE  FROM      YEAR
                                                  NORMAL
..................................................................
TEMPERATURE (F)
 TODAY
  MAXIMUM         67    355 PM 100    1931  71     -4       69
  MINIMUM         36    315 AM  25    1959  48    -12       54
  AVERAGE         52                        59     -7       62

PRECIPITATION (IN)
  TODAY            0.00          1.25 1916   0.07  -0.07     0.02
  MONTH TO DATE    1.00                      1.15  -0.15     3.04
  SINCE MAR 1      7.73                      4.39   3.34     4.59
  SINCE JAN 1      8.96                      4.95   4.01     5.36

SNOWFALL (IN)
  TODAY            0.0           T    1916  MM     MM        0.0
  MONTH TO DATE    0.0                      MM     MM        0.0
  SINCE MAR 1      3.9                      MM     MM        0.7
  SINCE JUL 1     46.3                      MM     MM       22.6
  SNOW DEPTH       0

DEGREE DAYS
 HEATING
  TODAY           13                         7      6        3
  MONTH TO DATE  125                       131     -6      105
  SINCE MAR 1   1318                      1609   -291     1269
  SINCE JUL 1   6107                      7131  -1024     6759

 COOLING
  TODAY            0                         1     -1        0
  MONTH TO DATE    8                        12     -4        5
  SINCE MAR 1     12                        14     -2       11
  SINCE JAN 1     12                        14     -2       11
..................................................................


WIND (MPH)
  HIGHEST WIND SPEED    16   HIGHEST WIND DIRECTION     W (290)
  HIGHEST GUST SPEED    22   HIGHEST GUST DIRECTION     W (270)
  AVERAGE WIND SPEED     7.4


SKY COVER
  POSSIBLE SUNSHINE  MM
  AVERAGE SKY COVER 0.1


WEATHER CONDITIONS
 THE FOLLOWING WEATHER WAS RECORDED TODAY.
  NO SIGNIFICANT WEATHER WAS OBSERVED.


RELATIVE HUMIDITY (PERCENT)
 HIGHEST    82           300 AM
 LOWEST     26           100 PM
 AVERAGE    54

..........................................................


THE MITCHELL SD CLIMATE NORMALS FOR TOMORROW
                         NORMAL    RECORD    YEAR
 MAXIMUM TEMPERATURE (F)   71        99      1934
 MINIMUM TEMPERATURE (F)   48        25      1929


SUNRISE AND SUNSET
MAY 15 2016...........SUNRISE   606 AM CDT   SUNSET   851 PM CDT
MAY 16 2016...........SUNRISE   605 AM CDT   SUNSET   853 PM CDT


-  INDICATES NEGATIVE NUMBERS.
R  INDICATES RECORD WAS SET OR TIED.
MM INDICATES DATA IS MISSING.
T  INDICATES TRACE AMOUNT.




$$
