000
CDUS43 KFSD 090621
CLIMHE


CLIMATE REPORT
NATIONAL WEATHER SERVICE SIOUX FALLS SD
121 AM CDT THU OCT 9 2014


...................................

...THE MITCHELL SD CLIMATE SUMMARY FOR OCTOBER 8 2014...

CLIMATE NORMAL PERIOD 1981 TO 2010
CLIMATE RECORD PERIOD 1893 TO 2014


WEATHER ITEM   OBSERVED TIME   RECORD YEAR NORMAL DEPARTURE LAST
                VALUE   (LST)  VALUE       VALUE  FROM      YEAR
                                                  NORMAL
..................................................................
TEMPERATURE (F)
 YESTERDAY
  MAXIMUM         66   1148 AM  87    2010  66      0       77
  MINIMUM         41    645 AM  17    2000  40      1       51
  AVERAGE         54                        53      1       64

PRECIPITATION (IN)
  YESTERDAY        T             1.62 1982   0.07  -0.07     0.00
  MONTH TO DATE    0.06                      0.52  -0.46     1.16
  SINCE SEP 1      1.80                      2.84  -1.04     3.60
  SINCE JAN 1     16.90                     19.19  -2.29    22.09

SNOWFALL (IN)
  YESTERDAY        0.0           T    1970  MM     MM        0.0
  MONTH TO DATE    0.0                      MM     MM        0.0
  SINCE SEP 1      0.0                      MM     MM        0.0
  SINCE JUL 1      0.0                      MM     MM        0.0
  SNOW DEPTH       0

DEGREE DAYS
 HEATING
  YESTERDAY       11                        13     -2        1
  MONTH TO DATE   98                        90      8       73
  SINCE SEP 1    216                       231    -15      111
  SINCE JUL 1    228                       248    -20      134

 COOLING
  YESTERDAY        0                         0      0        0
  MONTH TO DATE    0                         7     -7        0
  SINCE SEP 1     78                        79     -1      163
  SINCE JAN 1    724                       824   -100      944
..................................................................


WIND (MPH)
  HIGHEST WIND SPEED    12   HIGHEST WIND DIRECTION    NE (40)
  HIGHEST GUST SPEED    16   HIGHEST GUST DIRECTION     W (260)
  AVERAGE WIND SPEED     6.9


SKY COVER
  POSSIBLE SUNSHINE  MM
  AVERAGE SKY COVER 0.4


WEATHER CONDITIONS
 THE FOLLOWING WEATHER WAS RECORDED YESTERDAY.
  LIGHT RAIN


RELATIVE HUMIDITY (PERCENT)
 HIGHEST    71          1100 PM
 LOWEST     30          1200 PM
 AVERAGE    51

..........................................................


THE MITCHELL SD CLIMATE NORMALS FOR TODAY
                         NORMAL    RECORD    YEAR
 MAXIMUM TEMPERATURE (F)   65        91      1980
                                             1928
 MINIMUM TEMPERATURE (F)   40        19      1964


SUNRISE AND SUNSET
OCTOBER  9 2014.......SUNRISE   739 AM CDT   SUNSET   659 PM CDT
OCTOBER 10 2014.......SUNRISE   740 AM CDT   SUNSET   657 PM CDT


-  INDICATES NEGATIVE NUMBERS.
R  INDICATES RECORD WAS SET OR TIED.
MM INDICATES DATA IS MISSING.
T  INDICATES TRACE AMOUNT.




$$
