000
CDUS43 KFSD 292229
CLIMHE


CLIMATE REPORT
NATIONAL WEATHER SERVICE SIOUX FALLS SD
529 PM CDT TUE AUG 29 2017


...................................

...THE MITCHELL SD CLIMATE SUMMARY FOR AUGUST 29 2017...
VALID TODAY AS OF 0500 PM LOCAL TIME.

CLIMATE NORMAL PERIOD 1981 TO 2010
CLIMATE RECORD PERIOD 1893 TO 2017


WEATHER ITEM   OBSERVED TIME   RECORD YEAR NORMAL DEPARTURE LAST
                VALUE   (LST)  VALUE       VALUE  FROM      YEAR
                                                  NORMAL
..................................................................
TEMPERATURE (F)
 TODAY
  MAXIMUM         82    326 PM 103    2012  81      1       90
  MINIMUM         55    607 AM  37    1946  58     -3       68
  AVERAGE         69                        70     -1       79

PRECIPITATION (IN)
  TODAY            0.00          2.51 1920   0.07  -0.07     0.00
  MONTH TO DATE    3.03                      2.24   0.79     3.31
  SINCE JUN 1      6.80                      9.48  -2.68     6.89
  SINCE JAN 1     13.82                     16.21  -2.39    19.41

SNOWFALL (IN)
  TODAY            0.0           0.0    MM  MM     MM        0.0
  MONTH TO DATE    0.0                      MM     MM        0.0
  SINCE JUN 1      0.0                      MM     MM        0.0
  SINCE JUL 1      0.0                      MM     MM        0.0
  SNOW DEPTH       0

DEGREE DAYS
 HEATING
  TODAY            0                         1     -1        0
  MONTH TO DATE    2                         4     -2        5
  SINCE JUN 1     14                        44    -30       12
  SINCE JUL 1      2                         9     -7        8

 COOLING
  TODAY            4                         5     -1       14
  MONTH TO DATE  112                       218   -106      251
  SINCE JUN 1    724                       696     28      866
  SINCE JAN 1    756                       736     20      910
..................................................................


WIND (MPH)
  HIGHEST WIND SPEED    17   HIGHEST WIND DIRECTION     S (160)
  HIGHEST GUST SPEED    23   HIGHEST GUST DIRECTION     S (170)
  AVERAGE WIND SPEED     9.0


SKY COVER
  POSSIBLE SUNSHINE  MM
  AVERAGE SKY COVER 0.0


WEATHER CONDITIONS
 THE FOLLOWING WEATHER WAS RECORDED TODAY.
  NO SIGNIFICANT WEATHER WAS OBSERVED.


RELATIVE HUMIDITY (PERCENT)
 HIGHEST   100           400 AM
 LOWEST     45           100 PM
 AVERAGE    73

..........................................................


THE MITCHELL SD CLIMATE NORMALS FOR TOMORROW
                         NORMAL    RECORD    YEAR
 MAXIMUM TEMPERATURE (F)   81       103      1898
 MINIMUM TEMPERATURE (F)   57        40      1946
                                             1935
                                             1915


SUNRISE AND SUNSET
AUGUST 29 2017........SUNRISE   653 AM CDT   SUNSET   812 PM CDT
AUGUST 30 2017........SUNRISE   654 AM CDT   SUNSET   811 PM CDT


-  INDICATES NEGATIVE NUMBERS.
R  INDICATES RECORD WAS SET OR TIED.
MM INDICATES DATA IS MISSING.
T  INDICATES TRACE AMOUNT.




$$
