000
CDUS43 KFSD 100624
CLIMHE


CLIMATE REPORT
NATIONAL WEATHER SERVICE SIOUX FALLS SD
123 AM CDT FRI OCT 10 2014


...................................

...THE MITCHELL SD CLIMATE SUMMARY FOR OCTOBER 9 2014...

CLIMATE NORMAL PERIOD 1981 TO 2010
CLIMATE RECORD PERIOD 1893 TO 2014


WEATHER ITEM   OBSERVED TIME   RECORD YEAR NORMAL DEPARTURE LAST
                VALUE   (LST)  VALUE       VALUE  FROM      YEAR
                                                  NORMAL
..................................................................
TEMPERATURE (F)
 YESTERDAY
  MAXIMUM         60    424 PM  91    1980  65     -5       74
                                      1928
  MINIMUM         38   1119 PM  19    1964  40     -2       51
  AVERAGE         49                        52     -3       63

PRECIPITATION (IN)
  YESTERDAY        0.00          1.10 1904   0.06  -0.06     0.00
  MONTH TO DATE    0.06                      0.58  -0.52     1.16
  SINCE SEP 1      1.80                      2.90  -1.10     3.60
  SINCE JAN 1     16.90                     19.25  -2.35    22.09

SNOWFALL (IN)
  YESTERDAY        0.0           1.8  1932  MM     MM        0.0
  MONTH TO DATE    0.0                      MM     MM        0.0
  SINCE SEP 1      0.0                      MM     MM        0.0
  SINCE JUL 1      0.0                      MM     MM        0.0
  SNOW DEPTH       0

DEGREE DAYS
 HEATING
  YESTERDAY       16                        13      3        2
  MONTH TO DATE  114                       103     11       75
  SINCE SEP 1    232                       244    -12      113
  SINCE JUL 1    244                       261    -17      136

 COOLING
  YESTERDAY        0                         0      0        0
  MONTH TO DATE    0                         7     -7        0
  SINCE SEP 1     78                        79     -1      163
  SINCE JAN 1    724                       824   -100      944
..................................................................


WIND (MPH)
  HIGHEST WIND SPEED    13   HIGHEST WIND DIRECTION     N (20)
  HIGHEST GUST SPEED    15   HIGHEST GUST DIRECTION     N (20)
  AVERAGE WIND SPEED     7.0


SKY COVER
  POSSIBLE SUNSHINE  MM
  AVERAGE SKY COVER 0.6


WEATHER CONDITIONS
 THE FOLLOWING WEATHER WAS RECORDED YESTERDAY.
  NO SIGNIFICANT WEATHER WAS OBSERVED.


RELATIVE HUMIDITY (PERCENT)
 HIGHEST    77           100 AM
 LOWEST     29           300 PM
 AVERAGE    53

..........................................................


THE MITCHELL SD CLIMATE NORMALS FOR TODAY
                         NORMAL    RECORD    YEAR
 MAXIMUM TEMPERATURE (F)   65        93      1928
 MINIMUM TEMPERATURE (F)   39        15      1906


SUNRISE AND SUNSET
OCTOBER 10 2014.......SUNRISE   740 AM CDT   SUNSET   657 PM CDT
OCTOBER 11 2014.......SUNRISE   742 AM CDT   SUNSET   655 PM CDT


-  INDICATES NEGATIVE NUMBERS.
R  INDICATES RECORD WAS SET OR TIED.
MM INDICATES DATA IS MISSING.
T  INDICATES TRACE AMOUNT.




$$
