000
CDUS43 KFSD 140633
CLIMHE


CLIMATE REPORT
NATIONAL WEATHER SERVICE SIOUX FALLS SD
133 AM CDT THU AUG 14 2014


...................................

...THE MITCHELL SD CLIMATE SUMMARY FOR AUGUST 13 2014...

CLIMATE NORMAL PERIOD 1981 TO 2010
CLIMATE RECORD PERIOD 1893 TO 2014


WEATHER ITEM   OBSERVED TIME   RECORD YEAR NORMAL DEPARTURE LAST
                VALUE   (LST)  VALUE       VALUE  FROM      YEAR
                                                  NORMAL
..................................................................
TEMPERATURE (F)
 YESTERDAY
  MAXIMUM         84        MM 105    1938  84      0       80
  MINIMUM         68   1100 PM  41    1964  62      6       54
  AVERAGE         76                        73      3       67

PRECIPITATION (IN)
  YESTERDAY        0.00          1.81 1966   0.09  -0.09     0.00
  MONTH TO DATE    1.64                      1.02   0.62     2.54
  SINCE JUN 1      7.19                      8.26  -1.07     8.54
  SINCE JAN 1     11.92                     14.99  -3.07    18.49

SNOWFALL (IN)
  YESTERDAY        0.0           0.0    MM  MM     MM        0.0
  MONTH TO DATE    0.0                      MM     MM        0.0
  SINCE JUN 1      0.0                      MM     MM        0.0
  SINCE JUL 1      0.0                      MM     MM        0.0
  SNOW DEPTH       0

DEGREE DAYS
 HEATING
  YESTERDAY        0                         0      0        0
  MONTH TO DATE    0                         0      0        0
  SINCE JUN 1     35                        40     -5       70
  SINCE JUL 1      9                         5      4       20

 COOLING
  YESTERDAY       11                         8      3        2
  MONTH TO DATE   67                       111    -44       53
  SINCE JUN 1    441                       589   -148      508
  SINCE JAN 1    519                       629   -110      565
..................................................................


WIND (MPH)
  HIGHEST WIND SPEED    13   HIGHEST WIND DIRECTION    SE (150)
  HIGHEST GUST SPEED    20   HIGHEST GUST DIRECTION    SE (150)
  AVERAGE WIND SPEED    10.5


SKY COVER
  POSSIBLE SUNSHINE  MM
  AVERAGE SKY COVER 0.0


WEATHER CONDITIONS
 THE FOLLOWING WEATHER WAS RECORDED YESTERDAY.
  NO SIGNIFICANT WEATHER WAS OBSERVED.


RELATIVE HUMIDITY (PERCENT)
 HIGHEST    78          1000 PM
 LOWEST     44           200 PM
 AVERAGE    61

..........................................................


THE MITCHELL SD CLIMATE NORMALS FOR TODAY
                         NORMAL    RECORD    YEAR
 MAXIMUM TEMPERATURE (F)   84       102      1937
                                             1935
 MINIMUM TEMPERATURE (F)   61        42      1929


SUNRISE AND SUNSET
AUGUST 14 2014........SUNRISE   635 AM CDT   SUNSET   837 PM CDT
AUGUST 15 2014........SUNRISE   636 AM CDT   SUNSET   836 PM CDT


-  INDICATES NEGATIVE NUMBERS.
R  INDICATES RECORD WAS SET OR TIED.
MM INDICATES DATA IS MISSING.
T  INDICATES TRACE AMOUNT.




$$
