000
CDUS43 KFSD 290634
CLIMHE


CLIMATE REPORT
NATIONAL WEATHER SERVICE SIOUX FALLS SD
132 AM CDT WED JUN 29 2016


...................................

...THE MITCHELL SD CLIMATE SUMMARY FOR JUNE 28 2016...

CLIMATE NORMAL PERIOD 1981 TO 2010
CLIMATE RECORD PERIOD 1893 TO 2016


WEATHER ITEM   OBSERVED TIME   RECORD YEAR NORMAL DEPARTURE LAST
                VALUE   (LST)  VALUE       VALUE  FROM      YEAR
                                                  NORMAL
..................................................................
TEMPERATURE (F)
 YESTERDAY
  MAXIMUM         81    459 PM 110    1931  85     -4       84
  MINIMUM         60    531 AM  44    1898  62     -2       65
                                      1896
  AVERAGE         71                        74     -3       75

PRECIPITATION (IN)
  YESTERDAY        T             2.15 1928   0.09  -0.09     0.00
  MONTH TO DATE    2.04                      3.93  -1.89     3.30
  SINCE JUN 1      2.04                      3.93  -1.89     3.30
  SINCE JAN 1     14.56                     10.66   3.90    10.39

SNOWFALL (IN)
  YESTERDAY        0.0           0.0    MM  MM     MM        0.0
  MONTH TO DATE    0.0                      MM     MM        0.0
  SINCE JUN 1      0.0                      MM     MM        0.0
  SINCE JUL 1     46.3                      MM     MM       22.6
  SNOW DEPTH       0

DEGREE DAYS
 HEATING
  YESTERDAY        0                         0      0        0
  MONTH TO DATE    4                        33    -29        3
  SINCE JUN 1      4                        33    -29        3
  SINCE JUL 1   6149                      7243  -1094     6876

 COOLING
  YESTERDAY        6                         9     -3       10
  MONTH TO DATE  269                       151    118      182
  SINCE JUN 1    269                       151    118      182
  SINCE JAN 1    313                       191    122      213
..................................................................


WIND (MPH)
  HIGHEST WIND SPEED    14   HIGHEST WIND DIRECTION     E (70)
  HIGHEST GUST SPEED    17   HIGHEST GUST DIRECTION     E (80)
  AVERAGE WIND SPEED     6.0


SKY COVER
  POSSIBLE SUNSHINE  MM
  AVERAGE SKY COVER 0.3


WEATHER CONDITIONS
 THE FOLLOWING WEATHER WAS RECORDED YESTERDAY.
  THUNDERSTORM
  LIGHT RAIN


RELATIVE HUMIDITY (PERCENT)
 HIGHEST    90           400 AM
 LOWEST     49           400 PM
 AVERAGE    70

..........................................................


THE MITCHELL SD CLIMATE NORMALS FOR TODAY
                         NORMAL    RECORD    YEAR
 MAXIMUM TEMPERATURE (F)   86       106      1931
 MINIMUM TEMPERATURE (F)   62        42      1923


SUNRISE AND SUNSET
JUNE 29 2016..........SUNRISE   553 AM CDT   SUNSET   918 PM CDT
JUNE 30 2016..........SUNRISE   554 AM CDT   SUNSET   918 PM CDT


-  INDICATES NEGATIVE NUMBERS.
R  INDICATES RECORD WAS SET OR TIED.
MM INDICATES DATA IS MISSING.
T  INDICATES TRACE AMOUNT.




$$
