000
CDUS43 KFSD 230621
CLIMHE


CLIMATE REPORT
NATIONAL WEATHER SERVICE SIOUX FALLS SD
120 AM CDT SAT SEP 23 2017


...................................

...THE MITCHELL SD CLIMATE SUMMARY FOR SEPTEMBER 22 2017...

CLIMATE NORMAL PERIOD 1981 TO 2010
CLIMATE RECORD PERIOD 1893 TO 2017


WEATHER ITEM   OBSERVED TIME   RECORD YEAR NORMAL DEPARTURE LAST
                VALUE   (LST)  VALUE       VALUE  FROM      YEAR
                                                  NORMAL
..................................................................
TEMPERATURE (F)
 YESTERDAY
  MAXIMUM         94   1255 PM  98    1936  73     21       71
  MINIMUM         59   1159 PM  28    1913  47     12       60
  AVERAGE         77                        60     17       66

PRECIPITATION (IN)
  YESTERDAY        0.06          1.60 1968   0.08  -0.02     0.00
  MONTH TO DATE    0.96                      1.73  -0.77     2.12
  SINCE SEP 1      0.96                      1.73  -0.77     2.12
  SINCE JAN 1     14.78                     18.08  -3.30    21.53

SNOWFALL (IN)
  YESTERDAY        0.0           0.0    MM  MM     MM        0.0
  MONTH TO DATE    0.0                      MM     MM        0.0
  SINCE SEP 1      0.0                      MM     MM        0.0
  SINCE JUL 1      0.0                      MM     MM        0.0
  SNOW DEPTH       0

DEGREE DAYS
 HEATING
  YESTERDAY        0                         6     -6        0
  MONTH TO DATE   38                        77    -39       35
  SINCE SEP 1     38                        77    -39       35
  SINCE JUL 1     40                        94    -54       43

 COOLING
  YESTERDAY       12                         1     11        1
  MONTH TO DATE  113                        65     48       79
  SINCE SEP 1    113                        65     48       79
  SINCE JAN 1    883                       810     73     1011
..................................................................


WIND (MPH)
  HIGHEST WIND SPEED    21   HIGHEST WIND DIRECTION     S (190)
  HIGHEST GUST SPEED    31   HIGHEST GUST DIRECTION     S (190)
  AVERAGE WIND SPEED    12.6


SKY COVER
  POSSIBLE SUNSHINE  MM
  AVERAGE SKY COVER 0.1


WEATHER CONDITIONS
 THE FOLLOWING WEATHER WAS RECORDED YESTERDAY.
  THUNDERSTORM
  RAIN
  LIGHT RAIN


RELATIVE HUMIDITY (PERCENT)
 HIGHEST    90          1100 PM
 LOWEST     39           100 PM
 AVERAGE    65

..........................................................


THE MITCHELL SD CLIMATE NORMALS FOR TODAY
                         NORMAL    RECORD    YEAR
 MAXIMUM TEMPERATURE (F)   73       104      1935
 MINIMUM TEMPERATURE (F)   46        27      2012


SUNRISE AND SUNSET
SEPTEMBER 23 2017.....SUNRISE   721 AM CDT   SUNSET   727 PM CDT
SEPTEMBER 24 2017.....SUNRISE   722 AM CDT   SUNSET   725 PM CDT


-  INDICATES NEGATIVE NUMBERS.
R  INDICATES RECORD WAS SET OR TIED.
MM INDICATES DATA IS MISSING.
T  INDICATES TRACE AMOUNT.




$$
