000
CDUS43 KFSD 220648
CLIMHE


CLIMATE REPORT
NATIONAL WEATHER SERVICE SIOUX FALLS SD
148 AM CDT WED MAR 22 2017


...................................

...THE MITCHELL SD CLIMATE SUMMARY FOR MARCH 21 2017...

CLIMATE NORMAL PERIOD 1981 TO 2010
CLIMATE RECORD PERIOD 1893 TO 2017


WEATHER ITEM   OBSERVED TIME   RECORD YEAR NORMAL DEPARTURE LAST
                VALUE   (LST)  VALUE       VALUE  FROM      YEAR
                                                  NORMAL
..................................................................
TEMPERATURE (F)
 YESTERDAY
  MAXIMUM         41    237 PM  88    1907  47     -6       67
  MINIMUM         29   1159 PM  -7    1965  25      4       28
  AVERAGE         35                        36     -1       48

PRECIPITATION (IN)
  YESTERDAY        0.00          0.48 1987   0.03  -0.03     0.00
  MONTH TO DATE    0.34                      0.61  -0.27     0.11
  SINCE MAR 1      0.34                      0.61  -0.27     0.11
  SINCE JAN 1      1.50                      1.17   0.33     1.34

SNOWFALL (IN)
  YESTERDAY        0.0           6.0  1932  MM     MM        0.0
  MONTH TO DATE    3.6                      MM     MM        1.3
  SINCE MAR 1      3.6                      MM     MM        1.3
  SINCE JUL 1     29.0                      MM     MM       43.7
  SNOW DEPTH       0

DEGREE DAYS
 HEATING
  YESTERDAY       30                        29      1       17
  MONTH TO DATE  662                       690    -28      474
  SINCE MAR 1    662                       690    -28      474
  SINCE JUL 1   5396                      6212   -816     5263

 COOLING
  YESTERDAY        0                         0      0        0
  MONTH TO DATE    0                         0      0        0
  SINCE MAR 1      0                         0      0        0
  SINCE JAN 1      0                         0      0        0
..................................................................


WIND (MPH)
  HIGHEST WIND SPEED    18   HIGHEST WIND DIRECTION     N (20)
  HIGHEST GUST SPEED    23   HIGHEST GUST DIRECTION     N (10)
  AVERAGE WIND SPEED    11.8


SKY COVER
  POSSIBLE SUNSHINE  MM
  AVERAGE SKY COVER 1.0


WEATHER CONDITIONS
 THE FOLLOWING WEATHER WAS RECORDED YESTERDAY.
  NO SIGNIFICANT WEATHER WAS OBSERVED.


RELATIVE HUMIDITY (PERCENT)
 HIGHEST    75           700 AM
 LOWEST     40           300 PM
 AVERAGE    58

..........................................................


THE MITCHELL SD CLIMATE NORMALS FOR TODAY
                         NORMAL    RECORD    YEAR
 MAXIMUM TEMPERATURE (F)   47        87      1939
 MINIMUM TEMPERATURE (F)   26        -5      1899


SUNRISE AND SUNSET
MARCH 22 2017.........SUNRISE   731 AM CDT   SUNSET   747 PM CDT
MARCH 23 2017.........SUNRISE   729 AM CDT   SUNSET   749 PM CDT


-  INDICATES NEGATIVE NUMBERS.
R  INDICATES RECORD WAS SET OR TIED.
MM INDICATES DATA IS MISSING.
T  INDICATES TRACE AMOUNT.




$$
