000
CDUS43 KFSD 280649
CLIMHE


CLIMATE REPORT
NATIONAL WEATHER SERVICE SIOUX FALLS SD
148 AM CDT THU JUL 28 2016


...................................

...THE MITCHELL SD CLIMATE SUMMARY FOR JULY 27 2016...

CLIMATE NORMAL PERIOD 1981 TO 2010
CLIMATE RECORD PERIOD 1893 TO 2016


WEATHER ITEM   OBSERVED TIME   RECORD YEAR NORMAL DEPARTURE LAST
                VALUE   (LST)  VALUE       VALUE  FROM      YEAR
                                                  NORMAL
..................................................................
TEMPERATURE (F)
 YESTERDAY
  MAXIMUM         86    342 PM 111    1935  86      0       88
  MINIMUM         67   1159 PM  45    2013  63      4       72
  AVERAGE         77                        74      3       80

PRECIPITATION (IN)
  YESTERDAY        0.00          1.81 1963   0.09  -0.09     0.00
  MONTH TO DATE    1.53                      2.73  -1.20     1.97
  SINCE JUN 1      3.57                      6.86  -3.29     5.88
  SINCE JAN 1     16.09                     13.59   2.50    12.97

SNOWFALL (IN)
  YESTERDAY        0.0           0.0    MM  MM     MM        0.0
  MONTH TO DATE    0.0                      MM     MM        0.0
  SINCE JUN 1      0.0                      MM     MM        0.0
  SINCE JUL 1      0.0                      MM     MM        0.0
  SNOW DEPTH       0

DEGREE DAYS
 HEATING
  YESTERDAY        0                         0      0        0
  MONTH TO DATE    3                         0      3        2
  SINCE JUN 1      7                        35    -28        5
  SINCE JUL 1      3                         0      3        2

 COOLING
  YESTERDAY       12                        10      2       15
  MONTH TO DATE  297                       268     29      260
  SINCE JUN 1    581                       438    143      457
  SINCE JAN 1    625                       478    147      488
..................................................................


WIND (MPH)
  HIGHEST WIND SPEED    16   HIGHEST WIND DIRECTION     N (360)
  HIGHEST GUST SPEED    21   HIGHEST GUST DIRECTION    NE (40)
  AVERAGE WIND SPEED     8.9


SKY COVER
  POSSIBLE SUNSHINE  MM
  AVERAGE SKY COVER 0.2


WEATHER CONDITIONS
 THE FOLLOWING WEATHER WAS RECORDED YESTERDAY.
  NO SIGNIFICANT WEATHER WAS OBSERVED.


RELATIVE HUMIDITY (PERCENT)
 HIGHEST    84          1200 AM
 LOWEST     48           300 PM
 AVERAGE    66

..........................................................


THE MITCHELL SD CLIMATE NORMALS FOR TODAY
                         NORMAL    RECORD    YEAR
 MAXIMUM TEMPERATURE (F)   86       109      1935
 MINIMUM TEMPERATURE (F)   63        43      2013


SUNRISE AND SUNSET
JULY 28 2016..........SUNRISE   617 AM CDT   SUNSET   859 PM CDT
JULY 29 2016..........SUNRISE   618 AM CDT   SUNSET   858 PM CDT


-  INDICATES NEGATIVE NUMBERS.
R  INDICATES RECORD WAS SET OR TIED.
MM INDICATES DATA IS MISSING.
T  INDICATES TRACE AMOUNT.




$$
