000
CDUS43 KFSD 190638
CLIMHE


CLIMATE REPORT
NATIONAL WEATHER SERVICE SIOUX FALLS SD
136 AM CDT SUN JUL 19 2015


...................................

...THE MITCHELL SD CLIMATE SUMMARY FOR JULY 18 2015...

CLIMATE NORMAL PERIOD 1981 TO 2010
CLIMATE RECORD PERIOD 1893 TO 2015


WEATHER ITEM   OBSERVED TIME   RECORD YEAR NORMAL DEPARTURE LAST
                VALUE   (LST)  VALUE       VALUE  FROM      YEAR
                                                  NORMAL
..................................................................
TEMPERATURE (F)
 YESTERDAY
  MAXIMUM         86    308 PM 107    1936  87     -1       79
                                      1926
  MINIMUM         64    533 AM  50    1922  63      1       59
                                      1900
  AVERAGE         75                        75      0       69

PRECIPITATION (IN)
  YESTERDAY        0.00          1.36 1915   0.09  -0.09     0.00
  MONTH TO DATE    1.33                      1.91  -0.58     0.45
  SINCE JUN 1      5.24                      6.04  -0.80     4.64
  SINCE JAN 1     12.33                     12.77  -0.44     9.37

SNOWFALL (IN)
  YESTERDAY        0.0           0.0    MM  MM     MM        0.0
  MONTH TO DATE    0.0                      MM     MM        0.0
  SINCE JUN 1      0.0                      MM     MM        0.0
  SINCE JUL 1      0.0                      MM     MM        0.0
  SNOW DEPTH       0

DEGREE DAYS
 HEATING
  YESTERDAY        0                         0      0        0
  MONTH TO DATE    2                         0      2        9
  SINCE JUN 1      5                        35    -30       35
  SINCE JUL 1      2                         0      2        9

 COOLING
  YESTERDAY       10                        10      0        4
  MONTH TO DATE  167                       178    -11      115
  SINCE JUN 1    364                       348     16      273
  SINCE JAN 1    395                       388      7      351
..................................................................


WIND (MPH)
  HIGHEST WIND SPEED    17   HIGHEST WIND DIRECTION     N (360)
  HIGHEST GUST SPEED    22   HIGHEST GUST DIRECTION    NW (330)
  AVERAGE WIND SPEED     6.6


SKY COVER
  POSSIBLE SUNSHINE  MM
  AVERAGE SKY COVER 0.1


WEATHER CONDITIONS
 THE FOLLOWING WEATHER WAS RECORDED YESTERDAY.
  NO SIGNIFICANT WEATHER WAS OBSERVED.


RELATIVE HUMIDITY (PERCENT)
 HIGHEST    93           300 AM
 LOWEST     40           400 PM
 AVERAGE    67

..........................................................


THE MITCHELL SD CLIMATE NORMALS FOR TODAY
                         NORMAL    RECORD    YEAR
 MAXIMUM TEMPERATURE (F)   87       109      1936
 MINIMUM TEMPERATURE (F)   63        48      1911


SUNRISE AND SUNSET
JULY 19 2015..........SUNRISE   607 AM CDT   SUNSET   909 PM CDT
JULY 20 2015..........SUNRISE   608 AM CDT   SUNSET   908 PM CDT


-  INDICATES NEGATIVE NUMBERS.
R  INDICATES RECORD WAS SET OR TIED.
MM INDICATES DATA IS MISSING.
T  INDICATES TRACE AMOUNT.




$$
