000
CDUS43 KFSD 130632
CLIMHE


CLIMATE REPORT
NATIONAL WEATHER SERVICE SIOUX FALLS SD
132 AM CDT WED SEP 13 2017


...................................

...THE MITCHELL SD CLIMATE SUMMARY FOR SEPTEMBER 12 2017...

CLIMATE NORMAL PERIOD 1981 TO 2010
CLIMATE RECORD PERIOD 1893 TO 2017


WEATHER ITEM   OBSERVED TIME   RECORD YEAR NORMAL DEPARTURE LAST
                VALUE   (LST)  VALUE       VALUE  FROM      YEAR
                                                  NORMAL
..................................................................
TEMPERATURE (F)
 YESTERDAY
  MAXIMUM         93    129 PM 100    1939  77     16       67
                                      1908
  MINIMUM         61    635 AM  24    1902  51     10       53
  AVERAGE         77                        64     13       60

PRECIPITATION (IN)
  YESTERDAY        0.00          1.27 1982   0.08  -0.08     0.00
  MONTH TO DATE    0.13                      0.96  -0.83     1.71
  SINCE SEP 1      0.13                      0.96  -0.83     1.71
  SINCE JAN 1     13.95                     17.31  -3.36    21.12

SNOWFALL (IN)
  YESTERDAY        0.0           0.0    MM  MM     MM        0.0
  MONTH TO DATE    0.0                      MM     MM        0.0
  SINCE SEP 1      0.0                      MM     MM        0.0
  SINCE JUL 1      0.0                      MM     MM        0.0
  SNOW DEPTH       0

DEGREE DAYS
 HEATING
  YESTERDAY        0                         3     -3        5
  MONTH TO DATE   16                        28    -12       10
  SINCE SEP 1     16                        28    -12       10
  SINCE JUL 1     18                        45    -27       18

 COOLING
  YESTERDAY       12                         3      9        0
  MONTH TO DATE   55                        48      7       47
  SINCE SEP 1     55                        48      7       47
  SINCE JAN 1    825                       793     32      979
..................................................................


WIND (MPH)
  HIGHEST WIND SPEED    21   HIGHEST WIND DIRECTION     S (170)
  HIGHEST GUST SPEED    30   HIGHEST GUST DIRECTION     S (200)
  AVERAGE WIND SPEED    10.0


SKY COVER
  POSSIBLE SUNSHINE  MM
  AVERAGE SKY COVER 0.0


WEATHER CONDITIONS
 THE FOLLOWING WEATHER WAS RECORDED YESTERDAY.
  FOG


RELATIVE HUMIDITY (PERCENT)
 HIGHEST   100           100 AM
 LOWEST     32           100 PM
 AVERAGE    66

..........................................................


THE MITCHELL SD CLIMATE NORMALS FOR TODAY
                         NORMAL    RECORD    YEAR
 MAXIMUM TEMPERATURE (F)   77       101      1939
 MINIMUM TEMPERATURE (F)   51        31      1974


SUNRISE AND SUNSET
SEPTEMBER 13 2017.....SUNRISE   709 AM CDT   SUNSET   746 PM CDT
SEPTEMBER 14 2017.....SUNRISE   711 AM CDT   SUNSET   744 PM CDT


-  INDICATES NEGATIVE NUMBERS.
R  INDICATES RECORD WAS SET OR TIED.
MM INDICATES DATA IS MISSING.
T  INDICATES TRACE AMOUNT.




$$
