000
CDUS43 KFSD 170918
CLIMHE


CLIMATE REPORT
NATIONAL WEATHER SERVICE SIOUX FALLS SD
415 AM CDT WED JUN 17 2015


...................................

...THE MITCHELL SD CLIMATE SUMMARY FOR JUNE 16 2015...

CLIMATE NORMAL PERIOD 1981 TO 2010
CLIMATE RECORD PERIOD 1893 TO 2015


WEATHER ITEM   OBSERVED TIME   RECORD YEAR NORMAL DEPARTURE LAST
                VALUE   (LST)  VALUE       VALUE  FROM      YEAR
                                                  NORMAL
..................................................................
TEMPERATURE (F)
 YESTERDAY
  MAXIMUM         72   1146 AM 103    1933  81     -9       77
  MINIMUM         57    318 AM  41    1902  59     -2       58
  AVERAGE         65                        70     -5       68

PRECIPITATION (IN)
  YESTERDAY        0.01          2.96 1990   0.16  -0.15     1.12
  MONTH TO DATE    2.12                      2.47  -0.35     2.78
  SINCE JUN 1      2.12                      2.47  -0.35     2.78
  SINCE JAN 1      9.21                      9.20   0.01     7.51

SNOWFALL (IN)
  YESTERDAY        0.0           0.0    MM  MM     MM        0.0
  MONTH TO DATE    0.0                      MM     MM        0.0
  SINCE JUN 1      0.0                      MM     MM        0.0
  SINCE JUL 1     22.6                      MM     MM       30.8
  SNOW DEPTH       0

DEGREE DAYS
 HEATING
  YESTERDAY        0                         1     -1        0
  MONTH TO DATE    3                        28    -25       26
  SINCE JUN 1      3                        28    -25       26
  SINCE JUL 1   6876                      7238   -362     7791

 COOLING
  YESTERDAY        0                         6     -6        3
  MONTH TO DATE  103                        62     41       36
  SINCE JUN 1    103                        62     41       36
  SINCE JAN 1    134                       102     32      114
..................................................................


WIND (MPH)
  HIGHEST WIND SPEED    21   HIGHEST WIND DIRECTION     S (160)
  HIGHEST GUST SPEED    26   HIGHEST GUST DIRECTION    SE (140)
  AVERAGE WIND SPEED    11.2


SKY COVER
  POSSIBLE SUNSHINE  MM
  AVERAGE SKY COVER 0.5


WEATHER CONDITIONS
 THE FOLLOWING WEATHER WAS RECORDED YESTERDAY.
  LIGHT RAIN


RELATIVE HUMIDITY (PERCENT)
 HIGHEST    86           300 AM
 LOWEST     49          1100 AM
 AVERAGE    68

..........................................................


THE MITCHELL SD CLIMATE NORMALS FOR TODAY
                         NORMAL    RECORD    YEAR
 MAXIMUM TEMPERATURE (F)   82       100      1933
 MINIMUM TEMPERATURE (F)   59        41      1974
                                             1912


SUNRISE AND SUNSET
JUNE 17 2015..........SUNRISE   550 AM CDT   SUNSET   917 PM CDT
JUNE 18 2015..........SUNRISE   550 AM CDT   SUNSET   917 PM CDT


-  INDICATES NEGATIVE NUMBERS.
R  INDICATES RECORD WAS SET OR TIED.
MM INDICATES DATA IS MISSING.
T  INDICATES TRACE AMOUNT.




$$
