000
CDUS43 KFSD 060711
CLIMHE


CLIMATE REPORT
NATIONAL WEATHER SERVICE SIOUX FALLS SD
208 AM CDT SAT SEP 6 2014


...................................

...THE MITCHELL SD CLIMATE SUMMARY FOR SEPTEMBER 5 2014...

CLIMATE NORMAL PERIOD 1981 TO 2010
CLIMATE RECORD PERIOD 1893 TO 2014


WEATHER ITEM   OBSERVED TIME   RECORD YEAR NORMAL DEPARTURE LAST
                VALUE   (LST)  VALUE       VALUE  FROM      YEAR
                                                  NORMAL
..................................................................
TEMPERATURE (F)
 YESTERDAY
  MAXIMUM         68    504 PM 106    1933  80    -12       84
  MINIMUM         51   1143 PM  36    1909  55     -4       68
  AVERAGE         60                        67     -7       76

PRECIPITATION (IN)
  YESTERDAY        0.00          1.53 1987   0.07  -0.07     0.01
  MONTH TO DATE    0.39                      0.45  -0.06     0.01
  SINCE SEP 1      0.39                      0.45  -0.06     0.01
  SINCE JAN 1     15.49                     16.80  -1.31    18.50

SNOWFALL (IN)
  YESTERDAY        0.0           0.0    MM  MM     MM        0.0
  MONTH TO DATE    0.0                      MM     MM        0.0
  SINCE SEP 1      0.0                      MM     MM        0.0
  SINCE JUL 1      0.0                      MM     MM        0.0
  SNOW DEPTH       0

DEGREE DAYS
 HEATING
  YESTERDAY        5                         2      3        0
  MONTH TO DATE    5                         9     -4        1
  SINCE SEP 1      5                         9     -4        1
  SINCE JUL 1     17                        26     -9       24

 COOLING
  YESTERDAY        0                         4     -4       11
  MONTH TO DATE   18                        24     -6       33
  SINCE SEP 1     18                        24     -6       33
  SINCE JAN 1    664                       769   -105      814
..................................................................


WIND (MPH)
  HIGHEST WIND SPEED    15   HIGHEST WIND DIRECTION     N (350)
  HIGHEST GUST SPEED    18   HIGHEST GUST DIRECTION     N (350)
  AVERAGE WIND SPEED     6.0


SKY COVER
  POSSIBLE SUNSHINE  MM
  AVERAGE SKY COVER 0.1


WEATHER CONDITIONS
 THE FOLLOWING WEATHER WAS RECORDED YESTERDAY.
  NO SIGNIFICANT WEATHER WAS OBSERVED.


RELATIVE HUMIDITY (PERCENT)
 HIGHEST    86           100 AM
 LOWEST     52           400 PM
 AVERAGE    69

..........................................................


THE MITCHELL SD CLIMATE NORMALS FOR TODAY
                         NORMAL    RECORD    YEAR
 MAXIMUM TEMPERATURE (F)   79       104      1976
 MINIMUM TEMPERATURE (F)   54        35      1956


SUNRISE AND SUNSET
SEPTEMBER  6 2014.....SUNRISE   701 AM CDT   SUNSET   759 PM CDT
SEPTEMBER  7 2014.....SUNRISE   702 AM CDT   SUNSET   757 PM CDT


-  INDICATES NEGATIVE NUMBERS.
R  INDICATES RECORD WAS SET OR TIED.
MM INDICATES DATA IS MISSING.
T  INDICATES TRACE AMOUNT.




$$
