000
CDUS43 KFSD 090629
CLIMHE


CLIMATE REPORT
NATIONAL WEATHER SERVICE SIOUX FALLS SD
124 AM CDT WED JUL 9 2014


...................................

...THE MITCHELL SD CLIMATE SUMMARY FOR JULY 8 2014...

CLIMATE NORMAL PERIOD 1981 TO 2010
CLIMATE RECORD PERIOD 1893 TO 2014


WEATHER ITEM   OBSERVED TIME   RECORD YEAR NORMAL DEPARTURE LAST
                VALUE   (LST)  VALUE       VALUE  FROM      YEAR
                                                  NORMAL
..................................................................
TEMPERATURE (F)
 YESTERDAY
  MAXIMUM         82    229 PM 108    1930  87     -5       91
  MINIMUM         57    502 AM  46    1952  63     -6       64
  AVERAGE         70                        75     -5       78

PRECIPITATION (IN)
  YESTERDAY        0.00          1.82 1912   0.11  -0.11     0.00
  MONTH TO DATE    0.06                      0.97  -0.91     0.12
  SINCE JUN 1      4.25                      5.10  -0.85     2.26
  SINCE JAN 1      8.98                     11.83  -2.85    12.21

SNOWFALL (IN)
  YESTERDAY        0.0           0.0    MM  MM     MM        0.0
  MONTH TO DATE    0.0                      MM     MM        0.0
  SINCE JUN 1      0.0                      MM     MM        0.0
  SINCE JUL 1      0.0                      MM     MM        0.0
  SNOW DEPTH       0

DEGREE DAYS
 HEATING
  YESTERDAY        0                         0      0        0
  MONTH TO DATE    3                         0      3        0
  SINCE JUN 1     29                        35     -6       50
  SINCE JUL 1      3                         0      3        0

 COOLING
  YESTERDAY        5                        10     -5       13
  MONTH TO DATE   57                        78    -21       91
  SINCE JUN 1    215                       248    -33      258
  SINCE JAN 1    293                       288      5      315
..................................................................


WIND (MPH)
  HIGHEST WIND SPEED    24   HIGHEST WIND DIRECTION     N (350)
  HIGHEST GUST SPEED    30   HIGHEST GUST DIRECTION    NW (330)
  AVERAGE WIND SPEED    12.7


SKY COVER
  POSSIBLE SUNSHINE  MM
  AVERAGE SKY COVER 0.1


WEATHER CONDITIONS
 THE FOLLOWING WEATHER WAS RECORDED YESTERDAY.
  NO SIGNIFICANT WEATHER WAS OBSERVED.


RELATIVE HUMIDITY (PERCENT)
 HIGHEST    86           500 AM
 LOWEST     39           400 PM
 AVERAGE    63

..........................................................


THE MITCHELL SD CLIMATE NORMALS FOR TODAY
                         NORMAL    RECORD    YEAR
 MAXIMUM TEMPERATURE (F)   87       109      1936
 MINIMUM TEMPERATURE (F)   63        48      1929


SUNRISE AND SUNSET
JULY  9 2014..........SUNRISE   559 AM CDT   SUNSET   915 PM CDT
JULY 10 2014..........SUNRISE   600 AM CDT   SUNSET   915 PM CDT


-  INDICATES NEGATIVE NUMBERS.
R  INDICATES RECORD WAS SET OR TIED.
MM INDICATES DATA IS MISSING.
T  INDICATES TRACE AMOUNT.




$$
