084
CDUS43 KFSD 192244
CLIMHE


CLIMATE REPORT
NATIONAL WEATHER SERVICE SIOUX FALLS SD
443 PM CST THU JAN 19 2017


...................................

...THE MITCHELL SD CLIMATE SUMMARY FOR JANUARY 19 2017...
VALID TODAY AS OF 0400 PM LOCAL TIME.

CLIMATE NORMAL PERIOD 1981 TO 2010
CLIMATE RECORD PERIOD 1893 TO 2017


WEATHER ITEM   OBSERVED TIME   RECORD YEAR NORMAL DEPARTURE LAST
                VALUE   (LST)  VALUE       VALUE  FROM      YEAR
                                                  NORMAL
..................................................................
TEMPERATURE (F)
 TODAY
  MAXIMUM         40    350 PM  60    1900  28     12       23
  MINIMUM         32    706 AM -38    1970   9     23        8
  AVERAGE         36                        19     17       16

PRECIPITATION (IN)
  TODAY            0.00          1.26 1988   0.01  -0.01     0.08
  MONTH TO DATE    0.13                      0.13   0.00     0.28
  SINCE DEC 1      1.24                      0.58   0.66     1.31
  SINCE JAN 1      0.13                      0.13   0.00     0.28

SNOWFALL (IN)
  TODAY            0.0          10.0  1988  MM     MM        1.0
  MONTH TO DATE    2.0                      MM     MM        3.2
  SINCE DEC 1     10.1                      MM     MM       18.0
  SINCE JUL 1     15.6                      MM     MM       31.2
  SNOW DEPTH       T

DEGREE DAYS
 HEATING
  TODAY           29                        46    -17       49
  MONTH TO DATE  954                       885     69      981
  SINCE DEC 1   2342                      2252     90     2168
  SINCE JUL 1   3436                      3820   -384     3351

 COOLING
  TODAY            0                         0      0        0
  MONTH TO DATE    0                         0      0        0
  SINCE DEC 1      0                         0      0        0
  SINCE JAN 1      0                         0      0        0
..................................................................


WIND (MPH)
  HIGHEST WIND SPEED    23   HIGHEST WIND DIRECTION     S (170)
  HIGHEST GUST SPEED    28   HIGHEST GUST DIRECTION     S (160)
  AVERAGE WIND SPEED    12.4


SKY COVER
  POSSIBLE SUNSHINE  MM
  AVERAGE SKY COVER 0.5


WEATHER CONDITIONS
 THE FOLLOWING WEATHER WAS RECORDED TODAY.
  FOG
  FOG W/VISIBILITY <= 1/4 MILE


RELATIVE HUMIDITY (PERCENT)
 HIGHEST   100           500 AM
 LOWEST     92           100 AM
 AVERAGE    96

..........................................................


THE MITCHELL SD CLIMATE NORMALS FOR TOMORROW
                         NORMAL    RECORD    YEAR
 MAXIMUM TEMPERATURE (F)   28        65      1944
 MINIMUM TEMPERATURE (F)    9       -25      1985


SUNRISE AND SUNSET
JANUARY 19 2017.......SUNRISE   800 AM CST   SUNSET   526 PM CST
JANUARY 20 2017.......SUNRISE   800 AM CST   SUNSET   527 PM CST


-  INDICATES NEGATIVE NUMBERS.
R  INDICATES RECORD WAS SET OR TIED.
MM INDICATES DATA IS MISSING.
T  INDICATES TRACE AMOUNT.




$$
